{"id":56404,"date":"2022-08-25T11:16:43","date_gmt":"2022-08-25T09:16:43","guid":{"rendered":"https:\/\/galicianparts.com\/shop\/producto\/60593846-sensor-presion-aceite-alfa-romeo-155-164-gtv-spider-166-nuevo-original\/"},"modified":"2022-08-25T11:20:30","modified_gmt":"2022-08-25T09:20:30","slug":"60593846-sensor-presion-aceite-alfa-romeo-155-164-gtv-spider-166-nuevo-original","status":"publish","type":"product","link":"https:\/\/galicianparts.com\/shop\/producto\/60593846-sensor-presion-aceite-alfa-romeo-155-164-gtv-spider-166-nuevo-original\/","title":{"rendered":"60593846 Sensor presi\u00f3n aceite Alfa Romeo 155 \/164 \/GTV \/Spider \/166 NUEVO ORIGINAL"},"content":{"rendered":"<p>Electrov\u00e1lvula de presi\u00f3n del aceite de:<br \/>\nM\u00e9trica: 10X1<br \/>\nALFA ROMEO &#8211; U5 155 ASPIRATO (1992-1996) 1.7 T.S. \/ 1.8 T.S. \/ 2.0 T.S. 8 VAL.<br \/>\nALFA ROMEO &#8211; W1 164 FL\/92 (1992-1997) 2000 T.S.<br \/>\nALFA ROMEO &#8211; W2 164 SUPER (1992-1997) 2000 T.SPARK<br \/>\nALFA ROMEO &#8211; W2 164 SUPER (1992-1997) 2000 TB V6<br \/>\nALFA ROMEO &#8211; W9 166 (1998-2007) 2000 TB V6 12V<br \/>\nALFA ROMEO &#8211; U8 GTV  (1995-1998) 2000 TB V6<br \/>\nALFA ROMEO &#8211; W0 GTV &#8217;98 (1998-2005) 2000 TB V6<br \/>\nALFA ROMEO &#8211; U9 SPIDER &#8217;98 (1998-2006) 2000 TB V6<\/p>\n<p>LA PIEZA ES NUEVA Y ORIGINAL.<\/p>\n","protected":false},"excerpt":{"rendered":"<p>Electrov\u00e1lvula de presi\u00f3n del aceite de: M\u00e9trica: 10X1 ALFA ROMEO &#8211; U5 155 ASPIRATO (1992-1996) 1.7 T.S. \/ 1.8 T.S. \/ 2.0 T.S. 8 VAL. ALFA ROMEO &#8211; W1 164 FL\/92 (1992-1997) 2000 T.S. ALFA ROMEO &#8211; W2 164 SUPER (1992-1997) 2000 T.SPARK ALFA ROMEO &#8211; W2 164 SUPER (1992-1997) 2000 TB V6 ALFA ROMEO [&hellip;]<\/p>\n","protected":false},"featured_media":56406,"template":"","meta":{"_seopress_robots_primary_cat":"","_seopress_titles_title":"","_seopress_titles_desc":"","_seopress_robots_index":""},"product_cat":[48,54,57,16,55,56],"product_tag":[],"class_list":{"0":"post-56404","1":"product","2":"type-product","3":"status-publish","4":"has-post-thumbnail","6":"product_cat-recambios-alfa-romeo-155","7":"product_cat-recambios-alfa-romeo-164","8":"product_cat-recambios-alfa-romeo-166","9":"product_cat-recambios-alfa-romeo","10":"product_cat-recambios-alfa-romeo-gtv","11":"product_cat-recambios-alfa-romeo-spider","13":"first","14":"instock","15":"taxable","16":"shipping-taxable","17":"purchasable","18":"product-type-simple"},"_links":{"self":[{"href":"https:\/\/galicianparts.com\/shop\/wp-json\/wp\/v2\/product\/56404"}],"collection":[{"href":"https:\/\/galicianparts.com\/shop\/wp-json\/wp\/v2\/product"}],"about":[{"href":"https:\/\/galicianparts.com\/shop\/wp-json\/wp\/v2\/types\/product"}],"wp:featuredmedia":[{"embeddable":true,"href":"https:\/\/galicianparts.com\/shop\/wp-json\/wp\/v2\/media\/56406"}],"wp:attachment":[{"href":"https:\/\/galicianparts.com\/shop\/wp-json\/wp\/v2\/media?parent=56404"}],"wp:term":[{"taxonomy":"product_cat","embeddable":true,"href":"https:\/\/galicianparts.com\/shop\/wp-json\/wp\/v2\/product_cat?post=56404"},{"taxonomy":"product_tag","embeddable":true,"href":"https:\/\/galicianparts.com\/shop\/wp-json\/wp\/v2\/product_tag?post=56404"}],"curies":[{"name":"wp","href":"https:\/\/api.w.org\/{rel}","templated":true}]}}