{"id":56593,"date":"2022-08-26T12:24:44","date_gmt":"2022-08-26T10:24:44","guid":{"rendered":"https:\/\/galicianparts.com\/shop\/producto\/46768502-filtro-habitaculo-fiat-bravo-brava-marea-alfa-156-lancia-lybra-filtron\/"},"modified":"2025-06-29T18:55:14","modified_gmt":"2025-06-29T16:55:14","slug":"46768502-filtro-habitaculo-fiat-bravo-brava-marea-alfa-156-lancia-lybra-filtron","status":"publish","type":"product","link":"https:\/\/galicianparts.com\/shop\/producto\/46768502-filtro-habitaculo-fiat-bravo-brava-marea-alfa-156-lancia-lybra-filtron\/","title":{"rendered":"46768502 Filtro habit\u00e1culo Fiat Bravo \/Brava \/Marea \/Alfa 156 \/Lancia Lybra FILTRON"},"content":{"rendered":"<p>Filtro de polen de:<br \/>\nALFA ROMEO 156 (932)<br \/>\n1.6 16V T.SPARK, A\u00f1o 09.1997 &#8211; 09.2005, 1598 , 120<br \/>\n1.8 16V T.SPARK, A\u00f1o 09.1997 &#8211; 10.2000, 1747 , 144<br \/>\n1.8 16V T.SPARK, A\u00f1o 10.2000 &#8211; 09.2005, 1747 , 140<br \/>\n1.9 JTD, A\u00f1o 10.2000 &#8211; 05.2001, 1910 , 110<br \/>\n1.9 JTD, A\u00f1o 05.2001 &#8211; 09.2005, 1910 , 115<br \/>\n1.9 JTD, A\u00f1o 09.1997 &#8211; 10.2000, 1910 , 105<br \/>\n2.0 16V T.SPARK, A\u00f1o 09.1997 &#8211; 06.2002, 1970 , 155<br \/>\n2.0 16V T.SPARK, A\u00f1o 10.2000 &#8211; 03.2002, 1970 , 150<br \/>\n2.0 JTS, A\u00f1o 01.2002 &#8211; 09.2005, 1970 , 160<br \/>\n2.4 JTD, A\u00f1o 10.2000 &#8211; 09.2005, 2387 , 140<br \/>\n2.4 JTD, A\u00f1o 03.2002 &#8211; 09.2005, 2387 , 150<br \/>\n2.4 JTD, A\u00f1o 09.1997 &#8211; 09.2003, 2387 , 136<br \/>\n2.5 V6 24V, A\u00f1o 09.1997 &#8211; 12.2001, 2492 , 190<br \/>\n2.5 V6 24V, A\u00f1o 10.2000 &#8211; 09.2005, 2492 , 192<\/p>\n<p>FIAT Brava Hatchback (182)<br \/>\n1.2 16V 80, A\u00f1o 10.2000 &#8211; 10.2001, 1242 , 80<br \/>\n1.2 16V 80, A\u00f1o 12.1998 &#8211; 12.2002, 1242 , 82<br \/>\n1.4, A\u00f1o 10.1995 &#8211; 10.2001, 1370 , 75<br \/>\n1.4 12 V, A\u00f1o 10.1995 &#8211; 08.1998, 1370 , 80<br \/>\n1.6 16V, A\u00f1o 02.1996 &#8211; 10.2001, 1581 , 103<br \/>\n1.6 16V, A\u00f1o 10.1995 &#8211; 10.2001, 1581 , 90<br \/>\n1.6 16V, A\u00f1o 01.1999 &#8211; 12.2002, 1596 , 103<br \/>\n1.8 GT 16V, A\u00f1o 10.1995 &#8211; 10.2001, 1747 , 113<br \/>\n1.9 D, A\u00f1o 10.1995 &#8211; 10.2001, 1929 , 65<br \/>\n1.9 JTD, A\u00f1o 09.2000 &#8211; 10.2001, 1910 , 100<br \/>\n1.9 JTD 105, A\u00f1o 12.1998 &#8211; 10.2001, 1910 , 105<br \/>\n1.9 TD 100 S, A\u00f1o 03.1996 &#8211; 10.2001, 1910 , 100<br \/>\n1.9 TD 75 S, A\u00f1o 03.1996 &#8211; 10.2001, 1910 , 75<br \/>\nFIAT Bravo I Hatchback (182)<br \/>\n1.2 16V 80, A\u00f1o 10.2000 &#8211; 10.2001, 1242 , 80<br \/>\n1.2 16V 80, A\u00f1o 12.1998 &#8211; 10.2000, 1242 , 82<br \/>\n1.4, A\u00f1o 10.1995 &#8211; 10.2001, 1370 , 80<br \/>\n1.4, A\u00f1o 10.1995 &#8211; 10.2001, 1370 , 75<br \/>\n1.6, A\u00f1o 09.2000 &#8211; 10.2001, 1596 , 103<br \/>\n1.6 16V, A\u00f1o 03.1996 &#8211; 10.2001, 1581 , 103<br \/>\n1.6 16V, A\u00f1o 10.1995 &#8211; 10.2001, 1581 , 90<br \/>\n1.8 GT, A\u00f1o 10.1995 &#8211; 10.2001, 1747 , 113<br \/>\n1.9 D, A\u00f1o 10.1995 &#8211; 10.2001, 1929 , 65<br \/>\n1.9 JTD, A\u00f1o 09.2000 &#8211; 10.2001, 1910 , 100<br \/>\n1.9 JTD 105, A\u00f1o 12.1998 &#8211; 10.2001, 1910 , 105<br \/>\n1.9 TD 100 S, A\u00f1o 03.1996 &#8211; 10.2001, 1910 , 100<br \/>\n1.9 TD 75 S, A\u00f1o 03.1996 &#8211; 10.2001, 1910 , 75<br \/>\n2.0 HGT 20V, A\u00f1o 10.1995 &#8211; 07.1998, 1998 , 147<br \/>\n2.0 HGT 20V, A\u00f1o 07.1998 &#8211; 10.2001, 1998 , 154<br \/>\nFIAT Marea (185)<br \/>\n1.2 16V, A\u00f1o 10.1998 &#8211; 05.2002, 1242 , 82<br \/>\n1.4 80 12V, A\u00f1o 09.1996 &#8211; 05.2002, 1370 , 80<br \/>\n1.6, A\u00f1o 09.2000 &#8211; 08.2002, 1596 , 103<br \/>\n1.6 100 16V, A\u00f1o 09.1996 &#8211; 05.2002, 1581 , 103<br \/>\n1.8 115 16V, A\u00f1o 09.1996 &#8211; 05.2002, 1747 , 113<br \/>\n1.9 JTD 105, A\u00f1o 04.1999 &#8211; 05.2002, 1910 , 105<br \/>\n1.9 JTD 110, A\u00f1o 01.2001 &#8211; 05.2002, 1910 , 110<br \/>\n1.9 TD 100, A\u00f1o 09.1996 &#8211; 05.2002, 1910 , 100<br \/>\n1.9 TD 75, A\u00f1o 09.1996 &#8211; 05.2002, 1910 , 75<br \/>\n2.0 150 20V, A\u00f1o 09.1996 &#8211; 04.1999, 1998 , 147<br \/>\n2.0 150 20V, A\u00f1o 01.2001 &#8211; 05.2002, 1998 , 150<br \/>\n2.0 155 20V, A\u00f1o 04.1999 &#8211; 02.2003, 1998 , 154<br \/>\n2.4 JTD 130, A\u00f1o 04.1999 &#8211; 05.2002, 2387 , 130<br \/>\n2.4 TD 125, A\u00f1o 09.1996 &#8211; 04.1999, 2387 , 125<\/p>\n<p>LANCIA Lybra Berlina (839)<br \/>\n1.6, A\u00f1o 10.2000 &#8211; 10.2005, 1596 , 103<br \/>\n1.6 16V, A\u00f1o 07.1999 &#8211; 10.2005, 1581 , 103<br \/>\n1.8 16V, A\u00f1o 07.1999 &#8211; 10.2005, 1747 , 131<br \/>\n1.9 JTD, A\u00f1o 05.2001 &#8211; 10.2005, 1910 , 116<br \/>\n1.9 JTD, A\u00f1o 07.1999 &#8211; 09.2000, 1910 , 105<br \/>\n1.9 JTD, A\u00f1o 09.2000 &#8211; 05.2001, 1910 , 110<br \/>\n2.0 20V, A\u00f1o 07.1999 &#8211; 09.2000, 1998 , 154<br \/>\n2.0 20V, A\u00f1o 09.2000 &#8211; 10.2005, 1998 , 150<br \/>\n2.4 JTD, A\u00f1o 05.2002 &#8211; 10.2005, 2387 , 150<br \/>\n2.4 JTD, A\u00f1o 07.1999 &#8211; 02.2001, 2387 , 135<br \/>\n2.4 JTD, A\u00f1o 09.2000 &#8211; 05.2002, 2387 , 140<\/p>\n<p>LA PIEZA ES NUEVA Y ORIGINAL.<\/p>\n","protected":false},"excerpt":{"rendered":"<p>Filtro de polen de: ALFA ROMEO 156 (932) 1.6 16V T.SPARK, A\u00f1o 09.1997 &#8211; 09.2005, 1598 , 120 1.8 16V T.SPARK, A\u00f1o 09.1997 &#8211; 10.2000, 1747 , 144 1.8 16V T.SPARK, A\u00f1o 10.2000 &#8211; 09.2005, 1747 , 140 1.9 JTD, A\u00f1o 10.2000 &#8211; 05.2001, 1910 , 110 1.9 JTD, A\u00f1o 05.2001 &#8211; 09.2005, 1910 , [&hellip;]<\/p>\n","protected":false},"featured_media":56596,"template":"","meta":{"_seopress_robots_primary_cat":"","_seopress_titles_title":"","_seopress_titles_desc":"","_seopress_robots_index":""},"product_cat":[49,16,81,82,20,21,120,95],"product_tag":[],"class_list":{"0":"post-56593","1":"product","2":"type-product","3":"status-publish","4":"has-post-thumbnail","6":"product_cat-recambios-alfa-romeo-156","7":"product_cat-recambios-alfa-romeo","8":"product_cat-recambios-fiat-brava","9":"product_cat-recambios-fiat-bravo","10":"product_cat-recambios-fiat","11":"product_cat-recambios-lancia","12":"product_cat-recambios-lancia-lybra","13":"product_cat-recambios-fiat-marea","15":"first","16":"outofstock","17":"taxable","18":"shipping-taxable","19":"purchasable","20":"product-type-simple"},"_links":{"self":[{"href":"https:\/\/galicianparts.com\/shop\/wp-json\/wp\/v2\/product\/56593"}],"collection":[{"href":"https:\/\/galicianparts.com\/shop\/wp-json\/wp\/v2\/product"}],"about":[{"href":"https:\/\/galicianparts.com\/shop\/wp-json\/wp\/v2\/types\/product"}],"wp:featuredmedia":[{"embeddable":true,"href":"https:\/\/galicianparts.com\/shop\/wp-json\/wp\/v2\/media\/56596"}],"wp:attachment":[{"href":"https:\/\/galicianparts.com\/shop\/wp-json\/wp\/v2\/media?parent=56593"}],"wp:term":[{"taxonomy":"product_cat","embeddable":true,"href":"https:\/\/galicianparts.com\/shop\/wp-json\/wp\/v2\/product_cat?post=56593"},{"taxonomy":"product_tag","embeddable":true,"href":"https:\/\/galicianparts.com\/shop\/wp-json\/wp\/v2\/product_tag?post=56593"}],"curies":[{"name":"wp","href":"https:\/\/api.w.org\/{rel}","templated":true}]}}