{"id":57144,"date":"2022-09-07T13:01:32","date_gmt":"2022-09-07T11:01:32","guid":{"rendered":"https:\/\/galicianparts.com\/shop\/producto\/5891302-junta-culata-m2-5-d-td-fiat-croma-lancia-thema-original\/"},"modified":"2022-09-07T13:04:31","modified_gmt":"2022-09-07T11:04:31","slug":"5891302-junta-culata-m2-5-d-td-fiat-croma-lancia-thema-original","status":"publish","type":"product","link":"https:\/\/galicianparts.com\/shop\/producto\/5891302-junta-culata-m2-5-d-td-fiat-croma-lancia-thema-original\/","title":{"rendered":"5891302 Junta culata M2.5 D\/TD Fiat Croma \/ Lancia Thema ORIGINAL"},"content":{"rendered":"<p>Junta de la culata de motor de:<br \/>\nEspesor: 1.95 mm<br \/>\nFIAT Croma I Hatchback (154)<br \/>\n2.5 D, A\u00f1o 12.1985 &#8211; 12.1989, 2499 , 75<br \/>\n2.5 TD, A\u00f1o 12.1985 &#8211; 08.1989, 2445 , 101<\/p>\n<p>LANCIA Thema Berlina (834)<br \/>\n2.4 2500 Turbo D, A\u00f1o 11.1984 &#8211; 09.1988, 2445 , 101<\/p>\n<p>LA PIEZA ES NUEVA Y ORIGINAL.<\/p>\n","protected":false},"excerpt":{"rendered":"<p>Junta de la culata de motor de: Espesor: 1.95 mm FIAT Croma I Hatchback (154) 2.5 D, A\u00f1o 12.1985 &#8211; 12.1989, 2499 , 75 2.5 TD, A\u00f1o 12.1985 &#8211; 08.1989, 2445 , 101 LANCIA Thema Berlina (834) 2.4 2500 Turbo D, A\u00f1o 11.1984 &#8211; 09.1988, 2445 , 101 LA PIEZA ES NUEVA Y ORIGINAL.<\/p>\n","protected":false},"featured_media":57150,"template":"","meta":{"_seopress_robots_primary_cat":"","_seopress_titles_title":"","_seopress_titles_desc":"","_seopress_robots_index":""},"product_cat":[86,20,21,124],"product_tag":[],"class_list":{"0":"post-57144","1":"product","2":"type-product","3":"status-publish","4":"has-post-thumbnail","6":"product_cat-recambios-fiat-croma","7":"product_cat-recambios-fiat","8":"product_cat-recambios-lancia","9":"product_cat-recambios-lancia-thema","11":"first","12":"instock","13":"taxable","14":"shipping-taxable","15":"purchasable","16":"product-type-simple"},"_links":{"self":[{"href":"https:\/\/galicianparts.com\/shop\/wp-json\/wp\/v2\/product\/57144"}],"collection":[{"href":"https:\/\/galicianparts.com\/shop\/wp-json\/wp\/v2\/product"}],"about":[{"href":"https:\/\/galicianparts.com\/shop\/wp-json\/wp\/v2\/types\/product"}],"wp:featuredmedia":[{"embeddable":true,"href":"https:\/\/galicianparts.com\/shop\/wp-json\/wp\/v2\/media\/57150"}],"wp:attachment":[{"href":"https:\/\/galicianparts.com\/shop\/wp-json\/wp\/v2\/media?parent=57144"}],"wp:term":[{"taxonomy":"product_cat","embeddable":true,"href":"https:\/\/galicianparts.com\/shop\/wp-json\/wp\/v2\/product_cat?post=57144"},{"taxonomy":"product_tag","embeddable":true,"href":"https:\/\/galicianparts.com\/shop\/wp-json\/wp\/v2\/product_tag?post=57144"}],"curies":[{"name":"wp","href":"https:\/\/api.w.org\/{rel}","templated":true}]}}