{"id":57398,"date":"2022-09-08T14:11:56","date_gmt":"2022-09-08T12:11:56","guid":{"rendered":"https:\/\/galicianparts.com\/shop\/producto\/4060865-rotula-izq-direccion-fiat-1300-1500-nueva-original\/"},"modified":"2025-12-26T16:55:56","modified_gmt":"2025-12-26T14:55:56","slug":"4060865-rotula-izq-direccion-fiat-1300-1500-nueva-original","status":"publish","type":"product","link":"https:\/\/galicianparts.com\/shop\/producto\/4060865-rotula-izq-direccion-fiat-1300-1500-nueva-original\/","title":{"rendered":"4060865 R\u00f3tula izq. direcci\u00f3n Fiat 1300 \/1500 NUEVA ORIGINAL"},"content":{"rendered":"<p>R\u00f3tula izquierda de la cremallera de direcci\u00f3n de:<br \/>\nM\u00e9trica rosca Inversa: 16<br \/>\nM\u00e9trica rosca c\u00f3nico: 12<br \/>\nLargo: 225mm<\/p>\n<p>FIAT 1300<br \/>\nFIAT 1500<\/p>\n<p>LA PIEZA ES NUEVA Y ORIGINAL.<\/p>\n","protected":false},"excerpt":{"rendered":"<p>R\u00f3tula izquierda de la cremallera de direcci\u00f3n de: M\u00e9trica rosca Inversa: 16 M\u00e9trica rosca c\u00f3nico: 12 Largo: 225mm FIAT 1300 FIAT 1500 LA PIEZA ES NUEVA Y ORIGINAL.<\/p>\n","protected":false},"featured_media":57399,"template":"","meta":{"_seopress_robots_primary_cat":"","_seopress_titles_title":"","_seopress_titles_desc":"","_seopress_robots_index":""},"product_cat":[77,78,20],"product_tag":[],"class_list":{"0":"post-57398","1":"product","2":"type-product","3":"status-publish","4":"has-post-thumbnail","6":"product_cat-recambios-fiat-1300","7":"product_cat-recambios-fiat-1500","8":"product_cat-recambios-fiat","10":"first","11":"instock","12":"taxable","13":"shipping-taxable","14":"purchasable","15":"product-type-simple"},"_links":{"self":[{"href":"https:\/\/galicianparts.com\/shop\/wp-json\/wp\/v2\/product\/57398"}],"collection":[{"href":"https:\/\/galicianparts.com\/shop\/wp-json\/wp\/v2\/product"}],"about":[{"href":"https:\/\/galicianparts.com\/shop\/wp-json\/wp\/v2\/types\/product"}],"wp:featuredmedia":[{"embeddable":true,"href":"https:\/\/galicianparts.com\/shop\/wp-json\/wp\/v2\/media\/57399"}],"wp:attachment":[{"href":"https:\/\/galicianparts.com\/shop\/wp-json\/wp\/v2\/media?parent=57398"}],"wp:term":[{"taxonomy":"product_cat","embeddable":true,"href":"https:\/\/galicianparts.com\/shop\/wp-json\/wp\/v2\/product_cat?post=57398"},{"taxonomy":"product_tag","embeddable":true,"href":"https:\/\/galicianparts.com\/shop\/wp-json\/wp\/v2\/product_tag?post=57398"}],"curies":[{"name":"wp","href":"https:\/\/api.w.org\/{rel}","templated":true}]}}