{"id":60019,"date":"2022-10-06T13:22:24","date_gmt":"2022-10-06T11:22:24","guid":{"rendered":"https:\/\/galicianparts.com\/shop\/producto\/46407017-pinon-marcha-atras-cambio-fiat-punto-gt-bravo-lancia-delta-ii-dedra-nuevo-original\/"},"modified":"2023-12-13T11:34:08","modified_gmt":"2023-12-13T09:34:08","slug":"46407017-pinon-marcha-atras-cambio-fiat-punto-gt-bravo-lancia-delta-ii-dedra-nuevo-original","status":"publish","type":"product","link":"https:\/\/galicianparts.com\/shop\/producto\/46407017-pinon-marcha-atras-cambio-fiat-punto-gt-bravo-lancia-delta-ii-dedra-nuevo-original\/","title":{"rendered":"46407017 Pi\u00f1\u00f3n marcha atr\u00e1s cambio Fiat Punto GT \/Bravo \/Lancia Delta II \/Dedra NUEVO ORIGINAL"},"content":{"rendered":"<p>Engranaje de la marcha atr\u00e1s de:<br \/>\nDientes: 25<br \/>\nAltura: 33 mm<\/p>\n<p>FIAT &#8211; 1M BRAVA G.98 (1998-2001) 1910 JTD (105 CV)<br \/>\nFIAT &#8211; 1U BRAVO (1995-1998) 2000 20V<br \/>\nFIAT &#8211; 1L BRAVO G.98 (1998-2001) 2000 20V<br \/>\nFIAT &#8211; 1L BRAVO G.98 (1998-2001) 1910 JTD CF2 (105 CV)<br \/>\nFIAT &#8211; PC COUPE&#8217; (1994-1996) 2000 ASPIRATO \/ 2000 ASP.(BRASILE)<br \/>\nFIAT &#8211; PX COUPE&#8217; GAMMA&#8217;96 (1996-2000) 2000 20V \/ 2000 MY 99<br \/>\nFIAT &#8211; PT MAREA BENZINA (1996-1999) 2000 \/ 2000 BRASIL (182A1.011)<br \/>\nFIAT &#8211; 1F MULTIPLA (1998-2010) 1910 JTD CF2 \/ 1910 JTD CF3 110 CV\/81KW \/ 1910 JTD CF3 115 CV\/85KW \/ 1910\u00a0JTD\u00a0CF4\u00a08V\u00a0115CV\/85KW\u00a0MENOR POTENCIA BELGICA \/ 1.9\u00a0JTD\u00a0120\u00a0CV\/88KW\u00a0CF4<br \/>\nFIAT &#8211; 1A PUNTO BZ. GAMMA &#8217;97 (1997-1999) \u00abGT\u00bb<br \/>\nFIAT &#8211; NW PUNTO GT (1993-1997)<br \/>\nLANCIA &#8211; SM DEDRA FL.94 (1994-1999) 2000 16V \/ SEDAN LE 4X2 \/ SEDAN LX 4X2 \/ S.W. LS 4X2 \/ S.W. LX 4X2 \/ BN LS 4X2 \/ BN. &#8217;98 \/ S.W. &#8217;98<br \/>\nLANCIA &#8211; SG N.DELTA (&#8217;93-&#8217;99) 2000 16V ASP.<\/p>\n<p>LA PIEZA ES NUEVA Y ORIGINAL.<\/p>\n","protected":false},"excerpt":{"rendered":"<p>Engranaje de la marcha atr\u00e1s de: Dientes: 25 Altura: 33 mm FIAT &#8211; 1M BRAVA G.98 (1998-2001) 1910 JTD (105 CV) FIAT &#8211; 1U BRAVO (1995-1998) 2000 20V FIAT &#8211; 1L BRAVO G.98 (1998-2001) 2000 20V FIAT &#8211; 1L BRAVO G.98 (1998-2001) 1910 JTD CF2 (105 CV) FIAT &#8211; PC COUPE&#8217; (1994-1996) 2000 ASPIRATO \/ [&hellip;]<\/p>\n","protected":false},"featured_media":60020,"template":"","meta":{"_seopress_robots_primary_cat":"","_seopress_titles_title":"","_seopress_titles_desc":"","_seopress_robots_index":""},"product_cat":[81,82,85,117,118,20,21,95,96,101],"product_tag":[],"class_list":{"0":"post-60019","1":"product","2":"type-product","3":"status-publish","4":"has-post-thumbnail","6":"product_cat-recambios-fiat-brava","7":"product_cat-recambios-fiat-bravo","8":"product_cat-recambios-fiat-coupe","9":"product_cat-recambios-lancia-dedra","10":"product_cat-recambios-lancia-delta","11":"product_cat-recambios-fiat","12":"product_cat-recambios-lancia","13":"product_cat-recambios-fiat-marea","14":"product_cat-recambios-fiat-multipla","15":"product_cat-recambios-fiat-punto","17":"first","18":"outofstock","19":"taxable","20":"shipping-taxable","21":"purchasable","22":"product-type-simple"},"_links":{"self":[{"href":"https:\/\/galicianparts.com\/shop\/wp-json\/wp\/v2\/product\/60019"}],"collection":[{"href":"https:\/\/galicianparts.com\/shop\/wp-json\/wp\/v2\/product"}],"about":[{"href":"https:\/\/galicianparts.com\/shop\/wp-json\/wp\/v2\/types\/product"}],"wp:featuredmedia":[{"embeddable":true,"href":"https:\/\/galicianparts.com\/shop\/wp-json\/wp\/v2\/media\/60020"}],"wp:attachment":[{"href":"https:\/\/galicianparts.com\/shop\/wp-json\/wp\/v2\/media?parent=60019"}],"wp:term":[{"taxonomy":"product_cat","embeddable":true,"href":"https:\/\/galicianparts.com\/shop\/wp-json\/wp\/v2\/product_cat?post=60019"},{"taxonomy":"product_tag","embeddable":true,"href":"https:\/\/galicianparts.com\/shop\/wp-json\/wp\/v2\/product_tag?post=60019"}],"curies":[{"name":"wp","href":"https:\/\/api.w.org\/{rel}","templated":true}]}}