{"id":60933,"date":"2022-10-19T10:32:39","date_gmt":"2022-10-19T08:32:39","guid":{"rendered":"https:\/\/galicianparts.com\/shop\/producto\/4390475-embellecedor-mando-calefaccion-fiat-127-2a-serie-nuevo-original\/"},"modified":"2022-11-29T11:35:07","modified_gmt":"2022-11-29T09:35:07","slug":"4390475-embellecedor-mando-calefaccion-fiat-127-2a-serie-nuevo-original","status":"publish","type":"product","link":"https:\/\/galicianparts.com\/shop\/producto\/4390475-embellecedor-mando-calefaccion-fiat-127-2a-serie-nuevo-original\/","title":{"rendered":"4390475 Embellecedor mando calefacci\u00f3n Fiat 127 2\u00aa serie NUEVO ORIGINAL"},"content":{"rendered":"<p>Capuch\u00f3n color azul de los controles del m\u00f3dulo de la calefacci\u00f3n de:<br \/>\nFIAT 127 SEGUNDA SERIE<\/p>\n<p>LA PIEZA ES NUEVA Y ORIGINAL.<\/p>\n","protected":false},"excerpt":{"rendered":"<p>Capuch\u00f3n color azul de los controles del m\u00f3dulo de la calefacci\u00f3n de: FIAT 127 SEGUNDA SERIE LA PIEZA ES NUEVA Y ORIGINAL.<\/p>\n","protected":false},"featured_media":60935,"template":"","meta":{"_seopress_robots_primary_cat":"","_seopress_titles_title":"","_seopress_titles_desc":"","_seopress_robots_index":""},"product_cat":[68,20],"product_tag":[],"class_list":{"0":"post-60933","1":"product","2":"type-product","3":"status-publish","4":"has-post-thumbnail","6":"product_cat-recambios-fiat-127","7":"product_cat-recambios-fiat","9":"first","10":"outofstock","11":"taxable","12":"shipping-taxable","13":"purchasable","14":"product-type-simple"},"_links":{"self":[{"href":"https:\/\/galicianparts.com\/shop\/wp-json\/wp\/v2\/product\/60933"}],"collection":[{"href":"https:\/\/galicianparts.com\/shop\/wp-json\/wp\/v2\/product"}],"about":[{"href":"https:\/\/galicianparts.com\/shop\/wp-json\/wp\/v2\/types\/product"}],"wp:featuredmedia":[{"embeddable":true,"href":"https:\/\/galicianparts.com\/shop\/wp-json\/wp\/v2\/media\/60935"}],"wp:attachment":[{"href":"https:\/\/galicianparts.com\/shop\/wp-json\/wp\/v2\/media?parent=60933"}],"wp:term":[{"taxonomy":"product_cat","embeddable":true,"href":"https:\/\/galicianparts.com\/shop\/wp-json\/wp\/v2\/product_cat?post=60933"},{"taxonomy":"product_tag","embeddable":true,"href":"https:\/\/galicianparts.com\/shop\/wp-json\/wp\/v2\/product_tag?post=60933"}],"curies":[{"name":"wp","href":"https:\/\/api.w.org\/{rel}","templated":true}]}}