{"id":61297,"date":"2022-10-24T09:09:02","date_gmt":"2022-10-24T07:09:02","guid":{"rendered":"https:\/\/galicianparts.com\/shop\/producto\/ar318-1-filtro-aire-lancia-thesis-lybra-alfa-156-original\/"},"modified":"2025-06-29T18:55:15","modified_gmt":"2025-06-29T16:55:15","slug":"ar318-1-filtro-aire-lancia-thesis-lybra-alfa-156-original","status":"publish","type":"product","link":"https:\/\/galicianparts.com\/shop\/producto\/ar318-1-filtro-aire-lancia-thesis-lybra-alfa-156-original\/","title":{"rendered":"AR318\/1 Filtro aire Lancia Thesis \/Lybra \/Alfa 156 ORIGINAL"},"content":{"rendered":"<p>Filtro de aire FILTR\u00d3N de:<br \/>\nAltura: 257 mm.<br \/>\nDi\u00e1metro interior: 104,5 mm<\/p>\n<p>ALFA ROMEO 156 Berlina (932)<br \/>\n1.6 16V T.SPARK, A\u00f1o 09.1997 &#8211; 09.2005, 1598 , 120<br \/>\n1.8 16V T.SPARK, A\u00f1o 09.1997 &#8211; 10.2000, 1747 , 144<br \/>\n1.8 16V T.SPARK, A\u00f1o 10.2000 &#8211; 09.2005, 1747 , 140<br \/>\n1.9 JTD, A\u00f1o 11.2003 &#8211; 09.2005, 1910 , 126<br \/>\n1.9 JTD, A\u00f1o 11.2002 &#8211; 11.2004, 1910 , 136<br \/>\n1.9 JTD, A\u00f1o 10.2000 &#8211; 05.2001, 1910 , 110<br \/>\n1.9 JTD, A\u00f1o 05.2001 &#8211; 09.2005, 1910 , 115<br \/>\n1.9 JTD (932.AXN00, 932.BXE00), A\u00f1o 07.2004 &#8211; 09.2005, 1910 , 150<br \/>\n1.9 JTD, A\u00f1o 09.1997 &#8211; 10.2000, 1910 , 105<br \/>\n1.9 JTD 16V, A\u00f1o 11.2002 &#8211; 09.2005, 1910 , 140<br \/>\n2.0 16V T.SPARK, A\u00f1o 09.1997 &#8211; 06.2002, 1970 , 155<br \/>\n2.0 16V T.SPARK, A\u00f1o 10.2000 &#8211; 03.2002, 1970 , 150<br \/>\n2.0 JTS, A\u00f1o 01.2002 &#8211; 09.2005, 1970 , 160<br \/>\n2.0 JTS, A\u00f1o 03.2002 &#8211; 09.2005, 1970 , 166<br \/>\n2.4 JTD, A\u00f1o 10.2003 &#8211; 09.2005, 2387 , 175<br \/>\n2.4 JTD, A\u00f1o 10.2000 &#8211; 09.2005, 2387 , 140<br \/>\n2.4 JTD, A\u00f1o 03.2002 &#8211; 09.2005, 2387 , 150<br \/>\n2.4 JTD, A\u00f1o 09.1997 &#8211; 09.2003, 2387 , 136<br \/>\n2.5 V6 24V, A\u00f1o 09.1997 &#8211; 12.2001, 2492 , 190<br \/>\n2.5 V6 24V, A\u00f1o 10.2000 &#8211; 09.2005, 2492 , 192<br \/>\n3.2 GTA, A\u00f1o 03.2002 &#8211; 09.2005, 3179 , 250<\/p>\n<p>LANCIA Lybra (839)<br \/>\n1.6, A\u00f1o 10.2000 &#8211; 10.2005, 1596 , 103<br \/>\n1.6 16V, A\u00f1o 07.1999 &#8211; 10.2005, 1581 , 103<br \/>\n1.8 16V, A\u00f1o 07.1999 &#8211; 10.2005, 1747 , 131<br \/>\n1.9 JTD, A\u00f1o 05.2001 &#8211; 10.2005, 1910 , 116<br \/>\n1.9 JTD, A\u00f1o 07.1999 &#8211; 09.2000, 1910 , 105<br \/>\n1.9 JTD, A\u00f1o 09.2000 &#8211; 05.2001, 1910 , 110<br \/>\n2.0 20V, A\u00f1o 07.1999 &#8211; 09.2000, 1998 , 154<br \/>\n2.0 20V, A\u00f1o 09.2000 &#8211; 10.2005, 1998 , 150<br \/>\n2.4 JTD, A\u00f1o 05.2002 &#8211; 10.2005, 2387 , 150<br \/>\n2.4 JTD, A\u00f1o 07.1999 &#8211; 02.2001, 2387 , 135<br \/>\n2.4 JTD, A\u00f1o 09.2000 &#8211; 05.2002, 2387 , 140<br \/>\nLANCIA Thesis (841)<br \/>\n2.0 Turbo, A\u00f1o 07.2002 &#8211; 07.2009, 1998 , 185<br \/>\n2.4, A\u00f1o 07.2002 &#8211; 07.2009, 2446 , 170<br \/>\n2.4 JTD, A\u00f1o 07.2002 &#8211; 07.2009, 2387 , 150<br \/>\n3.0 V6, A\u00f1o 07.2002 &#8211; 07.2009, 2959 , 215<\/p>\n<p>LA PIEZA ES NUEVA Y ORIGINAL.<\/p>\n","protected":false},"excerpt":{"rendered":"<p>Filtro de aire FILTR\u00d3N de: Altura: 257 mm. Di\u00e1metro interior: 104,5 mm ALFA ROMEO 156 Berlina (932) 1.6 16V T.SPARK, A\u00f1o 09.1997 &#8211; 09.2005, 1598 , 120 1.8 16V T.SPARK, A\u00f1o 09.1997 &#8211; 10.2000, 1747 , 144 1.8 16V T.SPARK, A\u00f1o 10.2000 &#8211; 09.2005, 1747 , 140 1.9 JTD, A\u00f1o 11.2003 &#8211; 09.2005, 1910 , [&hellip;]<\/p>\n","protected":false},"featured_media":61303,"template":"","meta":{"_seopress_robots_primary_cat":"","_seopress_titles_title":"","_seopress_titles_desc":"","_seopress_robots_index":""},"product_cat":[49,16,21,120,125],"product_tag":[],"class_list":{"0":"post-61297","1":"product","2":"type-product","3":"status-publish","4":"has-post-thumbnail","6":"product_cat-recambios-alfa-romeo-156","7":"product_cat-recambios-alfa-romeo","8":"product_cat-recambios-lancia","9":"product_cat-recambios-lancia-lybra","10":"product_cat-recambios-lancia-thesis","12":"first","13":"outofstock","14":"taxable","15":"shipping-taxable","16":"purchasable","17":"product-type-simple"},"_links":{"self":[{"href":"https:\/\/galicianparts.com\/shop\/wp-json\/wp\/v2\/product\/61297"}],"collection":[{"href":"https:\/\/galicianparts.com\/shop\/wp-json\/wp\/v2\/product"}],"about":[{"href":"https:\/\/galicianparts.com\/shop\/wp-json\/wp\/v2\/types\/product"}],"wp:featuredmedia":[{"embeddable":true,"href":"https:\/\/galicianparts.com\/shop\/wp-json\/wp\/v2\/media\/61303"}],"wp:attachment":[{"href":"https:\/\/galicianparts.com\/shop\/wp-json\/wp\/v2\/media?parent=61297"}],"wp:term":[{"taxonomy":"product_cat","embeddable":true,"href":"https:\/\/galicianparts.com\/shop\/wp-json\/wp\/v2\/product_cat?post=61297"},{"taxonomy":"product_tag","embeddable":true,"href":"https:\/\/galicianparts.com\/shop\/wp-json\/wp\/v2\/product_tag?post=61297"}],"curies":[{"name":"wp","href":"https:\/\/api.w.org\/{rel}","templated":true}]}}