{"id":61417,"date":"2022-10-24T17:54:57","date_gmt":"2022-10-24T15:54:57","guid":{"rendered":"https:\/\/galicianparts.com\/shop\/producto\/5955008-tapa-guarnecido-marron-fiat-uno-1983-1989-nuevo-original\/"},"modified":"2022-10-24T17:59:07","modified_gmt":"2022-10-24T15:59:07","slug":"5955008-tapa-guarnecido-marron-fiat-uno-1983-1989-nuevo-original","status":"publish","type":"product","link":"https:\/\/galicianparts.com\/shop\/producto\/5955008-tapa-guarnecido-marron-fiat-uno-1983-1989-nuevo-original\/","title":{"rendered":"5955008 Tapa guarnecido marr\u00f3n Fiat Uno (1983-1989) NUEVO ORIGINAL"},"content":{"rendered":"<p>Tap\u00f3n embellecedor color marr\u00f3n de los tapizados de:<br \/>\nMedidas: 43x23mm<\/p>\n<p>FIAT UNO PRIMERA SERIE (1983-1989)<\/p>\n<p>LA PIEZA ES NUEVA Y ORIGINAL.<\/p>\n","protected":false},"excerpt":{"rendered":"<p>Tap\u00f3n embellecedor color marr\u00f3n de los tapizados de: Medidas: 43x23mm FIAT UNO PRIMERA SERIE (1983-1989) LA PIEZA ES NUEVA Y ORIGINAL.<\/p>\n","protected":false},"featured_media":61418,"template":"","meta":{"_seopress_robots_primary_cat":"","_seopress_titles_title":"","_seopress_titles_desc":"","_seopress_robots_index":""},"product_cat":[20,114],"product_tag":[],"class_list":{"0":"post-61417","1":"product","2":"type-product","3":"status-publish","4":"has-post-thumbnail","6":"product_cat-recambios-fiat","7":"product_cat-recambios-fiat-uno","9":"first","10":"instock","11":"taxable","12":"shipping-taxable","13":"purchasable","14":"product-type-simple"},"_links":{"self":[{"href":"https:\/\/galicianparts.com\/shop\/wp-json\/wp\/v2\/product\/61417"}],"collection":[{"href":"https:\/\/galicianparts.com\/shop\/wp-json\/wp\/v2\/product"}],"about":[{"href":"https:\/\/galicianparts.com\/shop\/wp-json\/wp\/v2\/types\/product"}],"wp:featuredmedia":[{"embeddable":true,"href":"https:\/\/galicianparts.com\/shop\/wp-json\/wp\/v2\/media\/61418"}],"wp:attachment":[{"href":"https:\/\/galicianparts.com\/shop\/wp-json\/wp\/v2\/media?parent=61417"}],"wp:term":[{"taxonomy":"product_cat","embeddable":true,"href":"https:\/\/galicianparts.com\/shop\/wp-json\/wp\/v2\/product_cat?post=61417"},{"taxonomy":"product_tag","embeddable":true,"href":"https:\/\/galicianparts.com\/shop\/wp-json\/wp\/v2\/product_tag?post=61417"}],"curies":[{"name":"wp","href":"https:\/\/api.w.org\/{rel}","templated":true}]}}