{"id":61517,"date":"2022-10-25T12:30:15","date_gmt":"2022-10-25T10:30:15","guid":{"rendered":"https:\/\/galicianparts.com\/shop\/producto\/4132032-interruptor-ventilador-calefaccion-fiat-850-127-128-124-nuevo-original\/"},"modified":"2023-11-26T01:32:36","modified_gmt":"2023-11-25T23:32:36","slug":"4132032-interruptor-ventilador-calefaccion-fiat-850-127-128-124-nuevo-original","status":"publish","type":"product","link":"https:\/\/galicianparts.com\/shop\/producto\/4132032-interruptor-ventilador-calefaccion-fiat-850-127-128-124-nuevo-original\/","title":{"rendered":"4132032 Interruptor ventilador calefacci\u00f3n Fiat 850 \/127 \/128 \/124 NUEVO ORIGINAL"},"content":{"rendered":"<p>Bot\u00f3n color gris, del ventilador del m\u00f3dulo de la calefacci\u00f3n de:<br \/>\nFIAT 850<br \/>\nFIAT 127<br \/>\nFIAT 124<br \/>\nFIAT 128<\/p>\n<p>LA PIEZA ES NUEVA Y ORIGINAL.<\/p>\n","protected":false},"excerpt":{"rendered":"<p>Bot\u00f3n color gris, del ventilador del m\u00f3dulo de la calefacci\u00f3n de: FIAT 850 FIAT 127 FIAT 124 FIAT 128 LA PIEZA ES NUEVA Y ORIGINAL.<\/p>\n","protected":false},"featured_media":61518,"template":"","meta":{"_seopress_robots_primary_cat":"","_seopress_titles_title":"","_seopress_titles_desc":"","_seopress_robots_index":""},"product_cat":[65,68,69,76,20],"product_tag":[],"class_list":{"0":"post-61517","1":"product","2":"type-product","3":"status-publish","4":"has-post-thumbnail","6":"product_cat-recambios-fiat-124","7":"product_cat-recambios-fiat-127","8":"product_cat-recambios-fiat-128","9":"product_cat-recambios-fiat-850","10":"product_cat-recambios-fiat","12":"first","13":"outofstock","14":"taxable","15":"shipping-taxable","16":"purchasable","17":"product-type-simple"},"_links":{"self":[{"href":"https:\/\/galicianparts.com\/shop\/wp-json\/wp\/v2\/product\/61517"}],"collection":[{"href":"https:\/\/galicianparts.com\/shop\/wp-json\/wp\/v2\/product"}],"about":[{"href":"https:\/\/galicianparts.com\/shop\/wp-json\/wp\/v2\/types\/product"}],"wp:featuredmedia":[{"embeddable":true,"href":"https:\/\/galicianparts.com\/shop\/wp-json\/wp\/v2\/media\/61518"}],"wp:attachment":[{"href":"https:\/\/galicianparts.com\/shop\/wp-json\/wp\/v2\/media?parent=61517"}],"wp:term":[{"taxonomy":"product_cat","embeddable":true,"href":"https:\/\/galicianparts.com\/shop\/wp-json\/wp\/v2\/product_cat?post=61517"},{"taxonomy":"product_tag","embeddable":true,"href":"https:\/\/galicianparts.com\/shop\/wp-json\/wp\/v2\/product_tag?post=61517"}],"curies":[{"name":"wp","href":"https:\/\/api.w.org\/{rel}","templated":true}]}}