{"id":61541,"date":"2022-10-25T18:18:46","date_gmt":"2022-10-25T16:18:46","guid":{"rendered":"https:\/\/galicianparts.com\/shop\/producto\/4193933-funda-cable-cerradura-capo-fiat-131-128-850-124-127-ritmo-nueva-original\/"},"modified":"2022-10-27T09:06:37","modified_gmt":"2022-10-27T07:06:37","slug":"4193933-funda-cable-cerradura-capo-fiat-131-128-850-124-127-ritmo-nueva-original","status":"publish","type":"product","link":"https:\/\/galicianparts.com\/shop\/producto\/4193933-funda-cable-cerradura-capo-fiat-131-128-850-124-127-ritmo-nueva-original\/","title":{"rendered":"4193933 Funda cable cerradura cap\u00f3 Fiat 131 \/128 \/850 \/124 \/127 \/Ritmo NUEVA ORIGINAL"},"content":{"rendered":"<p>Funda del cable que acciona el mecanismo de la cerradura del cap\u00f3 de:<br \/>\nFIAT Regata Berlina (138) (A\u00f1o 09.1983 &#8211; 08.1995)<br \/>\nFIAT Ritmo I Hatchback (138) (A\u00f1o 01.1978 &#8211; 12.1988)<br \/>\nFIAT 126 (126) (A\u00f1o 09.1972 &#8211; 09.2000)<br \/>\nFIAT 127 Hatchback (127) (A\u00f1o 06.1971 &#8211; 05.1996)<br \/>\nFIAT 128 Berlina (128) (A\u00f1o 03.1969 &#8211; 12.1984)<br \/>\nFIAT 131 Berlina (131) (A\u00f1o 10.1974 &#8211; 03.1987)<br \/>\nFIAT Panda I Hatchback (141) (A\u00f1o 03.1980 &#8211; 07.2004)<br \/>\nFIAT 500 Berlina (A\u00f1o 01.1957 &#8211; 01.1976)<br \/>\nFIAT 124 Berlina (124) (A\u00f1o 07.1966 &#8211; 07.1975)<br \/>\nFIAT 600 Berlina (A\u00f1o 03.1955 &#8211; 02.1971)<br \/>\nFIAT 850 Berlina (A\u00f1o 07.1964 &#8211; 10.1972)<br \/>\nFIAT 132 (132_) (A\u00f1o 04.1972 &#8211; 12.1982)<\/p>\n<p>LA PIEZA ES NUEVA Y ORIGINAL.<\/p>\n","protected":false},"excerpt":{"rendered":"<p>Funda del cable que acciona el mecanismo de la cerradura del cap\u00f3 de: FIAT Regata Berlina (138) (A\u00f1o 09.1983 &#8211; 08.1995) FIAT Ritmo I Hatchback (138) (A\u00f1o 01.1978 &#8211; 12.1988) FIAT 126 (126) (A\u00f1o 09.1972 &#8211; 09.2000) FIAT 127 Hatchback (127) (A\u00f1o 06.1971 &#8211; 05.1996) FIAT 128 Berlina (128) (A\u00f1o 03.1969 &#8211; 12.1984) FIAT 131 [&hellip;]<\/p>\n","protected":false},"featured_media":61542,"template":"","meta":{"_seopress_robots_primary_cat":"","_seopress_titles_title":"","_seopress_titles_desc":"","_seopress_robots_index":""},"product_cat":[65,67,68,69,70,71,74,75,76,20,99,102,103],"product_tag":[],"class_list":{"0":"post-61541","1":"product","2":"type-product","3":"status-publish","4":"has-post-thumbnail","6":"product_cat-recambios-fiat-124","7":"product_cat-recambios-fiat-126","8":"product_cat-recambios-fiat-127","9":"product_cat-recambios-fiat-128","10":"product_cat-recambios-fiat-131","11":"product_cat-recambios-fiat-132","12":"product_cat-recambios-fiat-500","13":"product_cat-recambios-fiat-600","14":"product_cat-recambios-fiat-850","15":"product_cat-recambios-fiat","16":"product_cat-recambios-fiat-panda","17":"product_cat-recambios-fiat-regata","18":"product_cat-recambios-fiat-ritmo","20":"first","21":"outofstock","22":"taxable","23":"shipping-taxable","24":"purchasable","25":"product-type-simple"},"_links":{"self":[{"href":"https:\/\/galicianparts.com\/shop\/wp-json\/wp\/v2\/product\/61541"}],"collection":[{"href":"https:\/\/galicianparts.com\/shop\/wp-json\/wp\/v2\/product"}],"about":[{"href":"https:\/\/galicianparts.com\/shop\/wp-json\/wp\/v2\/types\/product"}],"wp:featuredmedia":[{"embeddable":true,"href":"https:\/\/galicianparts.com\/shop\/wp-json\/wp\/v2\/media\/61542"}],"wp:attachment":[{"href":"https:\/\/galicianparts.com\/shop\/wp-json\/wp\/v2\/media?parent=61541"}],"wp:term":[{"taxonomy":"product_cat","embeddable":true,"href":"https:\/\/galicianparts.com\/shop\/wp-json\/wp\/v2\/product_cat?post=61541"},{"taxonomy":"product_tag","embeddable":true,"href":"https:\/\/galicianparts.com\/shop\/wp-json\/wp\/v2\/product_tag?post=61541"}],"curies":[{"name":"wp","href":"https:\/\/api.w.org\/{rel}","templated":true}]}}