{"id":61635,"date":"2022-10-26T11:03:48","date_gmt":"2022-10-26T09:03:48","guid":{"rendered":"https:\/\/galicianparts.com\/shop\/producto\/71718842-centralita-modulo-abs-alfa-romeo-147-2000-2010-nuevo-original\/"},"modified":"2024-08-09T13:50:27","modified_gmt":"2024-08-09T11:50:27","slug":"71718842-centralita-modulo-abs-alfa-romeo-147-2000-2010-nuevo-original","status":"publish","type":"product","link":"https:\/\/galicianparts.com\/shop\/producto\/71718842-centralita-modulo-abs-alfa-romeo-147-2000-2010-nuevo-original\/","title":{"rendered":"71718842 Centralita m\u00f3dulo ABS Alfa Romeo 147 (2000-2010) NUEVO ORIGINAL"},"content":{"rendered":"<p>ECU del m\u00f3dulo del ABS de los frenos de:<br \/>\nALFA ROMEO &#8211; W8 147 (2000-2010) CONTROL DIN\u00c1MICO DEL VEH\u00cdCULO \/ (1600 TS 16V 88KW \/ 2000 TS 16V \/ 1910\u00a0JTD\u00a0CF3\u00a08V\u00a0115CV\/85\u00a0KW)<br \/>\nALFA ROMEO &#8211; W8 147 (2000-2010) 3200 GTA \/ CONTROL DIN\u00c1MICO DEL VEH\u00cdCULO \/ (1910\u00a0JTD\u00a0CF3\u00a016V\u00a0120CV\/93\u00a0KW \/ 1910\u00a0JTD\u00a016V\u00a0CF3\u00a0140CV\/103\u00a0KW \/ 1.9\u00a0JTD\u00a016V\u00a0CF3\u00a0136CV\/100KW\u00a0MENOR POT.\u00a0BEL. \/ 1.9\u00a0JTD\u00a016V\u00a0CF3\u00a0150CV\/110KW) \/ CONDUCCION A\u00a0IZQUIERDA<br \/>\nALFA ROMEO &#8211; W8 147 (2000-2010) 3200 GTA \/ CONTROL DIN\u00c1MICO DEL VEH\u00cdCULO \/ (1910\u00a0JTD\u00a016V\u00a0CF3\u00a0140CV\/103\u00a0KW \/ 1.9\u00a0JTD\u00a016V\u00a0CF3\u00a0150CV\/110KW) \/ CONDUCCION\u00a0A DERECHA<\/p>\n<p>LA PIEZA ES NUEVA Y ORIGINAL.<\/p>\n","protected":false},"excerpt":{"rendered":"<p>ECU del m\u00f3dulo del ABS de los frenos de: ALFA ROMEO &#8211; W8 147 (2000-2010) CONTROL DIN\u00c1MICO DEL VEH\u00cdCULO \/ (1600 TS 16V 88KW \/ 2000 TS 16V \/ 1910\u00a0JTD\u00a0CF3\u00a08V\u00a0115CV\/85\u00a0KW) ALFA ROMEO &#8211; W8 147 (2000-2010) 3200 GTA \/ CONTROL DIN\u00c1MICO DEL VEH\u00cdCULO \/ (1910\u00a0JTD\u00a0CF3\u00a016V\u00a0120CV\/93\u00a0KW \/ 1910\u00a0JTD\u00a016V\u00a0CF3\u00a0140CV\/103\u00a0KW \/ 1.9\u00a0JTD\u00a016V\u00a0CF3\u00a0136CV\/100KW\u00a0MENOR POT.\u00a0BEL. \/ 1.9\u00a0JTD\u00a016V\u00a0CF3\u00a0150CV\/110KW) \/ CONDUCCION A\u00a0IZQUIERDA [&hellip;]<\/p>\n","protected":false},"featured_media":61636,"template":"","meta":{"_seopress_robots_primary_cat":"","_seopress_titles_title":"","_seopress_titles_desc":"","_seopress_robots_index":""},"product_cat":[44,16],"product_tag":[],"class_list":{"0":"post-61635","1":"product","2":"type-product","3":"status-publish","4":"has-post-thumbnail","6":"product_cat-recambios-alfa-romeo-147","7":"product_cat-recambios-alfa-romeo","9":"first","10":"outofstock","11":"taxable","12":"shipping-taxable","13":"purchasable","14":"product-type-simple"},"_links":{"self":[{"href":"https:\/\/galicianparts.com\/shop\/wp-json\/wp\/v2\/product\/61635"}],"collection":[{"href":"https:\/\/galicianparts.com\/shop\/wp-json\/wp\/v2\/product"}],"about":[{"href":"https:\/\/galicianparts.com\/shop\/wp-json\/wp\/v2\/types\/product"}],"wp:featuredmedia":[{"embeddable":true,"href":"https:\/\/galicianparts.com\/shop\/wp-json\/wp\/v2\/media\/61636"}],"wp:attachment":[{"href":"https:\/\/galicianparts.com\/shop\/wp-json\/wp\/v2\/media?parent=61635"}],"wp:term":[{"taxonomy":"product_cat","embeddable":true,"href":"https:\/\/galicianparts.com\/shop\/wp-json\/wp\/v2\/product_cat?post=61635"},{"taxonomy":"product_tag","embeddable":true,"href":"https:\/\/galicianparts.com\/shop\/wp-json\/wp\/v2\/product_tag?post=61635"}],"curies":[{"name":"wp","href":"https:\/\/api.w.org\/{rel}","templated":true}]}}