{"id":62420,"date":"2022-11-08T14:10:03","date_gmt":"2022-11-08T12:10:03","guid":{"rendered":"https:\/\/galicianparts.com\/shop\/producto\/9654114480-correa-auxiliar-fiat-scudo-ulysse-lancia-phedra-citroen-jumper-peugeot-boxer-original-dayco\/"},"modified":"2022-11-08T14:11:53","modified_gmt":"2022-11-08T12:11:53","slug":"9654114480-correa-auxiliar-fiat-scudo-ulysse-lancia-phedra-citroen-jumper-peugeot-boxer-original-dayco","status":"publish","type":"product","link":"https:\/\/galicianparts.com\/shop\/producto\/9654114480-correa-auxiliar-fiat-scudo-ulysse-lancia-phedra-citroen-jumper-peugeot-boxer-original-dayco\/","title":{"rendered":"9654114480 Correa auxiliar Fiat Scudo \/Ulysse \/Lancia Phedra \/Citroen Jumper \/Peugeot Boxer ORIGINAL DAYCO"},"content":{"rendered":"<p>Correa de instrumentos de:<br \/>\nLongitud: 1710 mm<br \/>\nAncho: 20 mm<br \/>\nN\u00ba Nervaturas: 6<\/p>\n<p>CITRO\u00cbN Jumper II (250)<br \/>\n2.0 BlueHDi 110, A\u00f1o 04.2016 &#8211; 09.2019, 1997 , 110<br \/>\n2.0 BlueHDi 130, A\u00f1o 04.2016 &#8211; 09.2019, 1997 , 130<br \/>\n2.0 BlueHDi 160, A\u00f1o 04.2016 &#8211; 09.2019, 1997 , 163<br \/>\n2.2 BlueHDi 120, A\u00f1o 08.2019 &#8211; &#8230;, 2179 , 120<br \/>\n2.2 BlueHDi 140, A\u00f1o 08.2019 &#8211; &#8230;, 2179 , 140<br \/>\n2.2 BlueHDi 165, A\u00f1o 08.2019 &#8211; &#8230;, 2179 , 165<\/p>\n<p>FIAT Scudo I Familiar (220)<br \/>\n2.0 16V, A\u00f1o 06.2000 &#8211; 12.2006, 1997 , 136<br \/>\nFIAT Ulysse II (179)<br \/>\n2.0, A\u00f1o 08.2002 &#8211; 06.2011, 1997 , 136<br \/>\nFIAT Scudo II (270, 272)<br \/>\n1.6 D Multijet, A\u00f1o 01.2007 &#8211; &#8230;, 1560 , 90<br \/>\n1.6 D Multijet, A\u00f1o 02.2011 &#8211; &#8230;, 1560 , 90<\/p>\n<p>LANCIA Phedra (179)<br \/>\n2.0, A\u00f1o 09.2002 &#8211; 11.2010, 1997 , 136<\/p>\n<p>PEUGEOT Boxer (250)<br \/>\n2.0 BlueHDi 110, A\u00f1o 07.2015 &#8211; 09.2019, 1997 , 110<br \/>\n2.0 BlueHDi 130, A\u00f1o 07.2015 &#8211; 09.2019, 1997 , 130<br \/>\n2.0 BlueHDi 160, A\u00f1o 07.2015 &#8211; 09.2019, 1997 , 163<br \/>\n2.2 BlueHDi 120, A\u00f1o 07.2019 &#8211; &#8230;, 2179 , 120<br \/>\n2.2 BlueHDi 140, A\u00f1o 07.2019 &#8211; &#8230;, 2179 , 140<br \/>\n2.2 BlueHDi 165, A\u00f1o 07.2019 &#8211; &#8230;, 2179 , 165<\/p>\n<p>LA PIEZA ES NUEVA ORIGINAL DAYCO.<\/p>\n","protected":false},"excerpt":{"rendered":"<p>Correa de instrumentos de: Longitud: 1710 mm Ancho: 20 mm N\u00ba Nervaturas: 6 CITRO\u00cbN Jumper II (250) 2.0 BlueHDi 110, A\u00f1o 04.2016 &#8211; 09.2019, 1997 , 110 2.0 BlueHDi 130, A\u00f1o 04.2016 &#8211; 09.2019, 1997 , 130 2.0 BlueHDi 160, A\u00f1o 04.2016 &#8211; 09.2019, 1997 , 163 2.2 BlueHDi 120, A\u00f1o 08.2019 &#8211; &#8230;, 2179 [&hellip;]<\/p>\n","protected":false},"featured_media":62423,"template":"","meta":{"_seopress_robots_primary_cat":"","_seopress_titles_title":"","_seopress_titles_desc":"","_seopress_robots_index":""},"product_cat":[155,23,20,137,21,24,122,104,113],"product_tag":[],"class_list":{"0":"post-62420","1":"product","2":"type-product","3":"status-publish","4":"has-post-thumbnail","6":"product_cat-recambios-peugeot-boxer","7":"product_cat-recambios-citroen","8":"product_cat-recambios-fiat","9":"product_cat-recambios-citroen-jumper","10":"product_cat-recambios-lancia","11":"product_cat-recambios-peugeot","12":"product_cat-recambios-lancia-phedra","13":"product_cat-recambios-fiat-scudo","14":"product_cat-recambios-fiat-ulysse","16":"first","17":"instock","18":"taxable","19":"shipping-taxable","20":"purchasable","21":"product-type-simple"},"_links":{"self":[{"href":"https:\/\/galicianparts.com\/shop\/wp-json\/wp\/v2\/product\/62420"}],"collection":[{"href":"https:\/\/galicianparts.com\/shop\/wp-json\/wp\/v2\/product"}],"about":[{"href":"https:\/\/galicianparts.com\/shop\/wp-json\/wp\/v2\/types\/product"}],"wp:featuredmedia":[{"embeddable":true,"href":"https:\/\/galicianparts.com\/shop\/wp-json\/wp\/v2\/media\/62423"}],"wp:attachment":[{"href":"https:\/\/galicianparts.com\/shop\/wp-json\/wp\/v2\/media?parent=62420"}],"wp:term":[{"taxonomy":"product_cat","embeddable":true,"href":"https:\/\/galicianparts.com\/shop\/wp-json\/wp\/v2\/product_cat?post=62420"},{"taxonomy":"product_tag","embeddable":true,"href":"https:\/\/galicianparts.com\/shop\/wp-json\/wp\/v2\/product_tag?post=62420"}],"curies":[{"name":"wp","href":"https:\/\/api.w.org\/{rel}","templated":true}]}}