{"id":6247,"date":"2020-10-08T10:48:05","date_gmt":"2020-10-08T08:48:05","guid":{"rendered":"https:\/\/galicianparts.com\/shop\/producto\/82425625-motor-calefaccion-fiat-lancia-alfa-romeo-nuevo-original\/"},"modified":"2023-12-15T13:05:38","modified_gmt":"2023-12-15T11:05:38","slug":"82425625-motor-calefaccion-fiat-lancia-alfa-romeo-nuevo-original","status":"publish","type":"product","link":"https:\/\/galicianparts.com\/shop\/producto\/82425625-motor-calefaccion-fiat-lancia-alfa-romeo-nuevo-original\/","title":{"rendered":"82425625 Motor trampilla calefacci\u00f3n Fiat \/Lancia \/Alfa Romeo NUEVO ORIGINAL"},"content":{"rendered":"<p>Motor el\u00e9ctrico 12V de la compuerta del m\u00f3dulo de la calefacci\u00f3n de:<br \/>\nFIAT<br \/>\nLANCIA<br \/>\nALFA ROMEO<\/p>\n<p>LA PIEZA ES NUEVA Y ORIGINAL.<\/p>\n","protected":false},"excerpt":{"rendered":"<p>Motor el\u00e9ctrico 12V de la compuerta del m\u00f3dulo de la calefacci\u00f3n de: FIAT LANCIA ALFA ROMEO LA PIEZA ES NUEVA Y ORIGINAL.<\/p>\n","protected":false},"featured_media":81282,"template":"","meta":{"_seopress_robots_primary_cat":"","_seopress_titles_title":"","_seopress_titles_desc":"","_seopress_robots_index":""},"product_cat":[16,20,21],"product_tag":[],"class_list":{"0":"post-6247","1":"product","2":"type-product","3":"status-publish","4":"has-post-thumbnail","6":"product_cat-recambios-alfa-romeo","7":"product_cat-recambios-fiat","8":"product_cat-recambios-lancia","10":"first","11":"instock","12":"taxable","13":"shipping-taxable","14":"purchasable","15":"product-type-simple"},"_links":{"self":[{"href":"https:\/\/galicianparts.com\/shop\/wp-json\/wp\/v2\/product\/6247"}],"collection":[{"href":"https:\/\/galicianparts.com\/shop\/wp-json\/wp\/v2\/product"}],"about":[{"href":"https:\/\/galicianparts.com\/shop\/wp-json\/wp\/v2\/types\/product"}],"wp:featuredmedia":[{"embeddable":true,"href":"https:\/\/galicianparts.com\/shop\/wp-json\/wp\/v2\/media\/81282"}],"wp:attachment":[{"href":"https:\/\/galicianparts.com\/shop\/wp-json\/wp\/v2\/media?parent=6247"}],"wp:term":[{"taxonomy":"product_cat","embeddable":true,"href":"https:\/\/galicianparts.com\/shop\/wp-json\/wp\/v2\/product_cat?post=6247"},{"taxonomy":"product_tag","embeddable":true,"href":"https:\/\/galicianparts.com\/shop\/wp-json\/wp\/v2\/product_tag?post=6247"}],"curies":[{"name":"wp","href":"https:\/\/api.w.org\/{rel}","templated":true}]}}