{"id":62985,"date":"2022-11-17T09:57:48","date_gmt":"2022-11-17T07:57:48","guid":{"rendered":"https:\/\/galicianparts.com\/shop\/producto\/5888462-kit-embrague-fiat-131-1980-1984-nuevo-original\/"},"modified":"2022-11-17T10:02:30","modified_gmt":"2022-11-17T08:02:30","slug":"5888462-kit-embrague-fiat-131-1980-1984-nuevo-original","status":"publish","type":"product","link":"https:\/\/galicianparts.com\/shop\/producto\/5888462-kit-embrague-fiat-131-1980-1984-nuevo-original\/","title":{"rendered":"5888462 Kit embrague Fiat 131 (1980-1984) NUEVO ORIGINAL"},"content":{"rendered":"<p>Kit de embrague de:<br \/>\nN\u00famero de dientes: 20<br \/>\nDi\u00e1metro: 180 mm<\/p>\n<p>FIAT &#8211; 131 (131)<br \/>\n1.3 Mirafiori, A\u00f1o 10.1974 &#8211; 09.1981, 1297 , 54<br \/>\n1.4 Mirafiori, A\u00f1o 11.1980 &#8211; 01.1984, 1367 , 70<\/p>\n<p>LA PIEZA ES NUEVA Y ORIGINAL.<\/p>\n","protected":false},"excerpt":{"rendered":"<p>Kit de embrague de: N\u00famero de dientes: 20 Di\u00e1metro: 180 mm FIAT &#8211; 131 (131) 1.3 Mirafiori, A\u00f1o 10.1974 &#8211; 09.1981, 1297 , 54 1.4 Mirafiori, A\u00f1o 11.1980 &#8211; 01.1984, 1367 , 70 LA PIEZA ES NUEVA Y ORIGINAL.<\/p>\n","protected":false},"featured_media":62986,"template":"","meta":{"_seopress_robots_primary_cat":"","_seopress_titles_title":"","_seopress_titles_desc":"","_seopress_robots_index":""},"product_cat":[70,20],"product_tag":[],"class_list":{"0":"post-62985","1":"product","2":"type-product","3":"status-publish","4":"has-post-thumbnail","6":"product_cat-recambios-fiat-131","7":"product_cat-recambios-fiat","9":"first","10":"instock","11":"taxable","12":"shipping-taxable","13":"purchasable","14":"product-type-simple"},"_links":{"self":[{"href":"https:\/\/galicianparts.com\/shop\/wp-json\/wp\/v2\/product\/62985"}],"collection":[{"href":"https:\/\/galicianparts.com\/shop\/wp-json\/wp\/v2\/product"}],"about":[{"href":"https:\/\/galicianparts.com\/shop\/wp-json\/wp\/v2\/types\/product"}],"wp:featuredmedia":[{"embeddable":true,"href":"https:\/\/galicianparts.com\/shop\/wp-json\/wp\/v2\/media\/62986"}],"wp:attachment":[{"href":"https:\/\/galicianparts.com\/shop\/wp-json\/wp\/v2\/media?parent=62985"}],"wp:term":[{"taxonomy":"product_cat","embeddable":true,"href":"https:\/\/galicianparts.com\/shop\/wp-json\/wp\/v2\/product_cat?post=62985"},{"taxonomy":"product_tag","embeddable":true,"href":"https:\/\/galicianparts.com\/shop\/wp-json\/wp\/v2\/product_tag?post=62985"}],"curies":[{"name":"wp","href":"https:\/\/api.w.org\/{rel}","templated":true}]}}