{"id":63533,"date":"2022-11-24T09:53:36","date_gmt":"2022-11-24T07:53:36","guid":{"rendered":"https:\/\/galicianparts.com\/shop\/producto\/71771169-capuchon-palier-lado-cambio-fiat-punto-evo-doblo-alfa-lancia-original\/"},"modified":"2024-06-28T19:20:25","modified_gmt":"2024-06-28T17:20:25","slug":"71771169-capuchon-palier-lado-cambio-fiat-punto-evo-doblo-alfa-lancia-original","status":"publish","type":"product","link":"https:\/\/galicianparts.com\/shop\/producto\/71771169-capuchon-palier-lado-cambio-fiat-punto-evo-doblo-alfa-lancia-original\/","title":{"rendered":"71771169 Capuch\u00f3n palier lado cambio Fiat Punto Evo \/Doblo \/Alfa \/Lancia ORIGINAL"},"content":{"rendered":"<p>Capuch\u00f3n de los ejes de transmisi\u00f3n del lado de la caja de cambios de:<br \/>\nDi\u00e1metro barra: 27 mm<br \/>\nDi\u00e1metro: 88 mm<br \/>\nLargo: 112 mm<\/p>\n<p>FIAT &#8211; 3M LINEA (2007-&#8230;.) 1598 JTD 16V 105CV \/ LIM.CEE FASE 5<br \/>\nFIAT &#8211; 3Y NUOVA BRAVO MY 2010 (2010-2014) 1368 \/ CAMBIO MEC. 35 KGM \/ 1598 \/ CAMBIO MEC. 35 KGM<br \/>\nFIAT &#8211; 3J PUNTO EVO (2009-2011) 1500-1599 \/ CAMBIO MEC. 35 KGM<br \/>\nALFA ROMEO &#8211; 5U 4C (2013-&#8230;.)<br \/>\nALFA ROMEO &#8211; X6 ALFA MITO (2008-2011) 1.4 FIRE 16V TURBO MULTIAIR 135CV EURO 5 \/ CAMBIO ESPEC\u00cdFICO \/ 1598 \/ CAMBIO MEC\u00c1NICO 20\/28 KGM (M20\/M28 3H) \/ 1370<br \/>\nALFA ROMEO &#8211; X6 ALFA MITO (2008-2011) TURBO \/ 1598 \/ CAMBIO MEC. 35 KGM \/ 1370 \/ 1.4\u00a0FIRE\u00a016V\u00a0MULTIAIR\u00a0105CV\u00a0(EURO\u00a05) \/ 1.4\u00a0FIRE\u00a016V\u00a0TURBO\u00a0MULTIAIR\u00a0170CV\u00a0EURO\u00a05<br \/>\nALFA ROMEO &#8211; X7 GIULIETTA (2010-2013) 1370 TRB GS<br \/>\nALFA ROMEO &#8211; X7 GIULIETTA (2010-2013) 1598\u00a0JTD<br \/>\nALFA ROMEO &#8211; X7 GIULIETTA (2010-2013) 1370 TRB GS \/ CAMBIO ESPEC\u00cdFICO<br \/>\nALFA ROMEO &#8211; QZ MITO MY2011 (2011-2013) 1370 \/ CAMBIO MEC. 35 KGM<br \/>\nALFA ROMEO &#8211; QZ MITO MY2011 (2011-2013) CAMBIO ESPEC\u00cdFICO<br \/>\nALFA ROMEO &#8211; 10 MITO MY2013 (2013-&#8230;.) 1370 \/ CAMBIO MEC. 35 KGM<br \/>\nALFA ROMEO &#8211; 10 MITO MY2013 (2013-&#8230;.) CAMBIO ESPEC\u00cdFICO<br \/>\nLANCIA &#8211; TN LANCIA DELTA MY 2011 (2011-2014) 1370 1.4 TRB GS FIRE \/ 1598 JTD \/ CAMBIO MEC. 35 KGM<br \/>\nLANCIA &#8211; TH NUOVA DELTA 844 (2008-2011) CAMBIO MEC. 35 KGM \/ 1400 GS TRB 150 CV CEEF4 \/ 1400 GS TRB 140CV CEEF5 \/ 1370 1.4 TRB GS FIRE \/ 1400 GS TRB CEEF4  \/1598 JTD -120 CV<br \/>\nLANCIA &#8211; TH NUOVA DELTA 844 (2008-2011) 1598\u00a0JTD \/ CAMBIO MEC. 35 KGM<br \/>\nFIAT PROFESSIONAL &#8211; 3V NUOVO DOBLO 2009 (2009-&#8230;.) 1598 DS<br \/>\nFIAT PROFESSIONAL &#8211; 3V NUOVO DOBLO 2009 (2009-&#8230;.) 1598 DS. \/ CARGA\u00a0AUMENTADA<br \/>\nFIAT PROFESSIONAL &#8211; 3V NUOVO DOBLO 2009 (2009-&#8230;.) 1598 DS. \/ SUSPENSION REFORZADA<br \/>\nFIAT PROFESSIONAL &#8211; 3V NUOVO DOBLO 2009 (2009-&#8230;.) 1.4\u00a016V\u00a0TURBO\u00a0120CV \/ GASOLINA<br \/>\nFIAT PROFESSIONAL &#8211; 3V NUOVO DOBLO 2009 (2009-&#8230;.) GASOLINA\u00a0\/\u00a0METANO\u00a0(120CV.)<br \/>\nABARTH &#8211; 81 NUOVA PUNTO ABARTH MY2012 (2012-2013) 1.4  16V EURO5  165CV TURBO \/<br \/>\nABARTH &#8211; 4B PUNTO EVO ABARTH (2010-2012)<\/p>\n<p>LA PIEZA ES NUEVA Y ORIGINAL.<\/p>\n","protected":false},"excerpt":{"rendered":"<p>Capuch\u00f3n de los ejes de transmisi\u00f3n del lado de la caja de cambios de: Di\u00e1metro barra: 27 mm Di\u00e1metro: 88 mm Largo: 112 mm FIAT &#8211; 3M LINEA (2007-&#8230;.) 1598 JTD 16V 105CV \/ LIM.CEE FASE 5 FIAT &#8211; 3Y NUOVA BRAVO MY 2010 (2010-2014) 1368 \/ CAMBIO MEC. 35 KGM \/ 1598 \/ CAMBIO [&hellip;]<\/p>\n","protected":false},"featured_media":63534,"template":"","meta":{"_seopress_robots_primary_cat":"","_seopress_titles_title":"","_seopress_titles_desc":"","_seopress_robots_index":""},"product_cat":[192,16,82,118,87,20,53,21,94,47,101],"product_tag":[],"class_list":{"0":"post-63533","1":"product","2":"type-product","3":"status-publish","4":"has-post-thumbnail","6":"product_cat-recambios-alfa-romeo-4c","7":"product_cat-recambios-alfa-romeo","8":"product_cat-recambios-fiat-bravo","9":"product_cat-recambios-lancia-delta","10":"product_cat-recambios-fiat-doblo","11":"product_cat-recambios-fiat","12":"product_cat-recambios-alfa-romeo-giulietta","13":"product_cat-recambios-lancia","14":"product_cat-recambios-fiat-linea","15":"product_cat-recambios-alfa-romeo-mito","16":"product_cat-recambios-fiat-punto","18":"first","19":"outofstock","20":"taxable","21":"shipping-taxable","22":"purchasable","23":"product-type-simple"},"_links":{"self":[{"href":"https:\/\/galicianparts.com\/shop\/wp-json\/wp\/v2\/product\/63533"}],"collection":[{"href":"https:\/\/galicianparts.com\/shop\/wp-json\/wp\/v2\/product"}],"about":[{"href":"https:\/\/galicianparts.com\/shop\/wp-json\/wp\/v2\/types\/product"}],"wp:featuredmedia":[{"embeddable":true,"href":"https:\/\/galicianparts.com\/shop\/wp-json\/wp\/v2\/media\/63534"}],"wp:attachment":[{"href":"https:\/\/galicianparts.com\/shop\/wp-json\/wp\/v2\/media?parent=63533"}],"wp:term":[{"taxonomy":"product_cat","embeddable":true,"href":"https:\/\/galicianparts.com\/shop\/wp-json\/wp\/v2\/product_cat?post=63533"},{"taxonomy":"product_tag","embeddable":true,"href":"https:\/\/galicianparts.com\/shop\/wp-json\/wp\/v2\/product_tag?post=63533"}],"curies":[{"name":"wp","href":"https:\/\/api.w.org\/{rel}","templated":true}]}}