{"id":63559,"date":"2022-11-24T13:00:21","date_gmt":"2022-11-24T11:00:21","guid":{"rendered":"https:\/\/galicianparts.com\/shop\/producto\/77366780-motor-y-ecu-direccion-asistida-fiat-panda-2003-2012-nuevo-original\/"},"modified":"2023-01-05T11:19:48","modified_gmt":"2023-01-05T09:19:48","slug":"77366780-motor-y-ecu-direccion-asistida-fiat-panda-2003-2012-nuevo-original","status":"publish","type":"product","link":"https:\/\/galicianparts.com\/shop\/producto\/77366780-motor-y-ecu-direccion-asistida-fiat-panda-2003-2012-nuevo-original\/","title":{"rendered":"77366780 Motor y ECU direcci\u00f3n asistida Fiat Panda (2003-2012) NUEVO ORIGINAL"},"content":{"rendered":"<p>Centralita y motor de la direcci\u00f3n asistida el\u00e9ctrica de:<br \/>\nFIAT &#8211; 2Q NUOVA PANDA (2003-2009) ACTUAL \/ ACTIVE \/ DYNAMIC \/ EMOTION \/ ALESSI<br \/>\nFIAT &#8211; 71 PANDA CLASSIC (2012-2012) NIV. 1 (ACTIVE) \/ METANO<br \/>\nFIAT &#8211; 3U PANDA MY 2009 (2009-2010) GASOLINA \/ METANO \/NIV. 0 ACTUAL \/ NIV. 1 ACTIVE \/ NIV. 2 DYNAMIC \/ NIV. 4 EMOTION<br \/>\nFIAT &#8211; 0X PANDA MY 2011 (2010-2011) NIV. 0 ACTUAL \/ NIV. 1 ACTIVE \/ NIV. 2 DYNAMIC<\/p>\n<p>LA PIEZA ES NUEVA Y ORIGINAL.<\/p>\n","protected":false},"excerpt":{"rendered":"<p>Centralita y motor de la direcci\u00f3n asistida el\u00e9ctrica de: FIAT &#8211; 2Q NUOVA PANDA (2003-2009) ACTUAL \/ ACTIVE \/ DYNAMIC \/ EMOTION \/ ALESSI FIAT &#8211; 71 PANDA CLASSIC (2012-2012) NIV. 1 (ACTIVE) \/ METANO FIAT &#8211; 3U PANDA MY 2009 (2009-2010) GASOLINA \/ METANO \/NIV. 0 ACTUAL \/ NIV. 1 ACTIVE \/ NIV. 2 [&hellip;]<\/p>\n","protected":false},"featured_media":63566,"template":"","meta":{"_seopress_robots_primary_cat":"","_seopress_titles_title":"","_seopress_titles_desc":"","_seopress_robots_index":""},"product_cat":[20,99],"product_tag":[],"class_list":{"0":"post-63559","1":"product","2":"type-product","3":"status-publish","4":"has-post-thumbnail","6":"product_cat-recambios-fiat","7":"product_cat-recambios-fiat-panda","9":"first","10":"outofstock","11":"taxable","12":"shipping-taxable","13":"purchasable","14":"product-type-simple"},"_links":{"self":[{"href":"https:\/\/galicianparts.com\/shop\/wp-json\/wp\/v2\/product\/63559"}],"collection":[{"href":"https:\/\/galicianparts.com\/shop\/wp-json\/wp\/v2\/product"}],"about":[{"href":"https:\/\/galicianparts.com\/shop\/wp-json\/wp\/v2\/types\/product"}],"wp:featuredmedia":[{"embeddable":true,"href":"https:\/\/galicianparts.com\/shop\/wp-json\/wp\/v2\/media\/63566"}],"wp:attachment":[{"href":"https:\/\/galicianparts.com\/shop\/wp-json\/wp\/v2\/media?parent=63559"}],"wp:term":[{"taxonomy":"product_cat","embeddable":true,"href":"https:\/\/galicianparts.com\/shop\/wp-json\/wp\/v2\/product_cat?post=63559"},{"taxonomy":"product_tag","embeddable":true,"href":"https:\/\/galicianparts.com\/shop\/wp-json\/wp\/v2\/product_tag?post=63559"}],"curies":[{"name":"wp","href":"https:\/\/api.w.org\/{rel}","templated":true}]}}