{"id":64009,"date":"2022-11-30T13:01:16","date_gmt":"2022-11-30T11:01:16","guid":{"rendered":"https:\/\/galicianparts.com\/shop\/producto\/9566939080-capuchon-lado-cambio-palier-izq-fiat-scudo-ulysse-lancia-z-citroen-peugeot-original\/"},"modified":"2025-07-09T11:10:06","modified_gmt":"2025-07-09T09:10:06","slug":"9566939080-capuchon-lado-cambio-palier-izq-fiat-scudo-ulysse-lancia-z-citroen-peugeot-original","status":"publish","type":"product","link":"https:\/\/galicianparts.com\/shop\/producto\/9566939080-capuchon-lado-cambio-palier-izq-fiat-scudo-ulysse-lancia-z-citroen-peugeot-original\/","title":{"rendered":"9566939080 Kit capuch\u00f3n lado cambio palier izq. Fiat Scudo \/Ulysse \/Lancia Z \/Citro\u00ebn \/Peugeot ORIGINAL"},"content":{"rendered":"<p>Guardapolvos del lado de la caja de cambios de los ejes de transmisi\u00f3n de:<br \/>\nDi\u00e1metro barra: 21,6 mm<br \/>\nDi\u00e1metro: 74 mm<br \/>\nLargo: 103 mm<\/p>\n<p>FIAT &#8211; PG ULYSSE (1994-2002) 2000 IE \/ 1750 I.E. CEE FASE 2 \/ 2000 IE0<br \/>\nFIAT &#8211; PG ULYSSE (1994-2002) CAMBIO AUTOMATICO<br \/>\nLANCIA &#8211; SK \u00abZ\u00bb (1994-2002) 2000 BZ 16V CEE F3<br \/>\nLANCIA &#8211; SK \u00abZ\u00bb (1994-2002) CAMBIO AUTOMATICO<br \/>\nFIAT PROFESSIONAL &#8211; PL SCUDO (1995-2004) 1580 BZ \/ 1905 DS \/ 1867 DS CF2 \/ 2000 BZ 16V CEE F3 \/ 1867 DS CF3<br \/>\nFIAT PROFESSIONAL &#8211; PL SCUDO (1995-2004) CAMBIO AUTOMATICO<br \/>\nFIAT PROFESSIONAL &#8211; 2X SCUDO FL.2004 (2004-2006) 2000 BZ 16V CEE F3 \/ 1867 DS CF3<br \/>\nFIAT PROFESSIONAL &#8211; 2X SCUDO FL.2004 (2004-2006) CAMBIO AUTOMATICO<\/p>\n<p>LA PIEZA ES NUEVA Y ORIGINAL.<\/p>\n","protected":false},"excerpt":{"rendered":"<p>Guardapolvos del lado de la caja de cambios de los ejes de transmisi\u00f3n de: Di\u00e1metro barra: 21,6 mm Di\u00e1metro: 74 mm Largo: 103 mm FIAT &#8211; PG ULYSSE (1994-2002) 2000 IE \/ 1750 I.E. CEE FASE 2 \/ 2000 IE0 FIAT &#8211; PG ULYSSE (1994-2002) CAMBIO AUTOMATICO LANCIA &#8211; SK \u00abZ\u00bb (1994-2002) 2000 BZ 16V [&hellip;]<\/p>\n","protected":false},"featured_media":64011,"template":"","meta":{"_seopress_robots_primary_cat":"","_seopress_titles_title":"","_seopress_titles_desc":"","_seopress_robots_index":""},"product_cat":[20,21,104,113,128],"product_tag":[],"class_list":{"0":"post-64009","1":"product","2":"type-product","3":"status-publish","4":"has-post-thumbnail","6":"product_cat-recambios-fiat","7":"product_cat-recambios-lancia","8":"product_cat-recambios-fiat-scudo","9":"product_cat-recambios-fiat-ulysse","10":"product_cat-recambios-lancia-z","12":"first","13":"instock","14":"taxable","15":"shipping-taxable","16":"purchasable","17":"product-type-simple"},"_links":{"self":[{"href":"https:\/\/galicianparts.com\/shop\/wp-json\/wp\/v2\/product\/64009"}],"collection":[{"href":"https:\/\/galicianparts.com\/shop\/wp-json\/wp\/v2\/product"}],"about":[{"href":"https:\/\/galicianparts.com\/shop\/wp-json\/wp\/v2\/types\/product"}],"wp:featuredmedia":[{"embeddable":true,"href":"https:\/\/galicianparts.com\/shop\/wp-json\/wp\/v2\/media\/64011"}],"wp:attachment":[{"href":"https:\/\/galicianparts.com\/shop\/wp-json\/wp\/v2\/media?parent=64009"}],"wp:term":[{"taxonomy":"product_cat","embeddable":true,"href":"https:\/\/galicianparts.com\/shop\/wp-json\/wp\/v2\/product_cat?post=64009"},{"taxonomy":"product_tag","embeddable":true,"href":"https:\/\/galicianparts.com\/shop\/wp-json\/wp\/v2\/product_tag?post=64009"}],"curies":[{"name":"wp","href":"https:\/\/api.w.org\/{rel}","templated":true}]}}