{"id":6545,"date":"2020-10-19T20:01:02","date_gmt":"2020-10-19T18:01:02","guid":{"rendered":"https:\/\/galicianparts.com\/shop\/producto\/9934545-tapa-distribuidor-fiat-124-125-128-131-citroen-peugeot-nuevo-original\/"},"modified":"2023-10-20T13:22:21","modified_gmt":"2023-10-20T11:22:21","slug":"9934545-tapa-distribuidor-fiat-124-125-128-131-citroen-peugeot-nuevo-original","status":"publish","type":"product","link":"https:\/\/galicianparts.com\/shop\/producto\/9934545-tapa-distribuidor-fiat-124-125-128-131-citroen-peugeot-nuevo-original\/","title":{"rendered":"9934545 Tapa distribuidor Fiat 128 \/131 \/132 \/Citro\u00ebn CX \/BX \/C15 NUEVO ORIGINAL"},"content":{"rendered":"<p>Tapa del distribuidor de encendido de:<br \/>\nFIAT 128 Coup\u00e9 (128)<br \/>\n1.1, A\u00f1o 03.1972 &#8211; 02.1981, 1116 ccm, 64 cv<br \/>\n1.1, A\u00f1o 08.1975 &#8211; 02.1981, 1116 ccm, 65 cv<br \/>\n1.3, A\u00f1o 03.1972 &#8211; 12.1979, 1290 ccm, 75 cv<br \/>\n1.3 Berlinetta, A\u00f1o 06.1975 &#8211; 12.1979, 1290 ccm, 73 cv<br \/>\nFIAT 128 Berlina (128)<br \/>\n1.1, A\u00f1o 02.1975 &#8211; 09.1981, 1116 ccm, 45 cv<br \/>\n1.1 (128A), A\u00f1o 03.1969 &#8211; 12.1984, 1116 ccm, 55 cv<br \/>\n1.3 (128A), A\u00f1o 08.1974 &#8211; 12.1984, 1290 ccm, 60 cv<br \/>\n1.3 Rally (128A), A\u00f1o 07.1971 &#8211; 02.1976, 1290 ccm, 67 cv<br \/>\nFIAT 131 Berlina (131)<br \/>\n1.3 Mirafiori, A\u00f1o 10.1974 &#8211; 09.1981, 1297 ccm, 54 cv<br \/>\n1.3 Mirafiori (131A), A\u00f1o 10.1974 &#8211; 12.1982, 1297 ccm, 65 cv<br \/>\n1.3 Super Mirafiori, A\u00f1o 03.1978 &#8211; 12.1980, 1297 ccm, 78 cv<br \/>\n1.6, A\u00f1o 11.1976 &#8211; 12.1984, 1585 ccm, 85 cv<br \/>\n1.6 (131A1), A\u00f1o 10.1974 &#8211; 09.1981, 1585 ccm, 75 cv<br \/>\n1.6 Super, A\u00f1o 03.1978 &#8211; 01.1984, 1585 ccm, 97 cv<br \/>\n1.6 Super Mirafiori, A\u00f1o 03.1979 &#8211; 03.1982, 1585 ccm, 98 cv<br \/>\nFIAT 131 Familiare \/ Panorama (131)<br \/>\n1.3 Mirafiori (131AF), A\u00f1o 03.1975 &#8211; 12.1978, 1297 ccm, 54 cv<br \/>\n1.3 Mirafiori, A\u00f1o 03.1975 &#8211; 03.1982, 1297 ccm, 65 cv<br \/>\n1.6, A\u00f1o 11.1980 &#8211; 12.1984, 1585 ccm, 85 cv<br \/>\n1.6 CL, A\u00f1o 03.1975 &#8211; 12.1978, 1585 ccm, 75 cv<br \/>\n1.6 Super, A\u00f1o 12.1979 &#8211; 12.1981, 1585 ccm, 97 cv<br \/>\nFIAT 128 Familiare (128)<br \/>\n1.1, A\u00f1o 02.1975 &#8211; 02.1981, 1116 ccm, 45 cv<br \/>\n1.1, A\u00f1o 10.1969 &#8211; 10.1982, 1116 ccm, 55 cv<br \/>\n1.3, A\u00f1o 12.1974 &#8211; 10.1982, 1290 ccm, 60 cv<br \/>\nFIAT 132 (132_)<br \/>\n1.6, A\u00f1o 05.1977 &#8211; 09.1982, 1585 ccm, 88 cv<br \/>\n1.6, A\u00f1o 03.1977 &#8211; 12.1981, 1585 ccm, 90 cv<br \/>\n1.6, A\u00f1o 01.1976 &#8211; 12.1982, 1585 ccm, 98 cv<br \/>\n1.6, A\u00f1o 04.1972 &#8211; 01.1976, 1592 ccm, 98 cv<br \/>\n1.7 GLS, A\u00f1o 04.1974 &#8211; 12.1975, 1756 ccm, 107 cv<br \/>\n1.7 GLS, A\u00f1o 11.1975 &#8211; 01.1977, 1756 ccm, 112 cv<\/p>\n<p>CITRO\u00cbN CX I<br \/>\n2.0, A\u00f1o 09.1974 &#8211; 05.1979, 1985 ccm, 102 cv<br \/>\n2.2, A\u00f1o 09.1974 &#8211; 07.1976, 2175 ccm, 112 cv<br \/>\n2400, A\u00f1o 08.1976 &#8211; 06.1980, 2347 ccm, 116 cv<br \/>\n2400 GTi, A\u00f1o 06.1977 &#8211; 06.1982, 2347 ccm, 128 cv<br \/>\n2400 GTi, A\u00f1o 06.1977 &#8211; 06.1982, 2347 ccm, 131 cv<br \/>\n2.5 TRi, A\u00f1o 07.1983 &#8211; 08.1985, 2500 ccm, 136 cv<br \/>\nCITRO\u00cbN BX Hatchback<br \/>\n1.1, A\u00f1o 10.1986 &#8211; 06.1992, 1124 ccm, 57 cv<br \/>\n1.4, A\u00f1o 01.1989 &#8211; 12.1989, 1360 ccm, 64 cv<br \/>\n1.6, A\u00f1o 09.1988 &#8211; 02.1993, 1580 ccm, 75 cv<br \/>\nCITRO\u00cbN C15 Furg\u00f3n<br \/>\n1.0, A\u00f1o 10.1984 &#8211; 12.1997, 954 ccm, 45 cv<\/p>\n<p>LA PIEZA ES NUEVA Y ORIGINAL.<\/p>\n","protected":false},"excerpt":{"rendered":"<p>Tapa del distribuidor de encendido de: FIAT 128 Coup\u00e9 (128) 1.1, A\u00f1o 03.1972 &#8211; 02.1981, 1116 ccm, 64 cv 1.1, A\u00f1o 08.1975 &#8211; 02.1981, 1116 ccm, 65 cv 1.3, A\u00f1o 03.1972 &#8211; 12.1979, 1290 ccm, 75 cv 1.3 Berlinetta, A\u00f1o 06.1975 &#8211; 12.1979, 1290 ccm, 73 cv FIAT 128 Berlina (128) 1.1, A\u00f1o 02.1975 &#8211; [&hellip;]<\/p>\n","protected":false},"featured_media":79579,"template":"","meta":{"_seopress_robots_primary_cat":"","_seopress_titles_title":"","_seopress_titles_desc":"","_seopress_robots_index":""},"product_cat":[69,70,71,130,131,23,136,20],"product_tag":[],"class_list":{"0":"post-6545","1":"product","2":"type-product","3":"status-publish","4":"has-post-thumbnail","6":"product_cat-recambios-fiat-128","7":"product_cat-recambios-fiat-131","8":"product_cat-recambios-fiat-132","9":"product_cat-recambios-citroen-bx","10":"product_cat-recambios-citroen-c15","11":"product_cat-recambios-citroen","12":"product_cat-recambios-citroen-cx","13":"product_cat-recambios-fiat","15":"first","16":"instock","17":"taxable","18":"shipping-taxable","19":"purchasable","20":"product-type-simple"},"_links":{"self":[{"href":"https:\/\/galicianparts.com\/shop\/wp-json\/wp\/v2\/product\/6545"}],"collection":[{"href":"https:\/\/galicianparts.com\/shop\/wp-json\/wp\/v2\/product"}],"about":[{"href":"https:\/\/galicianparts.com\/shop\/wp-json\/wp\/v2\/types\/product"}],"wp:featuredmedia":[{"embeddable":true,"href":"https:\/\/galicianparts.com\/shop\/wp-json\/wp\/v2\/media\/79579"}],"wp:attachment":[{"href":"https:\/\/galicianparts.com\/shop\/wp-json\/wp\/v2\/media?parent=6545"}],"wp:term":[{"taxonomy":"product_cat","embeddable":true,"href":"https:\/\/galicianparts.com\/shop\/wp-json\/wp\/v2\/product_cat?post=6545"},{"taxonomy":"product_tag","embeddable":true,"href":"https:\/\/galicianparts.com\/shop\/wp-json\/wp\/v2\/product_tag?post=6545"}],"curies":[{"name":"wp","href":"https:\/\/api.w.org\/{rel}","templated":true}]}}