{"id":65828,"date":"2023-01-04T12:14:40","date_gmt":"2023-01-04T10:14:40","guid":{"rendered":"https:\/\/galicianparts.com\/shop\/producto\/46822100-abrazadera-tubos-d-20mm-y-d-14mm-fiat-lancia-alfa-romeo-nuevo-original\/"},"modified":"2026-02-04T13:22:45","modified_gmt":"2026-02-04T11:22:45","slug":"46822100-abrazadera-tubos-d-20mm-y-d-14mm-fiat-lancia-alfa-romeo-nuevo-original","status":"publish","type":"product","link":"https:\/\/galicianparts.com\/shop\/producto\/46822100-abrazadera-tubos-d-20mm-y-d-14mm-fiat-lancia-alfa-romeo-nuevo-original\/","title":{"rendered":"46822100 Abrazadera tubos D 20mm y D 14mm Fiat \/Lancia \/Alfa Romeo NUEVO ORIGINAL"},"content":{"rendered":"<p>Soporte, abrazadera de sujeci\u00f3n de 2 manguitos de admisi\u00f3n o refrigeraci\u00f3n de:<br \/>\nDi\u00e1metro 1: 20 mm<br \/>\nDi\u00e1metro 2: 14 mm<\/p>\n<p>FIAT &#8211; 2Y GRANDE PUNTO (2005-2008) 1.3\u00a0MJTD\u00a016V\u00a0CF4\u00a090CV\/66KW<br \/>\nFIAT &#8211; 2Y GRANDE PUNTO (2005-2008) DPF SPECIFIC CATALYZER \/ 1.3\u00a0MJTD\u00a016V\u00a0CF4\u00a075CV\/55KW<br \/>\nFIAT &#8211; 2Y GRANDE PUNTO (2005-2008) 1.2\u00a0MPI\u00a08V\u00a0CF4<br \/>\nFIAT &#8211; 2Y GRANDE PUNTO (2005-2008) 1.4\u00a0MPI\u00a08V\u00a0CF4 \/ 1400\u00a0MPI\u00a08V\u00a0CF4\u00a0MENOR POTE.\u00a0AUSTRIA \/ 1.4\u00a0MPI\u00a016V\u00a0CF4\u00a0PDA<br \/>\nFIAT &#8211; 2Y GRANDE PUNTO (2005-2008) 1.3\u00a0MJTD\u00a016V\u00a0CF4\u00a090CV\/66KW \/ 1.3\u00a0MJTD\u00a016V\u00a0CF4\u00a075CV\/55KW<br \/>\nFIAT &#8211; 2Y GRANDE PUNTO (2005-2008) AIRE ACONDICIONADO \/ 1910\u00a0JTD\u00a0CF4\u00a08V\u00a0115CV\/85KW\u00a0MENOR POTENCIA BELGICA \/ 1.9\u00a0JTD\u00a08V\u00a0CF4\u00a0120CV\/88KW \/ 1.9\u00a0JTD\u00a08V\u00a0CF4\u00a0130CV\/95KW<br \/>\nFIAT &#8211; 2Y GRANDE PUNTO (2005-2008) CLIMATIZADOR\u00a0AUTOM\u00c1TICO \/ 1910\u00a0JTD\u00a0CF4\u00a08V\u00a0115CV\/85KW\u00a0MENOR POTENCIA BELGICA \/ 1.9\u00a0JTD\u00a08V\u00a0CF4\u00a0120CV\/88KW \/ 1.9\u00a0JTD\u00a08V\u00a0CF4\u00a0130CV\/95KW<br \/>\nFIAT &#8211; 2Y GRANDE PUNTO (2005-2008) 1.4\u00a016V\u00a0MPI\u00a0\u00a0TURBO\u00a0120CV\/88KW<br \/>\nFIAT &#8211; 4C GRANDE PUNTO (2008-2009) 1200-1299 \/ DI\u00c9SEL \/ 1.3\u00a0JTD\u00a090CV\u00a0EURO4<br \/>\nFIAT &#8211; 4C GRANDE PUNTO (2008-2009) CATALIZADOR ESPEC\u00cdFICO \/ 1200-1299 \/ DI\u00c9SEL \/ 1.3\u00a0JTD\u00a075\u00a0CV\u00a0EURO4<br \/>\nFIAT &#8211; 4C GRANDE PUNTO (2008-2009) 1100-1199<br \/>\nFIAT &#8211; 4C GRANDE PUNTO (2008-2009) 1370 \/ TURBO \/ GASOLINA \/ METANO<br \/>\nFIAT &#8211; 4C GRANDE PUNTO (2008-2009) 1200-1299 \/ DI\u00c9SEL \/ 1.3\u00a0JTD\u00a075\u00a0CV\u00a0EURO4 \/ 1.3\u00a0JTD\u00a090CV\u00a0EURO4<br \/>\nFIAT &#8211; 4C GRANDE PUNTO (2008-2009) 1910 \/ CLIMATIZADOR 1<br \/>\nFIAT &#8211; 4C GRANDE PUNTO (2008-2009) 1910 \/ CLIMATIZADOR 2<br \/>\nFIAT &#8211; 4C GRANDE PUNTO (2008-2009) 1370 \/ 16 V\u00c1LVULAS \/ TURBO<br \/>\nFIAT &#8211; 4C GRANDE PUNTO (2008-2009) 1370 \/ GASOLINA \/ METANO<br \/>\nFIAT &#8211; 3X GRANDE PUNTO ACTUAL (2009-2013) 1200-1299 \/ DI\u00c9SEL<br \/>\nFIAT &#8211; 3L NUOVA BRAVO (2007-2009) ASPIRADO<br \/>\nFIAT &#8211; 3L NUOVA BRAVO (2007-2009) 1370  ASP.GS.-1.4 TB.GS. \/ 1400 TRB GS \/1598\/1910 JTD 120CV \/ 1400 TRB GS \/1910 JTD 150CV<br \/>\nFIAT &#8211; 3Y NUOVA BRAVO MY 2010 (2010-2014) 1368 \/ ASPIRADO<br \/>\nFIAT &#8211; 3Y NUOVA BRAVO MY 2010 (2010-2014) 1368 \/ TURBO \/ EURO 4<br \/>\nFIAT &#8211; 3Y NUOVA BRAVO MY 2010 (2010-2014) 1368 \/ TURBO \/ EURO 5<br \/>\nFIAT &#8211; 51 NUOVA PUNTO MY2012 (2012-2013) 1248 \/ LIM.CEE FASE 5<br \/>\nFIAT &#8211; 3J PUNTO EVO (2009-2011) 1200-1299 \/ DI\u00c9SEL \/ LIM.CEE FASE 4<br \/>\nFIAT &#8211; 3J PUNTO EVO (2009-2011) 1200-1299 \/ DI\u00c9SEL \/ LIM.CEE FASE 5<br \/>\nFIAT &#8211; 3J PUNTO EVO (2009-2011) 1200-1299 \/ DI\u00c9SEL<br \/>\nFIAT &#8211; 6U PUNTO MY 2013 (2013-&#8230;.) 1248 \/ LIM.CEE FASE 5<br \/>\nFIAT &#8211; 2C STILO BZ\/DS (2001-2003) 1.2 16V<br \/>\nFIAT &#8211; 2C STILO BZ\/DS (2001-2003) AIRE ACONDICIONADO \/ CLIMATIZADOR\u00a0AUTOM\u00c1TICO \/ 1.8 16V CF4<br \/>\nFIAT &#8211; 2V STILO F.L.L. 2003 (2003-2007) 1.4 16V CF4 95CV\/70KW \/ 1.4\u00a016V\u00a0CF4\u00a095CV\/66KW<br \/>\nFIAT &#8211; 2V STILO F.L.L. 2003 (2003-2007) AIRE ACONDICIONADO \/ CLIMATIZADOR\u00a0AUTOM\u00c1TICO \/ 1.8 16V CF4<br \/>\nFIAT &#8211; 2V STILO F.L.L. 2003 (2003-2007) CONDUCCION A\u00a0IZQUIERDA<br \/>\nALFA ROMEO &#8211; X6 ALFA MITO (2008-2011) LIM.CEE FASE 4 \/ 1.3\u00a0SDE\u00a090CV\u00a0EURO4 \/ 95CV<br \/>\nALFA ROMEO &#8211; X6 ALFA MITO (2008-2011) LIM.CEE FASE 5 \/ 1.3\u00a0SDE\u00a090CV\u00a0EURO4 \/ 95CV<br \/>\nALFA ROMEO &#8211; X6 ALFA MITO (2008-2011) 1.3<br \/>\nALFA ROMEO &#8211; QZ MITO MY2011 (2011-2013) 1.3<br \/>\nALFA ROMEO &#8211; 10 MITO MY2013 (2013-&#8230;.)<br \/>\nLANCIA &#8211; TN LANCIA DELTA MY 2011 (2011-2014) CLIMATIZADOR 1 \/ CLIMATIZADOR 2 \/ 1370 1.4 TRB GS FIRE \/ 1747 FAMILIA B<br \/>\nLANCIA &#8211; TH NUOVA DELTA 844 (2008-2011) 1370 1.4 TRB GS FIRE \/ LIM.CEE FASE 4<br \/>\nLANCIA &#8211; TH NUOVA DELTA 844 (2008-2011) 1370 1.4 TRB GS FIRE \/ LIM.CEE FASE 5<br \/>\nABARTH &#8211; 4A GRANDE PUNTO ABARTH (2007-2010)<\/p>\n<p>LA PIEZA ES NUEVA Y ORIGINAL.<\/p>\n","protected":false},"excerpt":{"rendered":"<p>Soporte, abrazadera de sujeci\u00f3n de 2 manguitos de admisi\u00f3n o refrigeraci\u00f3n de: Di\u00e1metro 1: 20 mm Di\u00e1metro 2: 14 mm FIAT &#8211; 2Y GRANDE PUNTO (2005-2008) 1.3\u00a0MJTD\u00a016V\u00a0CF4\u00a090CV\/66KW FIAT &#8211; 2Y GRANDE PUNTO (2005-2008) DPF SPECIFIC CATALYZER \/ 1.3\u00a0MJTD\u00a016V\u00a0CF4\u00a075CV\/55KW FIAT &#8211; 2Y GRANDE PUNTO (2005-2008) 1.2\u00a0MPI\u00a08V\u00a0CF4 FIAT &#8211; 2Y GRANDE PUNTO (2005-2008) 1.4\u00a0MPI\u00a08V\u00a0CF4 \/ 1400\u00a0MPI\u00a08V\u00a0CF4\u00a0MENOR POTE.\u00a0AUSTRIA [&hellip;]<\/p>\n","protected":false},"featured_media":65833,"template":"","meta":{"_seopress_robots_primary_cat":"","_seopress_titles_title":"","_seopress_titles_desc":"","_seopress_robots_index":""},"product_cat":[16,82,118,20,92,21,47,101,108],"product_tag":[],"class_list":{"0":"post-65828","1":"product","2":"type-product","3":"status-publish","4":"has-post-thumbnail","6":"product_cat-recambios-alfa-romeo","7":"product_cat-recambios-fiat-bravo","8":"product_cat-recambios-lancia-delta","9":"product_cat-recambios-fiat","10":"product_cat-recambios-fiat-grande-punto","11":"product_cat-recambios-lancia","12":"product_cat-recambios-alfa-romeo-mito","13":"product_cat-recambios-fiat-punto","14":"product_cat-recambios-fiat-stilo","16":"first","17":"outofstock","18":"taxable","19":"shipping-taxable","20":"purchasable","21":"product-type-simple"},"_links":{"self":[{"href":"https:\/\/galicianparts.com\/shop\/wp-json\/wp\/v2\/product\/65828"}],"collection":[{"href":"https:\/\/galicianparts.com\/shop\/wp-json\/wp\/v2\/product"}],"about":[{"href":"https:\/\/galicianparts.com\/shop\/wp-json\/wp\/v2\/types\/product"}],"wp:featuredmedia":[{"embeddable":true,"href":"https:\/\/galicianparts.com\/shop\/wp-json\/wp\/v2\/media\/65833"}],"wp:attachment":[{"href":"https:\/\/galicianparts.com\/shop\/wp-json\/wp\/v2\/media?parent=65828"}],"wp:term":[{"taxonomy":"product_cat","embeddable":true,"href":"https:\/\/galicianparts.com\/shop\/wp-json\/wp\/v2\/product_cat?post=65828"},{"taxonomy":"product_tag","embeddable":true,"href":"https:\/\/galicianparts.com\/shop\/wp-json\/wp\/v2\/product_tag?post=65828"}],"curies":[{"name":"wp","href":"https:\/\/api.w.org\/{rel}","templated":true}]}}