{"id":66377,"date":"2023-01-16T10:05:25","date_gmt":"2023-01-16T08:05:25","guid":{"rendered":"https:\/\/galicianparts.com\/shop\/producto\/50503521-abrazadera-tubos-d-20mm-y-d-14mm-fiat-alfa-romeo-citroen-peugeot-original\/"},"modified":"2024-12-08T20:46:44","modified_gmt":"2024-12-08T18:46:44","slug":"50503521-abrazadera-tubos-d-20mm-y-d-14mm-fiat-alfa-romeo-citroen-peugeot-original","status":"publish","type":"product","link":"https:\/\/galicianparts.com\/shop\/producto\/50503521-abrazadera-tubos-d-20mm-y-d-14mm-fiat-alfa-romeo-citroen-peugeot-original\/","title":{"rendered":"50503521 Abrazadera tubos D 20mm y D 14mm Fiat \/Alfa Romeo \/Citro\u00ebn \/Peugeot ORIGINAL"},"content":{"rendered":"<p>Soporte, abrazadera de sujeci\u00f3n de 2 manguitos o cableado el\u00e9ctrico de::<br \/>\nDi\u00e1metro 1: 20 mm<br \/>\nDi\u00e1metro 2: 14 mm<\/p>\n<p>FIAT &#8211; 73 500L (2012-&#8230;.)<br \/>\nFIAT &#8211; 4C GRANDE PUNTO (2008-2009) 1500-1599 \/ DI\u00c9SEL<br \/>\nFIAT &#8211; 3S GRANDE PUNTO INTERN. INDIA (2008-2014) 1251<br \/>\nFIAT &#8211; 3S GRANDE PUNTO INTERN. INDIA (2008-2014)<br \/>\nFIAT &#8211; 0D GRANDE PUNTO INTERN. INDIA FL2014 (2014-&#8230;.) RIGHT \/ 1251<br \/>\nFIAT &#8211; 0D GRANDE PUNTO INTERN. INDIA FL2014 (2014-&#8230;.) 1172 FIRE INDIA \/ 1370 \/ RIGHT<br \/>\nFIAT &#8211; 0D GRANDE PUNTO INTERN. INDIA FL2014 (2014-&#8230;.) 1251 \/ RIGHT<br \/>\nFIAT &#8211; 3M LINEA (2007-&#8230;.) 1.3 JTD INDIA \/ 1.3 JTD 85CV \/ 1.3 JTD 90CV INDIA \/ 1598 JTD 16V 105CV<br \/>\nFIAT &#8211; 3M LINEA (2007-&#8230;.) 1.3 JTD 90CV INDIA \/ 1.4 16V PDA 95CV INDIA \/ 1.3 JTD EURO5 \/ 1.4 16V TURBO 110CV INDIA<br \/>\nFIAT &#8211; 0C LINEA INDIA FL2014 (2014-&#8230;.) 1.3 JTD 90CV<br \/>\nFIAT &#8211; 0C LINEA INDIA FL2014 (2014-&#8230;.) DERECHA<br \/>\nFIAT &#8211; 3J PUNTO EVO (2009-2011) 1.3 JTD 90CV ECOF4 \/ 1200-1299 \/ DI\u00c9SEL \/ LIM.CEE FASE 4<br \/>\nFIAT &#8211; 3J PUNTO EVO (2009-2011) 1500-1599<br \/>\nALFA ROMEO &#8211; X8 159 MY11 (2010-2011) 1742-1796\u00a0CC \/ IZQUIERDA<br \/>\nALFA ROMEO &#8211; X8 159 MY11 (2010-2011) 1956\u00a0CF5<br \/>\nALFA ROMEO &#8211; X3 ALFA 159  (2005-2008) CONDUCCION A\u00a0IZQUIERDA \/ 1.8 130 CV \/ BN BASIS \/ SW BASIS \/ BN MEDIUM \/ SW MEDIUM \/ BN HIGH \/ SW HIGH \/ BN TI \/ SW TI<br \/>\nALFA ROMEO &#8211; X9 ALFA 159 (2008-2010)  IZQUIERDA \/ 1742-1796\u00a0CC \/ ASPIRADO<br \/>\nALFA ROMEO &#8211; X9 ALFA 159 (2008-2010)  1956\u00a0CF5<br \/>\nALFA ROMEO &#8211; X6 ALFA MITO (2008-2011)<br \/>\nALFA ROMEO &#8211; X6 ALFA MITO (2008-2011) 1.3 \/ DI\u00c9SEL \/ 1.3\u00a0SDE\u00a090CV\u00a0EURO4 \/ LIM.CEE FASE 4<br \/>\nALFA ROMEO &#8211; X6 ALFA MITO (2008-2011) 1.3<br \/>\nALFA ROMEO &#8211; X4 BRERA COUPE&#8217; (2005-2008)<br \/>\nALFA ROMEO &#8211; 12 BRERA COUPE&#8217; M.Y. (2008-2010) IZQUIERDA \/ 1742 CF5 147 KW<br \/>\nALFA ROMEO &#8211; 12 BRERA COUPE&#8217; M.Y. (2008-2010)<br \/>\nALFA ROMEO &#8211; QZ MITO MY2011 (2011-2013) 1.3<br \/>\nALFA ROMEO &#8211; 10 MITO MY2013 (2013-&#8230;.)<br \/>\nALFA ROMEO &#8211; 10 MITO MY2013 (2013-&#8230;.) 1598 \/ IZQUIERDA<br \/>\nALFA ROMEO &#8211; 10 MITO MY2013 (2013-&#8230;.) 1598 \/ RIGHT<br \/>\nALFA ROMEO &#8211; X5 NUOVO SPIDER (2006-2008)<br \/>\nALFA ROMEO &#8211; 13 NUOVO SPIDER M.Y. (2008-2010) IZQUIERDA \/ 1742 CF5 147 KW<br \/>\nALFA ROMEO &#8211; 13 NUOVO SPIDER M.Y. (2008-2010)<br \/>\nFIAT PROFESSIONAL &#8211; 3V NUOVO DOBLO 2009 (2009-&#8230;.) 1248 DS. Y SIN START&amp;STOP \/  SIN EURO 5<br \/>\nFIAT PROFESSIONAL &#8211; 2J NUOVO DUCATO 2006 (2006-2014)<br \/>\nFIAT PROFESSIONAL &#8211; 4X NUOVO DUCATO MY 2011 (2011-2014) F1C<br \/>\nFIAT PROFESSIONAL &#8211; 4X NUOVO DUCATO MY 2011 (2011-2014) F1A \/ DERECHA<br \/>\nFIAT PROFESSIONAL &#8211; 4Y NUOVO DUCATO MY 2014 (2014-&#8230;.) F1C<br \/>\nFIAT PROFESSIONAL &#8211; 4Y NUOVO DUCATO MY 2014 (2014-&#8230;.) F1A \/ RIGHT<br \/>\nFIAT PROFESSIONAL &#8211; 4Y NUOVO DUCATO MY 2014 (2014-&#8230;.) AUTOMATISMOS CALEFACTOR AUXILIAR AUTONOMO<br \/>\nFIAT PROFESSIONAL &#8211; 4Y NUOVO DUCATO MY 2014 (2014-&#8230;.) ADDITIONAL\u00a0INDEPENDENT\u00a0HEATER<br \/>\nCITROEN &#8211; JUMPER<br \/>\nPEUGEOT &#8211; BOXER <\/p>\n<p>LA PIEZA ES NUEVA Y ORIGINAL.<\/p>\n","protected":false},"excerpt":{"rendered":"<p>Soporte, abrazadera de sujeci\u00f3n de 2 manguitos o cableado el\u00e9ctrico de:: Di\u00e1metro 1: 20 mm Di\u00e1metro 2: 14 mm FIAT &#8211; 73 500L (2012-&#8230;.) FIAT &#8211; 4C GRANDE PUNTO (2008-2009) 1500-1599 \/ DI\u00c9SEL FIAT &#8211; 3S GRANDE PUNTO INTERN. INDIA (2008-2014) 1251 FIAT &#8211; 3S GRANDE PUNTO INTERN. INDIA (2008-2014) FIAT &#8211; 0D GRANDE PUNTO [&hellip;]<\/p>\n","protected":false},"featured_media":66380,"template":"","meta":{"_seopress_robots_primary_cat":"","_seopress_titles_title":"","_seopress_titles_desc":"","_seopress_robots_index":""},"product_cat":[51,16,155,52,23,87,88,20,92,137,94,47,24,101,56],"product_tag":[],"class_list":{"0":"post-66377","1":"product","2":"type-product","3":"status-publish","4":"has-post-thumbnail","6":"product_cat-recambios-alfa-romeo-159","7":"product_cat-recambios-alfa-romeo","8":"product_cat-recambios-peugeot-boxer","9":"product_cat-recambios-alfa-romeo-brera","10":"product_cat-recambios-citroen","11":"product_cat-recambios-fiat-doblo","12":"product_cat-recambios-fiat-ducato","13":"product_cat-recambios-fiat","14":"product_cat-recambios-fiat-grande-punto","15":"product_cat-recambios-citroen-jumper","16":"product_cat-recambios-fiat-linea","17":"product_cat-recambios-alfa-romeo-mito","18":"product_cat-recambios-peugeot","19":"product_cat-recambios-fiat-punto","20":"product_cat-recambios-alfa-romeo-spider","22":"first","23":"instock","24":"taxable","25":"shipping-taxable","26":"purchasable","27":"product-type-simple"},"_links":{"self":[{"href":"https:\/\/galicianparts.com\/shop\/wp-json\/wp\/v2\/product\/66377"}],"collection":[{"href":"https:\/\/galicianparts.com\/shop\/wp-json\/wp\/v2\/product"}],"about":[{"href":"https:\/\/galicianparts.com\/shop\/wp-json\/wp\/v2\/types\/product"}],"wp:featuredmedia":[{"embeddable":true,"href":"https:\/\/galicianparts.com\/shop\/wp-json\/wp\/v2\/media\/66380"}],"wp:attachment":[{"href":"https:\/\/galicianparts.com\/shop\/wp-json\/wp\/v2\/media?parent=66377"}],"wp:term":[{"taxonomy":"product_cat","embeddable":true,"href":"https:\/\/galicianparts.com\/shop\/wp-json\/wp\/v2\/product_cat?post=66377"},{"taxonomy":"product_tag","embeddable":true,"href":"https:\/\/galicianparts.com\/shop\/wp-json\/wp\/v2\/product_tag?post=66377"}],"curies":[{"name":"wp","href":"https:\/\/api.w.org\/{rel}","templated":true}]}}