{"id":66828,"date":"2023-01-20T10:27:37","date_gmt":"2023-01-20T08:27:37","guid":{"rendered":"https:\/\/galicianparts.com\/shop\/producto\/73501925-tapa-tensor-correa-auxiliar-fiat-lancia-alfa-romeo-nueva-original\/"},"modified":"2025-06-29T18:55:13","modified_gmt":"2025-06-29T16:55:13","slug":"73501925-tapa-tensor-correa-auxiliar-fiat-lancia-alfa-romeo-nueva-original","status":"publish","type":"product","link":"https:\/\/galicianparts.com\/shop\/producto\/73501925-tapa-tensor-correa-auxiliar-fiat-lancia-alfa-romeo-nueva-original\/","title":{"rendered":"73501925 Tapa tensor correa auxiliar Fiat \/Lancia \/Alfa Romeo NUEVA ORIGINAL"},"content":{"rendered":"<p>Tapa del tensor SKF de la correa de instrumentos de:<br \/>\nFIAT &#8211; PK BARCHETTA (1995-2004) AIRE ACONDICIONADO \/ 1.8 16V (183A1000) \/ 1.8 16V (188A6000)<br \/>\nFIAT &#8211; 2S IDEA (2003-2008)  1910\u00a08V\u00a0JTD\u00a0100CV\/74KW<br \/>\nFIAT &#8211; 4D IDEA (2008-2012) 1800-1899CC<br \/>\nFIAT &#8211; 1Q MAREA BZ GAMMA&#8217;99 (1999-2002) AIRE ACONDICIONADO \/ 1800 16V<br \/>\nFIAT &#8211; 1R MAREA DS GAMMA&#8217;99 (1999-2002) AIRE ACONDICIONADO \/ 1910 JTD CF2 105CV \/ 1910 JTD CF3 110CV \/ 1910 JTD CF3 100 CV<br \/>\nFIAT &#8211; 1R MAREA DS GAMMA&#8217;99 (1999-2002) AIRE ACONDICIONADO \/ 1910 TD 75CV<br \/>\nFIAT &#8211; 1F MULTIPLA (1998-2010) AIRE ACONDICIONADO \/ 1910 JTD CF2 \/ 1910 JTD CF3 110 CV\/81KW \/ 1910 JTD CF3 115 CV\/85KW<br \/>\nFIAT &#8211; 1F MULTIPLA (1998-2010) CLIMATIZADOR\u00a0AUTOM\u00c1TICO \/ 1910 JTD CF2 \/ 1910 JTD CF3 110 CV\/81KW \/ 1910 JTD CF3 115 CV\/85KW<br \/>\nFIAT &#8211; 1F MULTIPLA (1998-2010) AIRE ACONDICIONADO \/ 1910\u00a0JTD\u00a0CF4\u00a08V\u00a0115CV\/85KW\u00a0MENOR POTENCIA BELGICA \/ 1.9\u00a0JTD\u00a0120\u00a0CV\/88KW\u00a0CF4<br \/>\nFIAT &#8211; 3L NUOVA BRAVO (2007-2009) 1910\u00a0JTD \/ (1.4 MPI)  (1.9 90CV) (1.6 90CV) \/ 1400 TRB GS \/1598\/1910 JTD 120CV<br \/>\nFIAT &#8211; 3L NUOVA BRAVO (2007-2009) 1910\u00a0JTD \/ 1400 TRB GS \/1910 JTD 150CV \/ CLIMATIZADOR 1 \/ CLIMATIZADOR 2<br \/>\nFIAT &#8211; 3Y NUOVA BRAVO MY 2010 (2010-2014) 1910 \/ 16 V\u00c1LVULAS \/ CLIMATIZADOR 1 \/ CLIMATIZADOR 2<br \/>\nFIAT &#8211; 3Y NUOVA BRAVO MY 2010 (2010-2014) CLIMATIZADOR 1 \/ CLIMATIZADOR 2 \/ ADAPTACI\u00d3N PARA PA\u00cdSES FR\u00cdOS \/ 1910 \/ 8 V\u00c1LVULAS<br \/>\nFIAT &#8211; 1N PUNTO BZ (1999-2003) 1.8 16V CF2 \/ 1.8 16V CF3<br \/>\nFIAT &#8211; 1P PUNTO DS (1999-2003) AIRE ACONDICIONADO \/ 1.9 DS \/ 1.9 JTD 80 CV \/ 1.9 JTD 85 CV<br \/>\nFIAT &#8211; 2U PUNTO FL.&#8217;03 (2003-2010) 1.8 16V CF4<br \/>\nFIAT &#8211; 2U PUNTO FL.&#8217;03 (2003-2010) AIRE ACONDICIONADO \/ CLIMATIZADOR\u00a0AUTOM\u00c1TICO \/ 1910 JTD 85CV\/63 KW<br \/>\nFIAT &#8211; 2U PUNTO FL.&#8217;03 (2003-2010) 1910 JTD 74 KW\/100CV<br \/>\nFIAT &#8211; 2C STILO (2001-2003) AIRE ACONDICIONADO \/ 1.9 JTD 58KW\/80CV \/ 1.9 JTD 85KW\/115CV<br \/>\nFIAT &#8211; 2V STILO F.L.L. 2003 (2003-2007) AIRE ACONDICIONADO \/ CLIMATIZADOR\u00a0AUTOM\u00c1TICO \/ 1.9 JTD 58KW\/80CV \/ 1.9\u00a0JTD\u00a08V\u00a0100\u00a0CV\/74KW \/ 1.9 JTD 85KW\/115CV<br \/>\nFIAT &#8211; 2V STILO F.L.L. 2003 (2003-2007) 1.9 JTD 103KW\/140CV \/ 1.9 JTD 16V F3 126CV\/93KW COND DEPOT FRA \/ 1.9 JTD 16V F3 136CV\/100KW COND DEPOT BE<br \/>\nFIAT &#8211; 2V STILO F.L.L. 2003 (2003-2007) AIRE ACONDICIONADO \/ CLIMATIZADOR\u00a0AUTOM\u00c1TICO \/ 1.9\u00a0JTD\u00a08V\u00a0CF4\u00a090CV\/66KW\u00a0MENOR POT. AUSTRIA \/ 1910\u00a0JTD\u00a0CF4\u00a08V\u00a0115CV\/85KW\u00a0MENOR POTENCIA BELGICA \/ 1.9 JTD CF4 8V 120HP 88KW<br \/>\nFIAT &#8211; 2V STILO F.L.L. 2003 (2003-2007) 1.9 JTD CF4 16V 150HP 110KW \/ AIRE ACONDICIONADO \/ CLIMATIZADOR\u00a0AUTOM\u00c1TICO<br \/>\nALFA ROMEO &#8211; W8 147 (2000-2010) 1910\u00a0JTD\u00a0CF3\u00a08V\u00a0100CV\/74\u00a0KW \/ AIRE ACONDICIONADO \/ CLIMATIZADOR\u00a0AUTOM\u00c1TICO<br \/>\nALFA ROMEO &#8211; W8 147 (2000-2010) 1910\u00a0JTD\u00a0CF3\u00a08V\u00a0115CV\/85\u00a0KW \/ AIRE ACONDICIONADO \/ CLIMATIZADOR\u00a0AUTOM\u00c1TICO<br \/>\nALFA ROMEO &#8211; W8 147 (2000-2010) 1600 TS 16V 76 KW \/ AIRE ACONDICIONADO \/ CLIMATIZADOR\u00a0AUTOM\u00c1TICO \/ 1600 TS 16V 88KW<br \/>\nALFA ROMEO &#8211; W8 147 (2000-2010) 1910\u00a0JTD\u00a0CF4\u00a08V\u00a0115CV\/85KW\u00a0MENOR POT\u00a0BEL. \/ 1.9\u00a0JTD\u00a08V\u00a0CF4<br \/>\nALFA ROMEO &#8211; W8 147 (2000-2010) 1910\u00a0JTD\u00a0CF4\u00a016V\u00a0136CV\/100KW\u00a0MENOR POT.\u00a0BEL. \/ 1.9\u00a0JTD\u00a016V\u00a0CF4 \/ 1910\u00a0JTD\u00a0CF4\u00a016V\u00a0170CV\/125KW\u00a0POTENCIADO \/ AIRE ACONDICIONADO \/ CLIMATIZADOR\u00a0AUTOM\u00c1TICO<br \/>\nALFA ROMEO &#8211; T7 156 BENZINA (1997-2002) AIRE ACONDICIONADO \/ 1600 T.S.(AR67601) \/ 1800 T.S. CF2 \/ 1600 T.S. (AR32102) \/ 1600 T.S. (AR32104) \/ 1600 T.S. (AR32103) \/ 1800 T.S. CF3<br \/>\nALFA ROMEO &#8211; X1 156 M.Y.2002 (2001-2005) 1600 T.S. (AR32104) \/ 1600 T.S. (AR32103) \/ 1800 TS 16V<br \/>\nALFA ROMEO &#8211; X1 156 M.Y.2002 (2001-2005) 1910\u00a0JTD\u00a08V\u00a0115CV\/85KW<br \/>\nALFA ROMEO &#8211; T8 156 TD.ID. (1997-2002) 1910 JTD CF2 \/ 1910 JTD CF3 110CV \/ 1910 JTD CF3 115CV<br \/>\nALFA ROMEO &#8211; X2 GT (2003-2010) 1800 TS \/ AIRE ACONDICIONADO \/ CLIMATIZADOR\u00a0AUTOM\u00c1TICO<br \/>\nALFA ROMEO &#8211; W0 GTV &#8217;98 (1998-2005) 1800 T.S.16V \/ AIRE ACONDICIONADO \/ CLIMATIZADOR\u00a0AUTOM\u00c1TICO<br \/>\nALFA ROMEO &#8211; U9 SPIDER &#8217;98 (1998-2006) 1800 T.S.16V \/ AIRE ACONDICIONADO \/ CLIMATIZADOR\u00a0AUTOM\u00c1TICO<br \/>\nLANCIA &#8211; SY LYBRA DS (1999-2005) AIRE ACONDICIONADO \/ 1910 JTD CF2 \/ 1910\u00a0JTD\u00a0CF3\u00a0110CV\/81KW \/ 1910\u00a0JTD\u00a0CF3\u00a0115CV\/85KW<br \/>\nLANCIA &#8211; TG MUSA (2004-2007) 1910\u00a08V\u00a0JTD\u00a0CF4\u00a0100CV\/74KW<br \/>\nLANCIA &#8211; TJ MUSA (2007-2011) (1800-1899 CC)<br \/>\nFIAT PROFESSIONAL &#8211; 1W DOBLO (2000-2004) AIRE ACONDICIONADO \/ 1.9 DS CF3<br \/>\nFIAT PROFESSIONAL &#8211; 1W DOBLO (2000-2004) AIRE ACONDICIONADO \/ 1910 JTD CF3 \/ 1910 JTD CF3 105 CV<br \/>\nFIAT PROFESSIONAL &#8211; 2W DOBLO MY. 2004 (2004-2005) AIRE ACONDICIONADO \/ 1.9\u00a0DS\u00a0ASP\u00a0CF3<br \/>\nFIAT PROFESSIONAL &#8211; 2W DOBLO MY. 2004 (2004-2005) AIRE ACONDICIONADO \/ 1.9 JTD CF3 105HP<br \/>\nFIAT PROFESSIONAL &#8211; 3C DOBLO REST. 2005 (2005-&#8230;.) AIRE ACONDICIONADO \/ 1910\u00a0JTD\u00a08V\u00a0CF4\u00a0105CV\/77KW \/ 1910\u00a0JTD\u00a08V\u00a0CF4\u00a0100CV\/74KW \/ 1910\u00a0JTD\u00a08V\u00a0CF4\u00a0120CV\/88KW<\/p>\n<p>LA PIEZA ES NUEVA Y ORIGINAL.<\/p>\n","protected":false},"excerpt":{"rendered":"<p>Tapa del tensor SKF de la correa de instrumentos de: FIAT &#8211; PK BARCHETTA (1995-2004) AIRE ACONDICIONADO \/ 1.8 16V (183A1000) \/ 1.8 16V (188A6000) FIAT &#8211; 2S IDEA (2003-2008) 1910\u00a08V\u00a0JTD\u00a0100CV\/74KW FIAT &#8211; 4D IDEA (2008-2012) 1800-1899CC FIAT &#8211; 1Q MAREA BZ GAMMA&#8217;99 (1999-2002) AIRE ACONDICIONADO \/ 1800 16V FIAT &#8211; 1R MAREA DS GAMMA&#8217;99 [&hellip;]<\/p>\n","protected":false},"featured_media":89041,"template":"","meta":{"_seopress_robots_primary_cat":"","_seopress_titles_title":"","_seopress_titles_desc":"","_seopress_robots_index":""},"product_cat":[44,49,16,80,82,87,20,50,55,93,21,120,95,96,121,101,56,108],"product_tag":[],"class_list":{"0":"post-66828","1":"product","2":"type-product","3":"status-publish","4":"has-post-thumbnail","6":"product_cat-recambios-alfa-romeo-147","7":"product_cat-recambios-alfa-romeo-156","8":"product_cat-recambios-alfa-romeo","9":"product_cat-recambios-fiat-barchetta","10":"product_cat-recambios-fiat-bravo","11":"product_cat-recambios-fiat-doblo","12":"product_cat-recambios-fiat","13":"product_cat-recambios-alfa-romeo-gt","14":"product_cat-recambios-alfa-romeo-gtv","15":"product_cat-recambios-fiat-idea","16":"product_cat-recambios-lancia","17":"product_cat-recambios-lancia-lybra","18":"product_cat-recambios-fiat-marea","19":"product_cat-recambios-fiat-multipla","20":"product_cat-recambios-lancia-musa","21":"product_cat-recambios-fiat-punto","22":"product_cat-recambios-alfa-romeo-spider","23":"product_cat-recambios-fiat-stilo","25":"first","26":"instock","27":"taxable","28":"shipping-taxable","29":"purchasable","30":"product-type-simple"},"_links":{"self":[{"href":"https:\/\/galicianparts.com\/shop\/wp-json\/wp\/v2\/product\/66828"}],"collection":[{"href":"https:\/\/galicianparts.com\/shop\/wp-json\/wp\/v2\/product"}],"about":[{"href":"https:\/\/galicianparts.com\/shop\/wp-json\/wp\/v2\/types\/product"}],"wp:featuredmedia":[{"embeddable":true,"href":"https:\/\/galicianparts.com\/shop\/wp-json\/wp\/v2\/media\/89041"}],"wp:attachment":[{"href":"https:\/\/galicianparts.com\/shop\/wp-json\/wp\/v2\/media?parent=66828"}],"wp:term":[{"taxonomy":"product_cat","embeddable":true,"href":"https:\/\/galicianparts.com\/shop\/wp-json\/wp\/v2\/product_cat?post=66828"},{"taxonomy":"product_tag","embeddable":true,"href":"https:\/\/galicianparts.com\/shop\/wp-json\/wp\/v2\/product_tag?post=66828"}],"curies":[{"name":"wp","href":"https:\/\/api.w.org\/{rel}","templated":true}]}}