{"id":67350,"date":"2023-01-25T18:33:54","date_gmt":"2023-01-25T16:33:54","guid":{"rendered":"https:\/\/galicianparts.com\/shop\/producto\/4435432-pinon-distribucion-m-1-7d-fiat-ritmo-regata-nuevo-original\/"},"modified":"2024-06-06T10:20:28","modified_gmt":"2024-06-06T08:20:28","slug":"4435432-pinon-distribucion-m-1-7d-fiat-ritmo-regata-nuevo-original","status":"publish","type":"product","link":"https:\/\/galicianparts.com\/shop\/producto\/4435432-pinon-distribucion-m-1-7d-fiat-ritmo-regata-nuevo-original\/","title":{"rendered":"4435432 Pi\u00f1\u00f3n distribuci\u00f3n M 1.7D Fiat Ritmo \/Regata NUEVO ORIGINAL"},"content":{"rendered":"<p>Engranaje inferior de la correa dentada de:<br \/>\nDientes: 21<br \/>\nDi\u00e1metro: 62,2mm<br \/>\nDi\u00e1metro interior: 30mm<\/p>\n<p>FIAT RITMO 1.7 DIESEL<br \/>\nFIAT REGATA 1.7 DIESEL<\/p>\n<p>LA PIEZA ES NUEVA Y ORIGINAL.<\/p>\n","protected":false},"excerpt":{"rendered":"<p>Engranaje inferior de la correa dentada de: Dientes: 21 Di\u00e1metro: 62,2mm Di\u00e1metro interior: 30mm FIAT RITMO 1.7 DIESEL FIAT REGATA 1.7 DIESEL LA PIEZA ES NUEVA Y ORIGINAL.<\/p>\n","protected":false},"featured_media":67351,"template":"","meta":{"_seopress_robots_primary_cat":"","_seopress_titles_title":"","_seopress_titles_desc":"","_seopress_robots_index":""},"product_cat":[20,102,103],"product_tag":[],"class_list":{"0":"post-67350","1":"product","2":"type-product","3":"status-publish","4":"has-post-thumbnail","6":"product_cat-recambios-fiat","7":"product_cat-recambios-fiat-regata","8":"product_cat-recambios-fiat-ritmo","10":"first","11":"outofstock","12":"taxable","13":"shipping-taxable","14":"purchasable","15":"product-type-simple"},"_links":{"self":[{"href":"https:\/\/galicianparts.com\/shop\/wp-json\/wp\/v2\/product\/67350"}],"collection":[{"href":"https:\/\/galicianparts.com\/shop\/wp-json\/wp\/v2\/product"}],"about":[{"href":"https:\/\/galicianparts.com\/shop\/wp-json\/wp\/v2\/types\/product"}],"wp:featuredmedia":[{"embeddable":true,"href":"https:\/\/galicianparts.com\/shop\/wp-json\/wp\/v2\/media\/67351"}],"wp:attachment":[{"href":"https:\/\/galicianparts.com\/shop\/wp-json\/wp\/v2\/media?parent=67350"}],"wp:term":[{"taxonomy":"product_cat","embeddable":true,"href":"https:\/\/galicianparts.com\/shop\/wp-json\/wp\/v2\/product_cat?post=67350"},{"taxonomy":"product_tag","embeddable":true,"href":"https:\/\/galicianparts.com\/shop\/wp-json\/wp\/v2\/product_tag?post=67350"}],"curies":[{"name":"wp","href":"https:\/\/api.w.org\/{rel}","templated":true}]}}