{"id":67742,"date":"2023-02-01T19:01:33","date_gmt":"2023-02-01T17:01:33","guid":{"rendered":"https:\/\/galicianparts.com\/shop\/producto\/4401833-mando-regulacion-ventilador-calefaccion-fiat-131-nuevo-original\/"},"modified":"2023-02-01T19:04:02","modified_gmt":"2023-02-01T17:04:02","slug":"4401833-mando-regulacion-ventilador-calefaccion-fiat-131-nuevo-original","status":"publish","type":"product","link":"https:\/\/galicianparts.com\/shop\/producto\/4401833-mando-regulacion-ventilador-calefaccion-fiat-131-nuevo-original\/","title":{"rendered":"4401833 Mando regulaci\u00f3n ventilador calefacci\u00f3n Fiat 131 NUEVO ORIGINAL"},"content":{"rendered":"<p>Interruptor, bot\u00f3n de regulaci\u00f3n de las velocidades del motor del ventilador de la calefacci\u00f3n de:<br \/>\nFIAT 131<\/p>\n<p>LA PIEZA ES NUEVA Y ORIGINAL.<\/p>\n","protected":false},"excerpt":{"rendered":"<p>Interruptor, bot\u00f3n de regulaci\u00f3n de las velocidades del motor del ventilador de la calefacci\u00f3n de: FIAT 131 LA PIEZA ES NUEVA Y ORIGINAL.<\/p>\n","protected":false},"featured_media":67743,"template":"","meta":{"_seopress_robots_primary_cat":"","_seopress_titles_title":"","_seopress_titles_desc":"","_seopress_robots_index":""},"product_cat":[70,20],"product_tag":[],"class_list":{"0":"post-67742","1":"product","2":"type-product","3":"status-publish","4":"has-post-thumbnail","6":"product_cat-recambios-fiat-131","7":"product_cat-recambios-fiat","9":"first","10":"instock","11":"taxable","12":"shipping-taxable","13":"purchasable","14":"product-type-simple"},"_links":{"self":[{"href":"https:\/\/galicianparts.com\/shop\/wp-json\/wp\/v2\/product\/67742"}],"collection":[{"href":"https:\/\/galicianparts.com\/shop\/wp-json\/wp\/v2\/product"}],"about":[{"href":"https:\/\/galicianparts.com\/shop\/wp-json\/wp\/v2\/types\/product"}],"wp:featuredmedia":[{"embeddable":true,"href":"https:\/\/galicianparts.com\/shop\/wp-json\/wp\/v2\/media\/67743"}],"wp:attachment":[{"href":"https:\/\/galicianparts.com\/shop\/wp-json\/wp\/v2\/media?parent=67742"}],"wp:term":[{"taxonomy":"product_cat","embeddable":true,"href":"https:\/\/galicianparts.com\/shop\/wp-json\/wp\/v2\/product_cat?post=67742"},{"taxonomy":"product_tag","embeddable":true,"href":"https:\/\/galicianparts.com\/shop\/wp-json\/wp\/v2\/product_tag?post=67742"}],"curies":[{"name":"wp","href":"https:\/\/api.w.org\/{rel}","templated":true}]}}