{"id":68280,"date":"2023-02-15T11:55:52","date_gmt":"2023-02-15T09:55:52","guid":{"rendered":"https:\/\/galicianparts.com\/shop\/producto\/7547419-racor-engrase-turbo-fiat-uno-turbo-1989-1993-nuevo-original\/"},"modified":"2024-02-26T12:40:34","modified_gmt":"2024-02-26T10:40:34","slug":"7547419-racor-engrase-turbo-fiat-uno-turbo-1989-1993-nuevo-original","status":"publish","type":"product","link":"https:\/\/galicianparts.com\/shop\/producto\/7547419-racor-engrase-turbo-fiat-uno-turbo-1989-1993-nuevo-original\/","title":{"rendered":"7547419 Racor engrase turbo Fiat Uno Turbo (1989-1993) NUEVO ORIGINAL"},"content":{"rendered":"<p>Racor del tubo del aceite del turbo de:<br \/>\nM\u00e9trica 1: 16<br \/>\nM\u00e9trica 2: 12<br \/>\nDi\u00e1metro interior: 7,8 mm<br \/>\nLargo total: 28 mm<\/p>\n<p>FIAT &#8211; MT UNO TURBO R\/89 (1989-1993) 1300 USA&#8217;83<\/p>\n<p>LA PIEZA ES NUEVA Y ORIGINAL.<\/p>\n","protected":false},"excerpt":{"rendered":"<p>Racor del tubo del aceite del turbo de: M\u00e9trica 1: 16 M\u00e9trica 2: 12 Di\u00e1metro interior: 7,8 mm Largo total: 28 mm FIAT &#8211; MT UNO TURBO R\/89 (1989-1993) 1300 USA&#8217;83 LA PIEZA ES NUEVA Y ORIGINAL.<\/p>\n","protected":false},"featured_media":68284,"template":"","meta":{"_seopress_robots_primary_cat":"","_seopress_titles_title":"","_seopress_titles_desc":"","_seopress_robots_index":""},"product_cat":[20,114],"product_tag":[],"class_list":{"0":"post-68280","1":"product","2":"type-product","3":"status-publish","4":"has-post-thumbnail","6":"product_cat-recambios-fiat","7":"product_cat-recambios-fiat-uno","9":"first","10":"outofstock","11":"taxable","12":"shipping-taxable","13":"purchasable","14":"product-type-simple"},"_links":{"self":[{"href":"https:\/\/galicianparts.com\/shop\/wp-json\/wp\/v2\/product\/68280"}],"collection":[{"href":"https:\/\/galicianparts.com\/shop\/wp-json\/wp\/v2\/product"}],"about":[{"href":"https:\/\/galicianparts.com\/shop\/wp-json\/wp\/v2\/types\/product"}],"wp:featuredmedia":[{"embeddable":true,"href":"https:\/\/galicianparts.com\/shop\/wp-json\/wp\/v2\/media\/68284"}],"wp:attachment":[{"href":"https:\/\/galicianparts.com\/shop\/wp-json\/wp\/v2\/media?parent=68280"}],"wp:term":[{"taxonomy":"product_cat","embeddable":true,"href":"https:\/\/galicianparts.com\/shop\/wp-json\/wp\/v2\/product_cat?post=68280"},{"taxonomy":"product_tag","embeddable":true,"href":"https:\/\/galicianparts.com\/shop\/wp-json\/wp\/v2\/product_tag?post=68280"}],"curies":[{"name":"wp","href":"https:\/\/api.w.org\/{rel}","templated":true}]}}