{"id":68328,"date":"2023-02-15T14:13:45","date_gmt":"2023-02-15T12:13:45","guid":{"rendered":"https:\/\/galicianparts.com\/shop\/producto\/11087976-pack-10-presillas-m8-lancia-delta-evo-thema-fiat-citroen-peugeot-original\/"},"modified":"2024-07-17T11:25:30","modified_gmt":"2024-07-17T09:25:30","slug":"11087976-pack-10-presillas-m8-lancia-delta-evo-thema-fiat-citroen-peugeot-original","status":"publish","type":"product","link":"https:\/\/galicianparts.com\/shop\/producto\/11087976-pack-10-presillas-m8-lancia-delta-evo-thema-fiat-citroen-peugeot-original\/","title":{"rendered":"11087976 Pack 10 presillas M8 Lancia Delta Evo \/Thema \/Fiat \/Citroen \/Peugeot ORIGINAL"},"content":{"rendered":"<p>Juego, set de 10 circlips del regulador del freno trasero, varilla del cap\u00f3, alternador, pedal embrague, salpicadero, gu\u00eda asiento delantero, etc&#8230; de:<br \/>\nM\u00e9trica: 8<\/p>\n<p>FIAT &#8211; PC COUPE&#8217; (1994-1996) 2000 ASPIRATO \/ 2000 TURBO \/ 2000 ASP.(BRASILE)<br \/>\nFIAT &#8211; MZ CROMA CHT FL.90 (1990-1992) CARGA\u00a0BASE<br \/>\nFIAT &#8211; MZ CROMA CHT FL.90 (1990-1992)<br \/>\nFIAT &#8211; MY CROMA IE-IE TB. FL.90 (1990-1996)<br \/>\nFIAT &#8211; MY CROMA IE-IE TB. FL.90 (1990-1996) SELF-LEVELING SUSPENSIONS<br \/>\nFIAT &#8211; MY CROMA IE-IE TB. FL.90 (1990-1996)<br \/>\nFIAT &#8211; NQ CROMA IE. 2500 V6 (1993-1996)<br \/>\nFIAT &#8211; MJ CROMA TURBO DS FL.90 (1990-1996)<br \/>\nFIAT &#8211; XR MILLE (1994-1995)<br \/>\nFIAT &#8211; 1X PALIO 2V EXTRA EUROPA (1997-2002)<br \/>\nFIAT &#8211; 2H PALIO 2V EXTRA EUROPA REST. 2002 (2002-2011) HL (TR) \/ SPORT (TR) \/ HL SPEEDGEAR (TR) \/ S.E. GO \/ S.E. FEEL<br \/>\nFIAT &#8211; 2H PALIO 2V EXTRA EUROPA REST. 2002 (2002-2011) EDX (CN) \/ EL (CN) \/ ED TAXI (CN) \/ ELX (CN) \/ ELX\u00a0SPEEDGEAR\u00a0(CN) \/ EL\u00a0SPEEDGEAR\u00a0(CN)<br \/>\nFIAT &#8211; 2H PALIO 2V EXTRA EUROPA REST. 2002 (2002-2011) ELX\u00a0(EXPORT) \/ EX (MA) \/ BASIS ECONOMY (EXPORT)<br \/>\nFIAT &#8211; 2H PALIO 2V EXTRA EUROPA REST. 2002 (2002-2011) SL (TR) \/ EL (TR) \/ EL\u00a0SPEEDGEAR\u00a0(TR) \/ VAN (TR)<br \/>\nFIAT &#8211; 2H PALIO 2V EXTRA EUROPA REST. 2002 (2002-2011) EL (IND) \/ ELX (IND) \/ GT (IND) \/ SPORT (IND.)<br \/>\nFIAT &#8211; 2H PALIO 2V EXTRA EUROPA REST. 2002 (2002-2011) GO BASIC 3DR (ZA) \/ GO BASIC 5DR (ZA)<br \/>\nFIAT &#8211; 2H PALIO 2V EXTRA EUROPA REST. 2002 (2002-2011) EL (RO)<br \/>\nFIAT &#8211; 2H PALIO 2V EXTRA EUROPA REST. 2002 (2002-2011) EX (CN) MY2004 \/ HL SPEEDGEAR 5DOOR (CN) MY 2004 \/ HL (CN) MY 2004 \/ HL AUTOMATIC TRANSMISSION (CN) MY 2004 C \/ FX\u00a0(CN)\u00a0MY\u00a02005\u00a0CF2<br \/>\nFIAT &#8211; 2H PALIO 2V EXTRA EUROPA REST. 2002 (2002-2011) NUEVO ACTIVE (TURQUIA) \/ NUEVO DYNAMIC (TURQUIA)<br \/>\nFIAT &#8211; 3D PALIO 2V REST.2 (2005-2011) BASE ECONOMY EXPORTACION \/ BASE EXPORT<br \/>\nFIAT &#8211; 2G PALIO WE EUROPA REST. (2002-2004)<br \/>\nFIAT &#8211; 1Y PALIO WE EXTRA EUROPA (1997-2002) EL (PL) \/ HL (PL) \/ EL (TR) \/ HL (TR) \/ EL (CSI) \/ \u00abS\u00bb(TR) \/ ELX (MARUECOS)<br \/>\nFIAT &#8211; 1Y PALIO WE EXTRA EUROPA (1997-2002) EL MY.2000 (PL) \/ HL MY.2000 (PL)<br \/>\nFIAT &#8211; 1Y PALIO WE EXTRA EUROPA (1997-2002) EL (ZA) \/ HL (ZA) \/ SW EL (IND) \/ SW HL (IND) \/ EL MY 2002 (ZA) \/ HL MY 2002 (ZA)<br \/>\nFIAT &#8211; 2K PALIO WE EXTRA EUROPA REST. 2002 (2002-2008) EL (PL) \/ HL (PL) \/ SL (TR) \/ EL (TR) \/ HL (TR)<br \/>\nFIAT &#8211; 2K PALIO WE EXTRA EUROPA REST. 2002 (2002-2008) ELX (IND.) \/ ELX (IND.)<br \/>\nFIAT &#8211; 2K PALIO WE EXTRA EUROPA REST. 2002 (2002-2008) EL(CN) \/ ADVENTURE(CN) \/ HL SPEEDGEAR(CN) \/ ELX(CN \/ HL (CN) MY 2004 \/ HLX-T.A. (CN)MY 2004 \/ HL SPEEDGEAR-T.A. (CN) M,Y 2004 \/ HL AUTOMATIC TRANSMISSION (CN) MY 2004 C<br \/>\nFIAT &#8211; 2K PALIO WE EXTRA EUROPA REST. 2002 (2002-2008) ELX\u00a0(EXPORT)<br \/>\nFIAT &#8211; PY PALIO\/WEEKEND EUROPA (1997-2002)<br \/>\nFIAT &#8211; 2A SIENA EXTRA EUROPA (1997-2002) CONDUCCION A\u00a0IZQUIERDA<br \/>\nFIAT &#8211; 2A SIENA EXTRA EUROPA (1997-2002) CONDUCCION\u00a0A DERECHA<br \/>\nFIAT &#8211; 2L SIENA EXTRA EUROPA REST.(2002-2012) EL (PL) \/ HL (PL) \/ HL (TR) \/ HL SPEEDGEAR \/ MAXI EL (VN) \/ \u00abMAXI HL\u00bb (VN)<br \/>\nFIAT &#8211; 2L SIENA EXTRA EUROPA REST.(2002-2012) SL (TR) \/ EL (TR)<br \/>\nFIAT &#8211; 2L SIENA EXTRA EUROPA REST.(2002-2012) SL (TR) \/ EL (TR) \/ BASE &#8211; BASIC-D<br \/>\nFIAT &#8211; 2L SIENA EXTRA EUROPA REST.(2002-2012) EX (IND) \/ ELX (IND) \/ MAESTRO (IND) \/ EL (IND)<br \/>\nFIAT &#8211; 2L SIENA EXTRA EUROPA REST.(2002-2012) EDX (CN) \/ ED TAXI (CN) \/ EL (CN) \/ ELX (CN) \/ HL SPEEDGEAR (CN)<br \/>\nFIAT &#8211; 2L SIENA EXTRA EUROPA REST.(2002-2012) ELX (ET) \/ ELX SPEEDGEAR (ET) \/ HLX (ET)<br \/>\nFIAT &#8211; 2L SIENA EXTRA EUROPA REST.(2002-2012) EX (CN) MY 2004 CF2 \/ HL (CN) MY 2004 \/ HL SPEEDGEAR (CN) MY 2004 \/ HLX (CN) MY 2004 \/ HL AUTOMATIC TRANSMISSION (CN) MY 2004 C<br \/>\nFIAT &#8211; 2L SIENA EXTRA EUROPA REST.(2002-2012) ELX\u00a0(EXPORT) \/ EX (MA) \/ ECONOMY (EXPORT)<br \/>\nFIAT &#8211; 2L SIENA EXTRA EUROPA REST.(2002-2012) EL\u00a0(ZA) \/ ELX\u00a0(ZA)<br \/>\nFIAT &#8211; 2L SIENA EXTRA EUROPA REST.(2002-2012) BASIC (TURQUIA) \/ HIGH (TURQUIA)<br \/>\nFIAT &#8211; 2L SIENA EXTRA EUROPA REST.(2002-2012) BASE IRAN \/ FUNCIONAL IRAN<br \/>\nFIAT &#8211; 3E SIENA REST.2 (2005-2011) BASE\u00a0(EXPORT)<br \/>\nFIAT &#8211; NZ TEMPRA MAQ.93 1750-2000 (&#8217;93-&#8217;96) 1750 USA&#8217;83 77KW (835C2) \/ 1750 USA&#8217;83 66KW (835C4) \/ 1750 CEE F2 97CV (71KW)<br \/>\nFIAT &#8211; NU TIPO MQ.93 1750-2000 (1993-1995) 1750 105CV (77KW) \/ 1750 USA&#8217;83 90CV (66KW) \/ 1750 CEE F2 97CV (71KW) \/ 1750 CEE F2 90CV (66KW)<br \/>\nFIAT &#8211; NU TIPO MQ.93 1750-2000 (1993-1995) 2000 16V \/ 2000 16V (BRASIL)<br \/>\nFIAT &#8211; MP TIPO SPORT 16V IE. (1988-1993) 2000 USA&#8217;83<br \/>\nFIAT &#8211; ML UNO CS (1988-1990)<br \/>\nFIAT &#8211; 1D UNO MONDO (1995-2010) BASIC (MA) FL 2004<br \/>\nLANCIA &#8211; SL DEDRA FL.94 1580-1750 8\/16V 2000 (1994-1999) 1750 MPI<br \/>\nLANCIA &#8211; SM DEDRA FL.94 1750-2.0 (1994-1999) 2000 16V<br \/>\nLANCIA &#8211; RT DELTA 4WD (1986-1991) 2000 8V \/ 2000 8V COMP.MIGLIORATA<br \/>\nLANCIA &#8211; RT DELTA 4WD (1986-1991) 2000 8V USA 83 \/ 2000 16V<br \/>\nLANCIA &#8211; RT DELTA 4WD (1986-1991)<br \/>\nLANCIA &#8211; SA DELTA EVOLUZIONE (1991-1994)<br \/>\nLANCIA &#8211; TB DELTA R.86 BZ\/DS (1986-1992) CONDUCCION A\u00a0IZQUIERDA \/ 1100 CARB \/ 1300 CARB \/ 1500 CARB<br \/>\nLANCIA &#8211; TB DELTA R.86 BZ\/DS (1986-1992) CONDUCCION\u00a0A DERECHA \/ 1100 CARB \/ 1300 CARB \/ 1500 CARB<br \/>\nLANCIA &#8211; TB DELTA R.86 BZ\/DS (1986-1992) CONDUCCION A\u00a0IZQUIERDA \/ 1600 MPI \/ 1600 SPI USA 83 \/ 1600 MPI TB \/ 1600 MPI TB USA 83 \/ 1930 TB\/DS<br \/>\nLANCIA &#8211; TB DELTA R.86 BZ\/DS (1986-1992) CONDUCCION\u00a0A DERECHA \/ 1600 MPI \/ 1600 SPI USA 83 \/ 1600 MPI TB \/ 1600 MPI TB USA 83<br \/>\nLANCIA &#8211; TB DELTA R.86 BZ\/DS (1986-1992) 1100 CARB \/ 1300 CARB \/ 1500 CARB<br \/>\nLANCIA &#8211; TB DELTA R.86 BZ\/DS (1986-1992) 1600 MPI \/ 1600 SPI USA 83 \/ 1600 MPI TB \/ 1600 MPI TB USA 83<br \/>\nLANCIA &#8211; TB DELTA R.86 BZ\/DS (1986-1992) 1930 TB\/DS<br \/>\nLANCIA &#8211; SS KAPPA  3.0 V6 (1994-2001)<br \/>\nLANCIA &#8211; SV KAPPA  COUPE&#8217; (1997-2001)<br \/>\nLANCIA &#8211; SP KAPPA BZ 2000-2400 (1994-2001)<br \/>\nLANCIA &#8211; SR KAPPA DIESEL (1994-2001) 2400 T.DS(838A3.000) \/ 2400 T.DS(838A7.000)<br \/>\nLANCIA &#8211; SR KAPPA DIESEL (1994-2001) 2400 T.DS(838A7.000) \/ 2400 JTD CF2<br \/>\nLANCIA &#8211; SF N.DELTA 1400-1600-1800(1993-1999) 1750 105CV (77KW) \/ 1750 90CV (66KW) \/ 1750 CEE F2 97CV (71KW) \/ 1750 CEE F2 90CV (66KW)<br \/>\nLANCIA &#8211; SG N.DELTA 2.0 -1750 132CV (&#8217;93-&#8217;99) 2000 16V ASP. \/ 2000 16V TB USA 83 \/ 2000 16V TB CEE F2<br \/>\nLANCIA &#8211; SD THEMA 3.0 V6 FL.92 (1992-1994)<br \/>\nLANCIA &#8211; SZ THEMA BZ\/DS R.88 (1988-1992) BN 8V \/ BN 16V \/ SW 16V \/ BN TB LX 16V<br \/>\nLANCIA &#8211; SZ THEMA BZ\/DS R.88 (1988-1992) BN TB\/DS \/ SW TB\/DS<br \/>\nLANCIA &#8211; SZ THEMA BZ\/DS R.88 (1988-1992) BN 6V<br \/>\nLANCIA &#8211; SZ THEMA BZ\/DS R.88 (1988-1992) BN 8.32<br \/>\nLANCIA &#8211; SZ THEMA BZ\/DS R.88 (1988-1992) SELF-LEVELING SUSPENSIONS<br \/>\nLANCIA &#8211; SZ THEMA BZ\/DS R.88 (1988-1992) SUSPENC CON AMORTIGUAMIENTO CONTROLADO \/ SELF-LEVELING SUSPENSIONS<br \/>\nLANCIA &#8211; SZ THEMA BZ\/DS R.88 (1988-1992)<br \/>\nLANCIA &#8211; SE THEMA I.E. 8V FL.92 (1992-1994)<br \/>\nLANCIA &#8211; SB THEMA IE. 16V FL.92 (1992-1994)<br \/>\nLANCIA &#8211; SC THEMA TURBO DS FL.92 (1992-1994)<br \/>\nLANCIA &#8211; SU Y (1995-2000)<br \/>\nLANCIA &#8211; TA Y FL.2000 (2000-2003)<br \/>\nLANCIA &#8211; ZM Y10 R.92 (1992-1995) 1.1 I.E. \/ 1.1 ELITE \/ 1.3 ELITE \/ 4WD<br \/>\nLANCIA &#8211; ZM Y10 R.92 (1992-1995) AVENUE HASTA VEH.3472688 \/ AVENUE VEH.N.3472688 \/ AVENUE ECE 2<br \/>\nFIAT PROFESSIONAL &#8211; PD DUCATO &#8217;94 BENZINA (1994-2002) THREE-ABREAST FRONT SEATS<br \/>\nFIAT PROFESSIONAL &#8211; ND DUCATO 4X4 R.90 (1990-1994) FRONT SEATS BACK W\/MEMORY<br \/>\nFIAT PROFESSIONAL &#8211; ND DUCATO 4X4 R.90 (1990-1994) THREE-ABREAST FRONT SEATS<br \/>\nFIAT PROFESSIONAL &#8211; PE DUCATO&#8217;94 DIESEL (1994-2002) THREE-ABREAST FRONT SEATS<br \/>\nFIAT PROFESSIONAL &#8211; 3A FIORINO EXPORT (2004-2008) VAN<br \/>\nFIAT PROFESSIONAL &#8211; NB NUOVO DUCATO BZ R.90 (1990-1994) FRONT SEATS BACK W\/MEMORY<br \/>\nFIAT PROFESSIONAL &#8211; NB NUOVO DUCATO BZ R.90 (1990-1994) THREE-ABREAST FRONT SEATS<br \/>\nFIAT PROFESSIONAL &#8211; NB NUOVO DUCATO BZ R.90 (1990-1994) PANORAMA<br \/>\nFIAT PROFESSIONAL &#8211; NA NUOVO DUCATO DS.R.90 (1990-1994) FRONT SEATS BACK W\/MEMORY<br \/>\nFIAT PROFESSIONAL &#8211; NA NUOVO DUCATO DS.R.90 (1990-1994) THREE-ABREAST FRONT SEATS<br \/>\nFIAT PROFESSIONAL &#8211; NA NUOVO DUCATO DS.R.90 (1990-1994) PANORAMA<br \/>\nFIAT PROFESSIONAL &#8211; 1G STRADA (1999-2005) TREKKING ANTERIOR AL  F.L.<br \/>\nFIAT PROFESSIONAL &#8211; 1G STRADA (1999-2005) TREKKING-SIRIA<br \/>\nFIAT PROFESSIONAL &#8211; 1G STRADA (1999-2005) TREKKING F.L.SYRIA<br \/>\nFIAT PROFESSIONAL &#8211; 1G STRADA (1999-2005) TREKKING F.L CABINA CORTA \/ TREKKING F.L. CABINA LUNGA<br \/>\nFIAT PROFESSIONAL &#8211; 3G STRADA REST. 2 (2005-2011) EL\u00a0(ZA) \/ ELX\u00a0(ZA)<br \/>\nFIAT PROFESSIONAL &#8211; 3G STRADA REST. 2 (2005-2011) TREKKING SHORT CAB \/ TREKKING LONG CAB<br \/>\nFIAT PROFESSIONAL &#8211; NC TALENTO R.90 (1990-1994)<br \/>\nFIAT PROFESSIONAL &#8211; NC TALENTO R.90 (1990-1994) FRONT SEATS BACK W\/MEMORY \/ THREE-ABREAST FRONT SEATS<br \/>\nAUTOBIANCHI &#8211; Y10<\/p>\n<p>LA PIEZA ES NUEVA Y ORIGINAL.<\/p>\n","protected":false},"excerpt":{"rendered":"<p>Juego, set de 10 circlips del regulador del freno trasero, varilla del cap\u00f3, alternador, pedal embrague, salpicadero, gu\u00eda asiento delantero, etc&#8230; de: M\u00e9trica: 8 FIAT &#8211; PC COUPE&#8217; (1994-1996) 2000 ASPIRATO \/ 2000 TURBO \/ 2000 ASP.(BRASILE) FIAT &#8211; MZ CROMA CHT FL.90 (1990-1992) CARGA\u00a0BASE FIAT &#8211; MZ CROMA CHT FL.90 (1990-1992) FIAT &#8211; MY [&hellip;]<\/p>\n","protected":false},"featured_media":89011,"template":"","meta":{"_seopress_robots_primary_cat":"","_seopress_titles_title":"","_seopress_titles_desc":"","_seopress_robots_index":""},"product_cat":[25,85,86,117,118,88,20,91,119,21,98,107,109,110,111,124,112,114,126,64,127],"product_tag":[],"class_list":{"0":"post-68328","1":"product","2":"type-product","3":"status-publish","4":"has-post-thumbnail","6":"product_cat-recambios-autobianchi","7":"product_cat-recambios-fiat-coupe","8":"product_cat-recambios-fiat-croma","9":"product_cat-recambios-lancia-dedra","10":"product_cat-recambios-lancia-delta","11":"product_cat-recambios-fiat-ducato","12":"product_cat-recambios-fiat","13":"product_cat-recambios-fiat-fiorino","14":"product_cat-recambios-lancia-kappa","15":"product_cat-recambios-lancia","16":"product_cat-recambios-fiat-palio","17":"product_cat-recambios-fiat-siena","18":"product_cat-recambios-fiat-strada","19":"product_cat-recambios-fiat-talento","20":"product_cat-recambios-fiat-tempra","21":"product_cat-recambios-lancia-thema","22":"product_cat-recambios-fiat-tipo","23":"product_cat-recambios-fiat-uno","24":"product_cat-recambios-lancia-y10","25":"product_cat-recambios-autobianchi-y10","26":"product_cat-recambios-lancia-ypsilon","28":"first","29":"instock","30":"taxable","31":"shipping-taxable","32":"purchasable","33":"product-type-simple"},"_links":{"self":[{"href":"https:\/\/galicianparts.com\/shop\/wp-json\/wp\/v2\/product\/68328"}],"collection":[{"href":"https:\/\/galicianparts.com\/shop\/wp-json\/wp\/v2\/product"}],"about":[{"href":"https:\/\/galicianparts.com\/shop\/wp-json\/wp\/v2\/types\/product"}],"wp:featuredmedia":[{"embeddable":true,"href":"https:\/\/galicianparts.com\/shop\/wp-json\/wp\/v2\/media\/89011"}],"wp:attachment":[{"href":"https:\/\/galicianparts.com\/shop\/wp-json\/wp\/v2\/media?parent=68328"}],"wp:term":[{"taxonomy":"product_cat","embeddable":true,"href":"https:\/\/galicianparts.com\/shop\/wp-json\/wp\/v2\/product_cat?post=68328"},{"taxonomy":"product_tag","embeddable":true,"href":"https:\/\/galicianparts.com\/shop\/wp-json\/wp\/v2\/product_tag?post=68328"}],"curies":[{"name":"wp","href":"https:\/\/api.w.org\/{rel}","templated":true}]}}