{"id":69142,"date":"2023-02-28T10:29:00","date_gmt":"2023-02-28T08:29:00","guid":{"rendered":"https:\/\/galicianparts.com\/shop\/producto\/2000038300-util-ajuste-ciguenal-m-900cc-fiat-lancia-nuevo-original\/"},"modified":"2025-01-17T11:17:30","modified_gmt":"2025-01-17T09:17:30","slug":"2000038300-util-ajuste-ciguenal-m-900cc-fiat-lancia-nuevo-original","status":"publish","type":"product","link":"https:\/\/galicianparts.com\/shop\/producto\/2000038300-util-ajuste-ciguenal-m-900cc-fiat-lancia-nuevo-original\/","title":{"rendered":"2000038300 \u00datil ajuste cig\u00fce\u00f1al M 900cc Fiat \/ Lancia NUEVO ORIGINAL"},"content":{"rendered":"<p>Herramienta, plantilla del eje equilibrador de los motores 900cc de Fiat \/ Lancia.<\/p>\n<p>LA PIEZA ES NUEVA Y ORIGINAL.<\/p>\n","protected":false},"excerpt":{"rendered":"<p>Herramienta, plantilla del eje equilibrador de los motores 900cc de Fiat \/ Lancia. LA PIEZA ES NUEVA Y ORIGINAL.<\/p>\n","protected":false},"featured_media":69148,"template":"","meta":{"_seopress_robots_primary_cat":"","_seopress_titles_title":"","_seopress_titles_desc":"","_seopress_robots_index":""},"product_cat":[20,21],"product_tag":[],"class_list":{"0":"post-69142","1":"product","2":"type-product","3":"status-publish","4":"has-post-thumbnail","6":"product_cat-recambios-fiat","7":"product_cat-recambios-lancia","9":"first","10":"outofstock","11":"taxable","12":"shipping-taxable","13":"purchasable","14":"product-type-simple"},"_links":{"self":[{"href":"https:\/\/galicianparts.com\/shop\/wp-json\/wp\/v2\/product\/69142"}],"collection":[{"href":"https:\/\/galicianparts.com\/shop\/wp-json\/wp\/v2\/product"}],"about":[{"href":"https:\/\/galicianparts.com\/shop\/wp-json\/wp\/v2\/types\/product"}],"wp:featuredmedia":[{"embeddable":true,"href":"https:\/\/galicianparts.com\/shop\/wp-json\/wp\/v2\/media\/69148"}],"wp:attachment":[{"href":"https:\/\/galicianparts.com\/shop\/wp-json\/wp\/v2\/media?parent=69142"}],"wp:term":[{"taxonomy":"product_cat","embeddable":true,"href":"https:\/\/galicianparts.com\/shop\/wp-json\/wp\/v2\/product_cat?post=69142"},{"taxonomy":"product_tag","embeddable":true,"href":"https:\/\/galicianparts.com\/shop\/wp-json\/wp\/v2\/product_tag?post=69142"}],"curies":[{"name":"wp","href":"https:\/\/api.w.org\/{rel}","templated":true}]}}