{"id":69361,"date":"2023-03-02T20:44:41","date_gmt":"2023-03-02T18:44:41","guid":{"rendered":"https:\/\/galicianparts.com\/shop\/producto\/12619-bobina-encendido-lancia-delta-evo-dedra-alfa-33-145-fiat-punto-panda-nueva-intermotor\/"},"modified":"2025-09-27T14:58:29","modified_gmt":"2025-09-27T12:58:29","slug":"12619-bobina-encendido-lancia-delta-evo-dedra-alfa-33-145-fiat-punto-panda-nueva-intermotor","status":"publish","type":"product","link":"https:\/\/galicianparts.com\/shop\/producto\/12619-bobina-encendido-lancia-delta-evo-dedra-alfa-33-145-fiat-punto-panda-nueva-intermotor\/","title":{"rendered":"12619 Bobina encendido Lancia Delta Evo \/Dedra \/Alfa 33 \/145 \/Fiat Punto \/Panda NUEVA INTERMOTOR"},"content":{"rendered":"<p>46548037 Bobina del encendido INTERMOTOR de:<br \/>\nN\u00famero de polos: 2<br \/>\nTensi\u00f3n [V]: 12<\/p>\n<p>FIAT Cinquecento (170)<br \/>\n0.7, A\u00f1o 12.1991 &#8211; 01.1996, 704 , 31<br \/>\n0.7 i, A\u00f1o 07.1994 &#8211; 01.1998, 704 , 30<br \/>\n0.9, A\u00f1o 07.1991 &#8211; 12.1993, 903 , 41<br \/>\n0.9 i.e., A\u00f1o 07.1991 &#8211; 12.1993, 903 , 41<br \/>\n0.9 i.e. S, A\u00f1o 07.1991 &#8211; 07.1999, 899 , 40<br \/>\n1.1 Sporting, A\u00f1o 10.1994 &#8211; 01.1998, 1108 , 54<br \/>\nFIAT Tempra (159)<br \/>\n1.8 i.e., A\u00f1o 03.1992 &#8211; 08.1996, 1756 , 105<br \/>\n1.8 i.e., A\u00f1o 03.1990 &#8211; 08.1996, 1756 , 110<br \/>\n1.8 i.e., A\u00f1o 09.1993 &#8211; 08.1996, 1756 , 103<br \/>\n1.8 i.e., A\u00f1o 09.1993 &#8211; 08.1996, 1756 , 90<br \/>\n1.8 i.e., A\u00f1o 10.1994 &#8211; 08.1996, 1756 , 101<br \/>\n2.0, A\u00f1o 05.1994 &#8211; 12.1998, 1995 , 110<br \/>\nFIAT Panda I (141)<br \/>\n1.0 4&#215;4, A\u00f1o 05.1986 &#8211; 12.1994, 999 , 45<br \/>\n1.0 i.e. KAT, A\u00f1o 10.1987 &#8211; 08.1998, 999 , 45<br \/>\n1.1, A\u00f1o 05.1991 &#8211; 12.1999, 1108 , 50<br \/>\n1.1, A\u00f1o 02.1995 &#8211; 09.2003, 1108 , 54<br \/>\n1.1 4&#215;4, A\u00f1o 02.1995 &#8211; 07.2004, 1108 , 54<br \/>\n1.1 Trekking 4&#215;4, A\u00f1o 10.1991 &#8211; 07.2004, 1108 , 50<br \/>\n0.9, A\u00f1o 04.1992 &#8211; 12.1996, 899 , 40<br \/>\nFIAT Tipo (160)<br \/>\n1.8 i.e, A\u00f1o 03.1993 &#8211; 04.1995, 1756 , 97<br \/>\n1.8 i.e., A\u00f1o 09.1993 &#8211; 04.1995, 1756 , 90<br \/>\n1.8 i.e., A\u00f1o 10.1990 &#8211; 06.1993, 1756 , 110<br \/>\n1.8 i.e., A\u00f1o 10.1990 &#8211; 06.1993, 1756 , 105<br \/>\n1.8 i.e., A\u00f1o 04.1993 &#8211; 04.1995, 1756 , 103<br \/>\n1.8 i.e., A\u00f1o 10.1994 &#8211; 10.1995, 1756 , 101<br \/>\nFIAT Fiorino II Furg\u00f3n (146)<br \/>\n1.2, A\u00f1o 01.2004 &#8211; &#8230;, 1242 , 68<br \/>\nFIAT Punto I (176)<br \/>\n1.2 16V, A\u00f1o 04.1997 &#8211; 09.1999, 1242 , 86<br \/>\n1.1 55, A\u00f1o 09.1993 &#8211; 09.1999, 1108 , 54<br \/>\n1.2 60, A\u00f1o 01.1994 &#8211; 09.1999, 1242 , 58<br \/>\n1.2 60, A\u00f1o 09.1993 &#8211; 09.1999, 1242 , 60<br \/>\n1.2 75, A\u00f1o 10.1993 &#8211; 09.1999, 1242 , 73<br \/>\nFIAT Punto I Cabrio (176)<br \/>\n1.2 60, A\u00f1o 04.1994 &#8211; 06.2000, 1242 , 58<br \/>\n1.2 60, A\u00f1o 05.1995 &#8211; 06.2000, 1242 , 60<br \/>\n1.2 16V 85, A\u00f1o 04.1997 &#8211; 06.2000, 1242 , 86<br \/>\nFIAT Uno (146)<br \/>\n1.0, A\u00f1o 05.1993 &#8211; 06.2001, 994 , 57<br \/>\nFIAT Palio I Hatchback (178)<br \/>\n1.0, A\u00f1o 04.1996 &#8211; 10.2003, 994 , 61<br \/>\n1.0, A\u00f1o 04.1996 &#8211; 10.2003, 994 , 77<br \/>\n1.2, A\u00f1o 07.1997 &#8211; 08.2002, 1242 , 60<br \/>\n1.2, A\u00f1o 06.1999 &#8211; 10.2000, 1242 , 68<br \/>\n1.2, A\u00f1o 07.2001 &#8211; 06.2005, 1242 , 73<br \/>\n1.2, A\u00f1o 06.1998 &#8211; &#8230;, 1242 , 73<br \/>\n1.4, A\u00f1o 04.1996 &#8211; 10.2002, 1372 , 69<br \/>\n1.4 CAT, A\u00f1o 04.1996 &#8211; 08.2001, 1372 , 69<br \/>\n1.5, A\u00f1o 06.2004 &#8211; &#8230;, 1461 , 84<br \/>\nFIAT Palio I Weekend (178) (A\u00f1o 04.1996 &#8211; &#8230;)<br \/>\n1.0, A\u00f1o 07.1998 &#8211; 10.2003, 994 , 61<br \/>\n1.2, A\u00f1o 07.1997 &#8211; 10.2004, 1242 , 60<br \/>\n1.2, A\u00f1o 06.1999 &#8211; 10.2002, 1242 , 68<br \/>\n1.2, A\u00f1o 04.1996 &#8211; 02.2001, 1242 , 73<br \/>\n1.4, A\u00f1o 07.1997 &#8211; 08.2001, 1372 , 69<br \/>\n1.5, A\u00f1o 02.2002 &#8211; &#8230;, 1461 , 84<br \/>\n1.6, A\u00f1o 07.1997 &#8211; &#8230;, 1581 , 95<br \/>\n1.6 16V, A\u00f1o 07.1997 &#8211; 10.2003, 1581 , 92<br \/>\nFIAT Seicento (187)<br \/>\n0.9, A\u00f1o 01.1998 &#8211; 01.2010, 899 , 39<br \/>\n1.1, A\u00f1o 01.1998 &#8211; 01.2010, 1108 , 54<br \/>\nFIAT Coupe (175)<br \/>\n2.0 16V Turbo, A\u00f1o 11.1993 &#8211; 08.1996, 1995 , 190<br \/>\nFIAT Strada Pick-up (178)<br \/>\n1.2, A\u00f1o 04.2003 &#8211; &#8230;, 1242 , 60<br \/>\n1.2, A\u00f1o 06.1999 &#8211; 12.2006, 1242 , 73<br \/>\nFIAT Punto II (188)<br \/>\n1.2 60, A\u00f1o 09.1999 &#8211; 12.2010, 1242 , 60<br \/>\n1.2 Bifuel, A\u00f1o 08.2007 &#8211; 03.2012, 1242 , 60<br \/>\n1.2 Natural Power, A\u00f1o 09.2003 &#8211; 03.2012, 1242 , 60<br \/>\nFIAT Elba<br \/>\n1.5, A\u00f1o 01.1992 &#8211; 12.1996, 1497 , 67<br \/>\nFIAT Siena (178, 172)<br \/>\n1.2, A\u00f1o 09.2001 &#8211; 12.2009, 1242 , 60<br \/>\n1.2, A\u00f1o 06.2004 &#8211; 12.2009, 1242 , 71<br \/>\n1.2, A\u00f1o 09.1998 &#8211; 12.2009, 1242 , 73<br \/>\n1.2 Flex, A\u00f1o 03.2004 &#8211; 05.2005, 1242 , 71<br \/>\n1.4, A\u00f1o 04.1996 &#8211; 12.2009, 1372 , 69<br \/>\n1.4 CAT, A\u00f1o 04.1996 &#8211; 12.2009, 1372 , 69<br \/>\n1.5, A\u00f1o 06.2004 &#8211; 12.2009, 1461 , 84<br \/>\nFIAT Doblo I (119, 223)<br \/>\n1.2, A\u00f1o 03.2001 &#8211; &#8230;, 1242 , 65<br \/>\nFIAT Panda II (169)<br \/>\n1.1, A\u00f1o 09.2003 &#8211; &#8230;, 1108 , 54<br \/>\n1.2, A\u00f1o 09.2003 &#8211; &#8230;, 1242 , 60<br \/>\n1.2 4&#215;4, A\u00f1o 10.2004 &#8211; &#8230;, 1242 , 60<br \/>\n1.2 LPG, A\u00f1o 04.2009 &#8211; &#8230;, 1242 , 60<br \/>\n1.2 LPG, A\u00f1o 11.2010 &#8211; 08.2013, 1242 , 69<br \/>\n1.2 Natural Power, A\u00f1o 01.2007 &#8211; 12.2011, 1242 , 60<br \/>\nFIAT Panda III Hatchback (312, 319)<br \/>\n0.9, A\u00f1o 02.2012 &#8211; &#8230;, 964 , 65<\/p>\n<p>ALFA ROMEO 145 (930)<br \/>\n1.4 i.e. (930.A3), A\u00f1o 07.1994 &#8211; 12.1996, 1351 , 90<br \/>\nALFA ROMEO 155 (167)<br \/>\n2.0 16V Turbo Q4, A\u00f1o 01.1992 &#8211; 12.1997, 1995 , 186<br \/>\n2.0 16V Turbo Q4 (167.A2B, 167.A2C, 167.A2E), A\u00f1o 01.1992 &#8211; 12.1997, 1995 , 190<br \/>\nALFA ROMEO 33 Hatchback (905)<br \/>\n1.3, A\u00f1o 05.1983 &#8211; 12.1989, 1351 , 79<br \/>\n1.3, A\u00f1o 10.1984 &#8211; 12.1989, 1351 , 86<br \/>\n1.3, A\u00f1o 06.1983 &#8211; 12.1989, 1351 , 75<br \/>\nALFA ROMEO 33 Hatchback (907A)<br \/>\n1.4 i.e., A\u00f1o 06.1991 &#8211; 09.1994, 1351 , 88<br \/>\n1.4 i.e., A\u00f1o 06.1991 &#8211; 09.1994, 1351 , 90<br \/>\nALFA ROMEO 33 Sportwagon (905A)<br \/>\n1.4, A\u00f1o 01.1984 &#8211; 12.1988, 1351 , 90<br \/>\nALFA ROMEO 33 Sportwagon (907B)<br \/>\nALFA ROMEO 146 (930)<br \/>\n1.4 i.e. (930.B3), A\u00f1o 12.1994 &#8211; 12.1996, 1351 , 90<\/p>\n<p>LANCIA Dedra Berlina (835)<br \/>\n1.8 i.e., A\u00f1o 09.1989 &#8211; 06.1994, 1756 , 109<br \/>\n1.8 i.e., A\u00f1o 09.1989 &#8211; 07.1999, 1756 , 105<br \/>\n1.8 i.e., A\u00f1o 07.1994 &#8211; 07.1999, 1756 , 101<br \/>\nLANCIA Delta I (831)<br \/>\n2.0 16V HF Evo Integrale, A\u00f1o 06.1993 &#8211; 01.1994, 1995 , 211<br \/>\n2.0 16V HF Integrale, A\u00f1o 03.1989 &#8211; 09.1991, 1995 , 196<br \/>\nLANCIA Delta II (836)<br \/>\n1.8 i.e., A\u00f1o 06.1993 &#8211; 08.1999, 1756 , 103<br \/>\n1.8 i.e., A\u00f1o 07.1994 &#8211; 08.1999, 1756 , 90<br \/>\n2.0 16V Turbo, A\u00f1o 06.1993 &#8211; 08.1999, 1995 , 186<br \/>\n2.0 16V Turbo, A\u00f1o 07.1996 &#8211; 08.1999, 1995 , 193<br \/>\nLANCIA Thema Berlina (834)<br \/>\n2.0 16V Turbo, A\u00f1o 12.1988 &#8211; 06.1990, 1995 , 181<br \/>\n2.0 i.e. 16V, A\u00f1o 05.1988 &#8211; 08.1992, 1995 , 147<br \/>\n2.0 i.e. 16V, A\u00f1o 02.1989 &#8211; 05.1992, 1995 , 141<br \/>\n2.0 i.e. 16V Turbo, A\u00f1o 04.1989 &#8211; 05.1992, 1995 , 177<br \/>\nLANCIA Thema Familiar (834)<br \/>\n2.0 i.e. 16V, A\u00f1o 05.1989 &#8211; 08.1992, 1995 , 147<br \/>\n2.0 i.e. 16V, A\u00f1o 02.1989 &#8211; 05.1992, 1995 , 141<br \/>\n2.0 i.e. 16V Turbo, A\u00f1o 12.1988 &#8211; 06.1990, 1995 , 181<br \/>\n2.0 i.e. 16V Turbo, A\u00f1o 04.1989 &#8211; 03.1993, 1995 , 177<br \/>\n2.0 Turbo, A\u00f1o 12.1988 &#8211; 03.1992, 1995 , 150<br \/>\nLANCIA Y (840)<br \/>\n1.1, A\u00f1o 11.1995 &#8211; 09.2003, 1108 , 54<br \/>\n1.2, A\u00f1o 03.1996 &#8211; 09.2003, 1242 , 60<br \/>\n1.2 16V, A\u00f1o 04.1997 &#8211; 09.2003, 1242 , 86<br \/>\nLANCIA Ypsilon II (843)<br \/>\n1.2, A\u00f1o 10.2003 &#8211; 12.2011, 1242 , 60<br \/>\n1.2, A\u00f1o 08.2010 &#8211; 12.2011, 1242 , 69<br \/>\n1.2, A\u00f1o 10.2003 &#8211; 12.2011, 1242 , 80<br \/>\nLANCIA Ypsilon III (312)<br \/>\n1.2, A\u00f1o 05.2011 &#8211; &#8230;, 1242 , 69<br \/>\n1.2 Bifuel, A\u00f1o 05.2011 &#8211; &#8230;, 1242 , 67<\/p>\n<p>LA PIEZA ES NUEVA INTERMOTOR.<\/p>\n","protected":false},"excerpt":{"rendered":"<p>46548037 Bobina del encendido INTERMOTOR de: N\u00famero de polos: 2 Tensi\u00f3n [V]: 12 FIAT Cinquecento (170) 0.7, A\u00f1o 12.1991 &#8211; 01.1996, 704 , 31 0.7 i, A\u00f1o 07.1994 &#8211; 01.1998, 704 , 30 0.9, A\u00f1o 07.1991 &#8211; 12.1993, 903 , 41 0.9 i.e., A\u00f1o 07.1991 &#8211; 12.1993, 903 , 41 0.9 i.e. S, A\u00f1o 07.1991 [&hellip;]<\/p>\n","protected":false},"featured_media":69362,"template":"","meta":{"_seopress_robots_primary_cat":"","_seopress_titles_title":"","_seopress_titles_desc":"","_seopress_robots_index":""},"product_cat":[45,46,48,43,16,84,85,117,118,87,90,20,91,21,98,99,101,106,107,109,111,124,112,114,127],"product_tag":[],"class_list":{"0":"post-69361","1":"product","2":"type-product","3":"status-publish","4":"has-post-thumbnail","6":"product_cat-recambios-alfa-romeo-145","7":"product_cat-recambios-alfa-romeo-146","8":"product_cat-recambios-alfa-romeo-155","9":"product_cat-recambios-alfa-romeo-33","10":"product_cat-recambios-alfa-romeo","11":"product_cat-recambios-fiat-cinquecento","12":"product_cat-recambios-fiat-coupe","13":"product_cat-recambios-lancia-dedra","14":"product_cat-recambios-lancia-delta","15":"product_cat-recambios-fiat-doblo","16":"product_cat-recambios-fiat-elba","17":"product_cat-recambios-fiat","18":"product_cat-recambios-fiat-fiorino","19":"product_cat-recambios-lancia","20":"product_cat-recambios-fiat-palio","21":"product_cat-recambios-fiat-panda","22":"product_cat-recambios-fiat-punto","23":"product_cat-recambios-fiat-seicento","24":"product_cat-recambios-fiat-siena","25":"product_cat-recambios-fiat-strada","26":"product_cat-recambios-fiat-tempra","27":"product_cat-recambios-lancia-thema","28":"product_cat-recambios-fiat-tipo","29":"product_cat-recambios-fiat-uno","30":"product_cat-recambios-lancia-ypsilon","32":"first","33":"outofstock","34":"taxable","35":"shipping-taxable","36":"purchasable","37":"product-type-simple"},"_links":{"self":[{"href":"https:\/\/galicianparts.com\/shop\/wp-json\/wp\/v2\/product\/69361"}],"collection":[{"href":"https:\/\/galicianparts.com\/shop\/wp-json\/wp\/v2\/product"}],"about":[{"href":"https:\/\/galicianparts.com\/shop\/wp-json\/wp\/v2\/types\/product"}],"wp:featuredmedia":[{"embeddable":true,"href":"https:\/\/galicianparts.com\/shop\/wp-json\/wp\/v2\/media\/69362"}],"wp:attachment":[{"href":"https:\/\/galicianparts.com\/shop\/wp-json\/wp\/v2\/media?parent=69361"}],"wp:term":[{"taxonomy":"product_cat","embeddable":true,"href":"https:\/\/galicianparts.com\/shop\/wp-json\/wp\/v2\/product_cat?post=69361"},{"taxonomy":"product_tag","embeddable":true,"href":"https:\/\/galicianparts.com\/shop\/wp-json\/wp\/v2\/product_tag?post=69361"}],"curies":[{"name":"wp","href":"https:\/\/api.w.org\/{rel}","templated":true}]}}