{"id":6982,"date":"2020-10-27T11:45:22","date_gmt":"2020-10-27T09:45:22","guid":{"rendered":"https:\/\/galicianparts.com\/shop\/producto\/71736776-filtro-habitaculo-k1103-fiat-bravo-stilo-lancia-delta-kia-venga\/"},"modified":"2023-11-29T12:06:34","modified_gmt":"2023-11-29T10:06:34","slug":"71736776-filtro-habitaculo-k1103-fiat-bravo-stilo-lancia-delta-kia-venga","status":"publish","type":"product","link":"https:\/\/galicianparts.com\/shop\/producto\/71736776-filtro-habitaculo-k1103-fiat-bravo-stilo-lancia-delta-kia-venga\/","title":{"rendered":"71736776 Filtro habit\u00e1culo k1103 Fiat Bravo \/Stilo \/Lancia Delta \/Kia Venga FILTRON"},"content":{"rendered":"<p>Filtro de polen Filtr\u00f3n 1103 de:<br \/>\nFIAT Stilo Hatchback (192)<br \/>\n1.2 16V, A\u00f1o 03.2002 &#8211; 11.2006, 1242 ccm, 80 cv<br \/>\n1.4 16V, A\u00f1o 03.2005 &#8211; 11.2006, 1368 ccm, 90 cv<br \/>\n1.4 16V (192AXH1B, 192BXH1B), A\u00f1o 10.2003 &#8211; 12.2006, 1368 ccm, 95 cv<br \/>\n1.6 16V, A\u00f1o 05.2005 &#8211; 11.2006, 1598 ccm, 105 cv<br \/>\n1.6 16V, A\u00f1o 10.2001 &#8211; 11.2006, 1596 ccm, 103 cv<br \/>\n1.8 16V (192AXC1A, 192BXC1A), A\u00f1o 10.2001 &#8211; 04.2007, 1747 ccm, 133 cv<br \/>\n1.9 D Multijet, A\u00f1o 09.2005 &#8211; 11.2006, 1910 ccm, 100 cv<br \/>\n1.9 D Multijet, A\u00f1o 09.2005 &#8211; 11.2006, 1910 ccm, 120 cv<br \/>\n1.9 D Multijet, A\u00f1o 09.2005 &#8211; 11.2006, 1910 ccm, 150 cv<br \/>\n1.9 JTD, A\u00f1o 09.2003 &#8211; 11.2006, 1910 ccm, 126 cv<br \/>\n1.9 JTD, A\u00f1o 01.2004 &#8211; 11.2006, 1910 ccm, 140 cv<br \/>\n1.9 JTD, A\u00f1o 09.2004 &#8211; 11.2006, 1910 ccm, 90 cv<br \/>\n1.9 JTD, A\u00f1o 10.2001 &#8211; 11.2006, 1910 ccm, 115 cv<br \/>\n1.9 JTD, A\u00f1o 03.2002 &#8211; 11.2006, 1910 ccm, 80 cv<br \/>\n2.4 20V (192_XD1A, 192AXD12), A\u00f1o 10.2001 &#8211; 04.2007, 2446 ccm, 170 cv<br \/>\nFIAT Stilo Multi Wagon (192)<br \/>\n1.4 16V, A\u00f1o 03.2005 &#8211; 08.2008, 1368 ccm, 90 cv<br \/>\n1.4 16V, A\u00f1o 01.2004 &#8211; 08.2008, 1368 ccm, 95 cv<br \/>\n1.6 16V, A\u00f1o 01.2003 &#8211; 08.2008, 1596 ccm, 103 cv<br \/>\n1.8 16V, A\u00f1o 01.2003 &#8211; 08.2008, 1747 ccm, 133 cv<br \/>\n1.9 D, A\u00f1o 09.2004 &#8211; 08.2008, 1910 ccm, 90 cv<br \/>\n1.9 D Multijet, A\u00f1o 09.2005 &#8211; 08.2008, 1910 ccm, 100 cv<br \/>\n1.9 D Multijet, A\u00f1o 09.2005 &#8211; 08.2008, 1910 ccm, 120 cv<br \/>\n1.9 D Multijet (192DXT1B), A\u00f1o 09.2005 &#8211; 08.2008, 1910 ccm, 150 cv<br \/>\n1.9 JTD, A\u00f1o 01.2003 &#8211; 08.2008, 1910 ccm, 80 cv<br \/>\n1.9 JTD, A\u00f1o 01.2003 &#8211; 08.2008, 1910 ccm, 115 cv<br \/>\n1.9 JTD, A\u00f1o 01.2004 &#8211; 08.2008, 1910 ccm, 140 cv<br \/>\nFIAT Bravo II Hatchback (198)<br \/>\n1.4 (198AXA1B), A\u00f1o 04.2007 &#8211; 12.2014, 1368 ccm, 90 cv<br \/>\n1.4 16V (198AXS1B), A\u00f1o 04.2010 &#8211; 12.2014, 1368 ccm, 140 cv<br \/>\n1.4 LPG (198AXA1B), A\u00f1o 12.2008 &#8211; 12.2014, 1368 ccm, 90 cv<br \/>\n1.4 T-Jet (198AXF1B), A\u00f1o 09.2007 &#8211; 12.2014, 1368 ccm, 150 cv<br \/>\n1.4 T-Jet (198AXG1B), A\u00f1o 10.2007 &#8211; 12.2014, 1368 ccm, 120 cv<br \/>\n1.6 D Multijet (198AXH1B), A\u00f1o 09.2007 &#8211; 12.2014, 1598 ccm, 105 cv<br \/>\n1.6 D Multijet (198AXL1B), A\u00f1o 03.2008 &#8211; 12.2014, 1598 ccm, 120 cv<br \/>\n1.9 D Multijet (198AXB1A), A\u00f1o 04.2007 &#8211; 12.2014, 1910 ccm, 120 cv<br \/>\n1.9 D Multijet (198AXC1B), A\u00f1o 04.2007 &#8211; 12.2014, 1910 ccm, 150 cv<br \/>\n1.9 D Multijet (198AXD1A), A\u00f1o 11.2006 &#8211; 12.2009, 1910 ccm, 116 cv<br \/>\n2.0 D Multijet (198AXN1B), A\u00f1o 09.2008 &#8211; 12.2014, 1956 ccm, 165 cv<br \/>\n2.0 D Multijet (198AXPIB), A\u00f1o 09.2008 &#8211; 12.2014, 1956 ccm, 163 cv<\/p>\n<p>LANCIA Delta III (844)<br \/>\n1.4 (844.AXA1A), A\u00f1o 09.2008 &#8211; 08.2014, 1368 ccm, 120 cv<br \/>\n1.4 (844.AXB1A), A\u00f1o 09.2008 &#8211; 08.2014, 1368 ccm, 150 cv<br \/>\n1.4 16V (844.AXL1A), A\u00f1o 07.2010 &#8211; 08.2014, 1368 ccm, 140 cv<br \/>\n1.4 Bifuel (844.AXA1A), A\u00f1o 07.2011 &#8211; 08.2014, 1368 ccm, 120 cv<br \/>\n1.6 D Multijet (844.AXC11, 844.AXC1A), A\u00f1o 09.2008 &#8211; 08.2014, 1598 ccm, 120 cv<br \/>\n1.6 D Multijet (844.AXF11, 844.AXF1A), A\u00f1o 08.2008 &#8211; 08.2014, 1598 ccm, 116 cv<br \/>\n1.6 D Multijet (844.AXP1A), A\u00f1o 04.2011 &#8211; 08.2014, 1598 ccm, 105 cv<br \/>\n1.8 (844.AXH12), A\u00f1o 01.2009 &#8211; 08.2014, 1742 ccm, 200 cv<br \/>\n1.9 D Multijet (844.AXE1A), A\u00f1o 01.2009 &#8211; 08.2014, 1910 ccm, 190 cv<br \/>\n2.0 D Multijet (844.AXD1A, 844.AXM1A), A\u00f1o 09.2008 &#8211; 08.2014, 1956 ccm, 165 cv<br \/>\n2.0 D Multijet (844.AXG1A, 844.AXN1A), A\u00f1o 09.2008 &#8211; 08.2014, 1956 ccm, 163 cv<\/p>\n<p>KIA Venga (YN)<br \/>\n1.4 CRDi 75, A\u00f1o 03.2010 &#8211; &#8230;, 1396 ccm, 75 cv<br \/>\n1.4 CRDi 90, A\u00f1o 03.2010 &#8211; &#8230;, 1396 ccm, 90 cv<br \/>\n1.4 CVVT, A\u00f1o 03.2010 &#8211; &#8230;, 1396 ccm, 90 cv<br \/>\n1.6 CRDi 115, A\u00f1o 03.2010 &#8211; &#8230;, 1582 ccm, 116 cv<br \/>\n1.6 CRDi 128, A\u00f1o 03.2010 &#8211; &#8230;, 1582 ccm, 128 cv<br \/>\n1.6 CVVT, A\u00f1o 03.2010 &#8211; &#8230;, 1591 ccm, 125 cv<\/p>\n<p>LA PIEZA ES NUEVA FILTRON.<\/p>\n","protected":false},"excerpt":{"rendered":"<p>Filtro de polen Filtr\u00f3n 1103 de: FIAT Stilo Hatchback (192) 1.2 16V, A\u00f1o 03.2002 &#8211; 11.2006, 1242 ccm, 80 cv 1.4 16V, A\u00f1o 03.2005 &#8211; 11.2006, 1368 ccm, 90 cv 1.4 16V (192AXH1B, 192BXH1B), A\u00f1o 10.2003 &#8211; 12.2006, 1368 ccm, 95 cv 1.6 16V, A\u00f1o 05.2005 &#8211; 11.2006, 1598 ccm, 105 cv 1.6 16V, A\u00f1o [&hellip;]<\/p>\n","protected":false},"featured_media":80528,"template":"","meta":{"_seopress_robots_primary_cat":"","_seopress_titles_title":"","_seopress_titles_desc":"","_seopress_robots_index":""},"product_cat":[82,118,20,22,21,108,190],"product_tag":[],"class_list":{"0":"post-6982","1":"product","2":"type-product","3":"status-publish","4":"has-post-thumbnail","6":"product_cat-recambios-fiat-bravo","7":"product_cat-recambios-lancia-delta","8":"product_cat-recambios-fiat","9":"product_cat-recambios-kia","10":"product_cat-recambios-lancia","11":"product_cat-recambios-fiat-stilo","12":"product_cat-recambios-kia-venga","14":"first","15":"instock","16":"taxable","17":"shipping-taxable","18":"purchasable","19":"product-type-simple"},"_links":{"self":[{"href":"https:\/\/galicianparts.com\/shop\/wp-json\/wp\/v2\/product\/6982"}],"collection":[{"href":"https:\/\/galicianparts.com\/shop\/wp-json\/wp\/v2\/product"}],"about":[{"href":"https:\/\/galicianparts.com\/shop\/wp-json\/wp\/v2\/types\/product"}],"wp:featuredmedia":[{"embeddable":true,"href":"https:\/\/galicianparts.com\/shop\/wp-json\/wp\/v2\/media\/80528"}],"wp:attachment":[{"href":"https:\/\/galicianparts.com\/shop\/wp-json\/wp\/v2\/media?parent=6982"}],"wp:term":[{"taxonomy":"product_cat","embeddable":true,"href":"https:\/\/galicianparts.com\/shop\/wp-json\/wp\/v2\/product_cat?post=6982"},{"taxonomy":"product_tag","embeddable":true,"href":"https:\/\/galicianparts.com\/shop\/wp-json\/wp\/v2\/product_tag?post=6982"}],"curies":[{"name":"wp","href":"https:\/\/api.w.org\/{rel}","templated":true}]}}