{"id":7039,"date":"2020-10-27T19:07:45","date_gmt":"2020-10-27T17:07:45","guid":{"rendered":"https:\/\/galicianparts.com\/shop\/producto\/46556243-silentblock-travesano-trasero-lancia-lybra-1999-2005-original\/"},"modified":"2025-10-17T02:04:50","modified_gmt":"2025-10-17T00:04:50","slug":"46556243-silentblock-travesano-trasero-lancia-lybra-1999-2005-original","status":"publish","type":"product","link":"https:\/\/galicianparts.com\/shop\/producto\/46556243-silentblock-travesano-trasero-lancia-lybra-1999-2005-original\/","title":{"rendered":"46556243 Silentblock travesa\u00f1o trasero Lancia Lybra (1999-2005) ORIGINAL"},"content":{"rendered":"<p>Silentblock de travesa\u00f1o de suspensi\u00f3n trasera de LANCIA &#8211; SX LYBRA (1999-2005).<br \/>\nLA PIEZA ES NUEVA Y ORIGINAL.<\/p>\n","protected":false},"excerpt":{"rendered":"<p>Silentblock de travesa\u00f1o de suspensi\u00f3n trasera de LANCIA &#8211; SX LYBRA (1999-2005). LA PIEZA ES NUEVA Y ORIGINAL.<\/p>\n","protected":false},"featured_media":7040,"template":"","meta":{"_seopress_robots_primary_cat":"","_seopress_titles_title":"","_seopress_titles_desc":"","_seopress_robots_index":""},"product_cat":[21,120],"product_tag":[],"class_list":{"0":"post-7039","1":"product","2":"type-product","3":"status-publish","4":"has-post-thumbnail","6":"product_cat-recambios-lancia","7":"product_cat-recambios-lancia-lybra","9":"first","10":"instock","11":"taxable","12":"shipping-taxable","13":"purchasable","14":"product-type-simple"},"_links":{"self":[{"href":"https:\/\/galicianparts.com\/shop\/wp-json\/wp\/v2\/product\/7039"}],"collection":[{"href":"https:\/\/galicianparts.com\/shop\/wp-json\/wp\/v2\/product"}],"about":[{"href":"https:\/\/galicianparts.com\/shop\/wp-json\/wp\/v2\/types\/product"}],"wp:featuredmedia":[{"embeddable":true,"href":"https:\/\/galicianparts.com\/shop\/wp-json\/wp\/v2\/media\/7040"}],"wp:attachment":[{"href":"https:\/\/galicianparts.com\/shop\/wp-json\/wp\/v2\/media?parent=7039"}],"wp:term":[{"taxonomy":"product_cat","embeddable":true,"href":"https:\/\/galicianparts.com\/shop\/wp-json\/wp\/v2\/product_cat?post=7039"},{"taxonomy":"product_tag","embeddable":true,"href":"https:\/\/galicianparts.com\/shop\/wp-json\/wp\/v2\/product_tag?post=7039"}],"curies":[{"name":"wp","href":"https:\/\/api.w.org\/{rel}","templated":true}]}}