{"id":70827,"date":"2023-03-23T11:51:19","date_gmt":"2023-03-23T09:51:19","guid":{"rendered":"https:\/\/galicianparts.com\/shop\/producto\/19206094-pack-4-terminales-fiat-punto-lancia-ypsilon-lybra-alfa-156-original\/"},"modified":"2023-03-23T11:54:29","modified_gmt":"2023-03-23T09:54:29","slug":"19206094-pack-4-terminales-fiat-punto-lancia-ypsilon-lybra-alfa-156-original","status":"publish","type":"product","link":"https:\/\/galicianparts.com\/shop\/producto\/19206094-pack-4-terminales-fiat-punto-lancia-ypsilon-lybra-alfa-156-original\/","title":{"rendered":"19206094 Pack 4 terminales Fiat punto \/Lancia Ypsilon \/Lybra \/Alfa 156 ORIGINAL"},"content":{"rendered":"<p>Juego, set de 4 conexiones el\u00e9ctricas de la direcci\u00f3n el\u00e9ctrica, electroventilador, caja de fusibles, etc&#8230; de:<br \/>\nFIAT &#8211; 1N PUNTO BZ (1999-2003) DIRECCI\u00d3N ASISTIDA EL\u00c9CTRICA \/ 1.2 8V CF2 \/ 1.2 8V CF3 (OPT.229) \/ 1.2\u00a08V\u00a0CF3 \/ 1.2 16V CF2 \/ 1.2 16V CF3<br \/>\nFIAT &#8211; 1N PUNTO BZ (1999-2003) DIRECCI\u00d3N ASISTIDA EL\u00c9CTRICA \/ 1.8 16V CF2 \/ 1.8 16V CF3<br \/>\nFIAT &#8211; 1N PUNTO BZ (1999-2003)<br \/>\nFIAT &#8211; 1P PUNTO DS (1999-2003)<br \/>\nALFA ROMEO &#8211; X1 156 M.Y.2002 (2001-2005) 1600 T.S. (AR32104) \/ 1600 T.S. (AR32103) \/ 1800 TS 16V \/ 2000 JTS 16V \/ 2000 TS 16V \/ 2000 JTS 16V BELG. \/ 1910\u00a0JTD\u00a08V\u00a0115CV\/85KW<br \/>\nALFA ROMEO &#8211; X1 156 M.Y.2002 (2001-2005) 2500 V6 24V \/ 3200 GTA \/ 2400\u00a0JTD\u00a010V\u00a0150CV\/110\u00a0KW<br \/>\nALFA ROMEO &#8211; X1 156 M.Y.2002 (2001-2005) 1910 JTD 16V CF3 93KW \/ 1.9\u00a0JTD\u00a016V\u00a0CF3 \/ 1910\u00a0JTD\u00a0CF3\u00a016V\u00a0150CV\/110KW\u00a04X4 \/ 1910\u00a0JTD\u00a0CF3\u00a0136CV\/100KW\u00a0MENOR POT. BELGICA \/ 1910\u00a0JTD\u00a016V\u00a0CF4\u00a0150CV\/110KW\u00a04X2 \/ 1910JTD\u00a0CF4\u00a016V\u00a0126CV\/93KW\u00a0MENOR POT.\u00a0FRANCIA \/ 1910\u00a0JTD\u00a0CF4\u00a016V\u00a0150CV\/110KW\u00a04X4<br \/>\nALFA ROMEO &#8211; X1 156 M.Y.2002 (2001-2005) 2400\u00a0JTD\u00a020V\u00a0175CV\/129\u00a0KW\u00a0C.MEC. \/ 2400\u00a0JTD\u00a0CF3\u00a0163CV\/120KW\u00a0MENOR POT. BELGICA<br \/>\nALFA ROMEO &#8211; X1 156 M.Y.2002 BZ\/DS (2001-2005)<br \/>\nLANCIA &#8211; SX LYBRA BZ (1999-2005)<br \/>\nLANCIA &#8211; SY LYBRA DS (1999-2005)<br \/>\nLANCIA &#8211; TA Y FL.2000 (2000-2003)<\/p>\n<p>LA PIEZA ES NUEVA Y ORIGINAL.<\/p>\n","protected":false},"excerpt":{"rendered":"<p>Juego, set de 4 conexiones el\u00e9ctricas de la direcci\u00f3n el\u00e9ctrica, electroventilador, caja de fusibles, etc&#8230; de: FIAT &#8211; 1N PUNTO BZ (1999-2003) DIRECCI\u00d3N ASISTIDA EL\u00c9CTRICA \/ 1.2 8V CF2 \/ 1.2 8V CF3 (OPT.229) \/ 1.2\u00a08V\u00a0CF3 \/ 1.2 16V CF2 \/ 1.2 16V CF3 FIAT &#8211; 1N PUNTO BZ (1999-2003) DIRECCI\u00d3N ASISTIDA EL\u00c9CTRICA \/ 1.8 [&hellip;]<\/p>\n","protected":false},"featured_media":70829,"template":"","meta":{"_seopress_robots_primary_cat":"","_seopress_titles_title":"","_seopress_titles_desc":"","_seopress_robots_index":""},"product_cat":[49,16,20,21,120,101,127],"product_tag":[],"class_list":{"0":"post-70827","1":"product","2":"type-product","3":"status-publish","4":"has-post-thumbnail","6":"product_cat-recambios-alfa-romeo-156","7":"product_cat-recambios-alfa-romeo","8":"product_cat-recambios-fiat","9":"product_cat-recambios-lancia","10":"product_cat-recambios-lancia-lybra","11":"product_cat-recambios-fiat-punto","12":"product_cat-recambios-lancia-ypsilon","14":"first","15":"instock","16":"taxable","17":"shipping-taxable","18":"purchasable","19":"product-type-simple"},"_links":{"self":[{"href":"https:\/\/galicianparts.com\/shop\/wp-json\/wp\/v2\/product\/70827"}],"collection":[{"href":"https:\/\/galicianparts.com\/shop\/wp-json\/wp\/v2\/product"}],"about":[{"href":"https:\/\/galicianparts.com\/shop\/wp-json\/wp\/v2\/types\/product"}],"wp:featuredmedia":[{"embeddable":true,"href":"https:\/\/galicianparts.com\/shop\/wp-json\/wp\/v2\/media\/70829"}],"wp:attachment":[{"href":"https:\/\/galicianparts.com\/shop\/wp-json\/wp\/v2\/media?parent=70827"}],"wp:term":[{"taxonomy":"product_cat","embeddable":true,"href":"https:\/\/galicianparts.com\/shop\/wp-json\/wp\/v2\/product_cat?post=70827"},{"taxonomy":"product_tag","embeddable":true,"href":"https:\/\/galicianparts.com\/shop\/wp-json\/wp\/v2\/product_tag?post=70827"}],"curies":[{"name":"wp","href":"https:\/\/api.w.org\/{rel}","templated":true}]}}