{"id":71409,"date":"2023-04-03T08:50:52","date_gmt":"2023-04-03T06:50:52","guid":{"rendered":"https:\/\/galicianparts.com\/shop\/producto\/5997547-pack-4-guias-de-valvulas-020-fiat-uno-turbo-1989-1993-nuevo-original\/"},"modified":"2024-04-05T17:58:53","modified_gmt":"2024-04-05T15:58:53","slug":"5997547-pack-4-guias-de-valvulas-020-fiat-uno-turbo-1989-1993-nuevo-original","status":"publish","type":"product","link":"https:\/\/galicianparts.com\/shop\/producto\/5997547-pack-4-guias-de-valvulas-020-fiat-uno-turbo-1989-1993-nuevo-original\/","title":{"rendered":"5997547 Pack 4 gu\u00edas v\u00e1lvulas 0,20 Fiat Uno Turbo (1989-1993) NUEVO ORIGINAL"},"content":{"rendered":"<p>Juego, set de 4 gu\u00edas de v\u00e1lvula de:<br \/>\nSobremedida: 0,20<\/p>\n<p>FIAT &#8211; MT UNO TURBO R\/89 (1989-1993) 1300 USA&#8217;83<\/p>\n<p>LA PIEZA ES NUEVA Y ORIGINAL.<\/p>\n","protected":false},"excerpt":{"rendered":"<p>Juego, set de 4 gu\u00edas de v\u00e1lvula de: Sobremedida: 0,20 FIAT &#8211; MT UNO TURBO R\/89 (1989-1993) 1300 USA&#8217;83 LA PIEZA ES NUEVA Y ORIGINAL.<\/p>\n","protected":false},"featured_media":85875,"template":"","meta":{"_seopress_robots_primary_cat":"","_seopress_titles_title":"","_seopress_titles_desc":"","_seopress_robots_index":""},"product_cat":[20,114],"product_tag":[],"class_list":{"0":"post-71409","1":"product","2":"type-product","3":"status-publish","4":"has-post-thumbnail","6":"product_cat-recambios-fiat","7":"product_cat-recambios-fiat-uno","9":"first","10":"outofstock","11":"taxable","12":"shipping-taxable","13":"purchasable","14":"product-type-simple"},"_links":{"self":[{"href":"https:\/\/galicianparts.com\/shop\/wp-json\/wp\/v2\/product\/71409"}],"collection":[{"href":"https:\/\/galicianparts.com\/shop\/wp-json\/wp\/v2\/product"}],"about":[{"href":"https:\/\/galicianparts.com\/shop\/wp-json\/wp\/v2\/types\/product"}],"wp:featuredmedia":[{"embeddable":true,"href":"https:\/\/galicianparts.com\/shop\/wp-json\/wp\/v2\/media\/85875"}],"wp:attachment":[{"href":"https:\/\/galicianparts.com\/shop\/wp-json\/wp\/v2\/media?parent=71409"}],"wp:term":[{"taxonomy":"product_cat","embeddable":true,"href":"https:\/\/galicianparts.com\/shop\/wp-json\/wp\/v2\/product_cat?post=71409"},{"taxonomy":"product_tag","embeddable":true,"href":"https:\/\/galicianparts.com\/shop\/wp-json\/wp\/v2\/product_tag?post=71409"}],"curies":[{"name":"wp","href":"https:\/\/api.w.org\/{rel}","templated":true}]}}