{"id":71887,"date":"2023-04-11T13:24:43","date_gmt":"2023-04-11T11:24:43","guid":{"rendered":"https:\/\/galicianparts.com\/shop\/producto\/7797178-tapon-deposito-liquido-direccion-fiat-barchetta-lancia-delta-ii-alfa-original\/"},"modified":"2024-06-03T00:10:13","modified_gmt":"2024-06-02T22:10:13","slug":"7797178-tapon-deposito-liquido-direccion-fiat-barchetta-lancia-delta-ii-alfa-original","status":"publish","type":"product","link":"https:\/\/galicianparts.com\/shop\/producto\/7797178-tapon-deposito-liquido-direccion-fiat-barchetta-lancia-delta-ii-alfa-original\/","title":{"rendered":"7797178 Tap\u00f3n dep\u00f3sito l\u00edquido direcci\u00f3n Fiat Barchetta \/Lancia Delta II \/Alfa ORIGINAL"},"content":{"rendered":"<p>Tap\u00f3n con medidor de nivel del dep\u00f3sito del l\u00edquido de la servodirecci\u00f3n de:<br \/>\nFIAT &#8211; PK BARCHETTA (1995-2004)<br \/>\nFIAT &#8211; 1V BRAVA (1995-1998) 1370 SPI 12V 80CV \/ 1370 SPI 12V 75CV<br \/>\nFIAT &#8211; 1V BRAVA (1995-1998) 1580 MPI 16V 103CV \/ 1580 MPI 16V 90CV \/ 1580 MPI 16V EM 04 \/ 1800 MPI 16V \/ 1910 TB\/DS 100CV \/ 1910 TB\/DS 75CV<br \/>\nFIAT &#8211; 1M BRAVA G.98 (1998-2001) 1.2 16V CF2 \/ 1.2 16V CF3<br \/>\nFIAT &#8211; 1M BRAVA G.98 (1998-2001) 1600 16V \/ 1600 16V EM.04<br \/>\nFIAT &#8211; 1M BRAVA G.98 (1998-2001) 1800 16V<br \/>\nFIAT &#8211; 1M BRAVA G.98 (1998-2001) 1910 TD (75 CV) \/ 1910 TD (100 CV)<br \/>\nFIAT &#8211; 1M BRAVA G.98 (1998-2001) 1910 JTD (105 CV) \/ 1910 JTD CF3<br \/>\nFIAT &#8211; 1U BRAVO (1995-1998) 1370 SPI 12V 80CV \/ 1370 SPI 12V 75CV<br \/>\nFIAT &#8211; 1U BRAVO (1995-1998) 1580 MPI 16V 103CV \/ 1580 MPI 16V 90CV<br \/>\nFIAT &#8211; 1U BRAVO (1995-1998) 1800 16V<br \/>\nFIAT &#8211; 1U BRAVO (1995-1998) 2000 20V<br \/>\nFIAT &#8211; 1U BRAVO (1995-1998) 1910 TB\/DS 100CV \/ 1910 TB\/DS 75CV<br \/>\nFIAT &#8211; 1L BRAVO G.98 (1998-2001) 1.2 16V CF2 \/ 1.2 16V CF3<br \/>\nFIAT &#8211; 1L BRAVO G.98 (1998-2001) 1600 16V \/ 1600 16V \u00abSX\u00bb(RICONVERTITA)<br \/>\nFIAT &#8211; 1L BRAVO G.98 (1998-2001) 1800 16V<br \/>\nFIAT &#8211; 1L BRAVO G.98 (1998-2001) 1910 TD (75 CV) \/ 1910 TD (100 CV)<br \/>\nFIAT &#8211; 1L BRAVO G.98 (1998-2001) 1910 JTD CF2 (105 CV) \/ 1910 JTD CF3<br \/>\nFIAT &#8211; PC COUPE&#8217; (1994-1996) 1750 16V CEE F2<br \/>\nFIAT &#8211; PT MAREA BENZINA (1996-1999) 1580 16V 103CV (75 KW) \/ MOTOR 1580 BIPOWER<br \/>\nFIAT &#8211; PT MAREA BENZINA (1996-1999) 1800<br \/>\nFIAT &#8211; PT MAREA BENZINA (1996-1999) 2000 \/ 2000 BRASIL (182A1.011)<br \/>\nFIAT &#8211; 1Q MAREA BZ GAMMA&#8217;99 (1999-2002) 1200 16V<br \/>\nFIAT &#8211; 1Q MAREA BZ GAMMA&#8217;99 (1999-2002) 1600 16V CF2 (182A4000) \/ 1600 DECAT. \/ 1600 BI-POWER<br \/>\nFIAT &#8211; 1Q MAREA BZ GAMMA&#8217;99 (1999-2002) 1800 16V<br \/>\nFIAT &#8211; 1Q MAREA BZ GAMMA&#8217;99 (1999-2002) 2000 20V CF2 \/ 2000 20V CF3<br \/>\nFIAT &#8211; PU MAREA DIESEL (1996-1999) 2400 TD<br \/>\nFIAT &#8211; 1R MAREA DS GAMMA&#8217;99 (1999-2002) 1910 JTD CF2 105CV \/ 2400 JTD CF2 136CV \/ 1910 JTD CF3 110CV \/ 1910 JTD CF3 100 CV<br \/>\nFIAT &#8211; 1R MAREA DS GAMMA&#8217;99 (1999-2002) 1910 TD 75CV<br \/>\nFIAT &#8211; 1F MULTIPLA (1998-2010) 1910 JTD CF2<br \/>\nFIAT &#8211; 1F MULTIPLA (1998-2010) 1910 JTD CF3 110 CV\/81KW<br \/>\nFIAT &#8211; 1F MULTIPLA (1998-2010)<br \/>\nALFA ROMEO &#8211; T5 145 GAMMA 97 (1997-1999) 1400 T.S.<br \/>\nALFA ROMEO &#8211; T5 145 GAMMA 97 (1997-1999) 1800 T.S(AR32201)STEP.A \/ 1600 T.S. \/ 1800 T.S.(AR67106)<br \/>\nALFA ROMEO &#8211; T5 145 GAMMA 97 (1997-1999) 2000 T.S(AR32301)STEP.A \/ 2000 T.S.(AR67204) \/ 2000 T.S.16V BRASIL \/ 1800 T.S.16V BRASIL<br \/>\nALFA ROMEO &#8211; T6 146 GAMMA 97 (1997-1999) 1400 T.S. 16V<br \/>\nALFA ROMEO &#8211; T6 146 GAMMA 97 (1997-1999) 1800 T.S.16V STEP.A \/ 1600 T.S. 16V \/ 1800 T.S. 16V<br \/>\nALFA ROMEO &#8211; T6 146 GAMMA 97 (1997-1999) 2000 T.S.16V STEP.A \/ 2000 T.S. 16V<br \/>\nALFA ROMEO &#8211; U5 155 ASPIRATO (1992-1996) 2.0 T.S. 16V (MY 95) \/ 2.0 T.S. 16V MY 95 (BRASIL)<br \/>\nLANCIA &#8211; SL DEDRA FL.94 (1994-1999) 1580 MPI 16V<br \/>\nLANCIA &#8211; SL DEDRA FL.94 1(1994-1999) 1750 16V CEE F2 115CV<br \/>\nLANCIA &#8211; SM DEDRA FL.94 (1994-1999) SEDAN LX 4X2 \/ S.W. LX 4X2<br \/>\nLANCIA &#8211; SM DEDRA FL.94 (1994-1999) S.W. LS 4X2 \/ BN LS 4X2 \/ BN. &#8217;98 \/ S.W. &#8217;98<br \/>\nLANCIA &#8211; SX LYBRA BZ (1999-2005) 1580 16V CF2 \/ 1596 16V CF3<br \/>\nLANCIA &#8211; SX LYBRA BZ (1999-2005) 1.8 16V CF2 \/ 1.8 16V CF3 \/ 1.8 16V CF4<br \/>\nLANCIA &#8211; SX LYBRA BZ (1999-2005) 2.0 20V CF2 \/ 2.0 20V CF3<br \/>\nLANCIA &#8211; SX LYBRA BZ (1999-2005) 2.0 20V CF2 \/ CAMBIO AUTOMATICO<br \/>\nLANCIA &#8211; SX LYBRA BZ (1999-2005) 2.4 20V CF3<br \/>\nLANCIA &#8211; SY LYBRA DS (1999-2005)<br \/>\nLANCIA &#8211; SF N.DELTA (1993-1999) 1580 CEE F2 16V 103CV \/ 1580 CEE F2 16V 90CV<br \/>\nLANCIA &#8211; SF N.DELTA (1993-1999) 1750 CEE F2 16V 115CV<br \/>\nLANCIA &#8211; SG N.DELTA (&#8217;93-&#8217;99) 1750 16V 132CV<\/p>\n<p>LA PIEZA ES NUEVA Y ORIGINAL.<\/p>\n","protected":false},"excerpt":{"rendered":"<p>Tap\u00f3n con medidor de nivel del dep\u00f3sito del l\u00edquido de la servodirecci\u00f3n de: FIAT &#8211; PK BARCHETTA (1995-2004) FIAT &#8211; 1V BRAVA (1995-1998) 1370 SPI 12V 80CV \/ 1370 SPI 12V 75CV FIAT &#8211; 1V BRAVA (1995-1998) 1580 MPI 16V 103CV \/ 1580 MPI 16V 90CV \/ 1580 MPI 16V EM 04 \/ 1800 MPI [&hellip;]<\/p>\n","protected":false},"featured_media":71891,"template":"","meta":{"_seopress_robots_primary_cat":"","_seopress_titles_title":"","_seopress_titles_desc":"","_seopress_robots_index":""},"product_cat":[45,46,48,16,80,81,82,85,117,118,20,21,120,95,96],"product_tag":[],"class_list":{"0":"post-71887","1":"product","2":"type-product","3":"status-publish","4":"has-post-thumbnail","6":"product_cat-recambios-alfa-romeo-145","7":"product_cat-recambios-alfa-romeo-146","8":"product_cat-recambios-alfa-romeo-155","9":"product_cat-recambios-alfa-romeo","10":"product_cat-recambios-fiat-barchetta","11":"product_cat-recambios-fiat-brava","12":"product_cat-recambios-fiat-bravo","13":"product_cat-recambios-fiat-coupe","14":"product_cat-recambios-lancia-dedra","15":"product_cat-recambios-lancia-delta","16":"product_cat-recambios-fiat","17":"product_cat-recambios-lancia","18":"product_cat-recambios-lancia-lybra","19":"product_cat-recambios-fiat-marea","20":"product_cat-recambios-fiat-multipla","22":"first","23":"outofstock","24":"taxable","25":"shipping-taxable","26":"purchasable","27":"product-type-simple"},"_links":{"self":[{"href":"https:\/\/galicianparts.com\/shop\/wp-json\/wp\/v2\/product\/71887"}],"collection":[{"href":"https:\/\/galicianparts.com\/shop\/wp-json\/wp\/v2\/product"}],"about":[{"href":"https:\/\/galicianparts.com\/shop\/wp-json\/wp\/v2\/types\/product"}],"wp:featuredmedia":[{"embeddable":true,"href":"https:\/\/galicianparts.com\/shop\/wp-json\/wp\/v2\/media\/71891"}],"wp:attachment":[{"href":"https:\/\/galicianparts.com\/shop\/wp-json\/wp\/v2\/media?parent=71887"}],"wp:term":[{"taxonomy":"product_cat","embeddable":true,"href":"https:\/\/galicianparts.com\/shop\/wp-json\/wp\/v2\/product_cat?post=71887"},{"taxonomy":"product_tag","embeddable":true,"href":"https:\/\/galicianparts.com\/shop\/wp-json\/wp\/v2\/product_tag?post=71887"}],"curies":[{"name":"wp","href":"https:\/\/api.w.org\/{rel}","templated":true}]}}