{"id":71964,"date":"2023-04-12T12:26:21","date_gmt":"2023-04-12T10:26:21","guid":{"rendered":"https:\/\/galicianparts.com\/shop\/producto\/13449635-pack-3-tornillos-m10-mangueta-eje-trasero-fiat-panda-punto-lancia-ypsilon-original\/"},"modified":"2023-07-17T12:24:51","modified_gmt":"2023-07-17T10:24:51","slug":"13449635-pack-3-tornillos-m10-mangueta-eje-trasero-fiat-panda-punto-lancia-ypsilon-original","status":"publish","type":"product","link":"https:\/\/galicianparts.com\/shop\/producto\/13449635-pack-3-tornillos-m10-mangueta-eje-trasero-fiat-panda-punto-lancia-ypsilon-original\/","title":{"rendered":"13449635 Pack 3 tornillos M10 mangueta eje trasero Fiat Panda \/Punto \/Lancia Ypsilon ORIGINAL"},"content":{"rendered":"<p>Juego, set de 3 esp\u00e1rragos de la mangueta de los bujes del puente de la suspensi\u00f3n trasera de:<br \/>\nM\u00e9trica: 10<br \/>\nLargo total: 43 mm<\/p>\n<p>FIAT &#8211; 2S IDEA (2003-2008)<br \/>\nFIAT &#8211; 4D IDEA (2008-2012)<br \/>\nFIAT &#8211; 2Q NUOVA PANDA (2003-2009) 1400\u00a016V\u00a0CF4 \/ ACTUAL \/ DYNAMIC \/ EMOTION \/ VAN 2 PLAZAS \/ VAN 4 PLAZAS \/ ALESSI<br \/>\nFIAT &#8211; 1N PUNTO BZ (1999-2003)<br \/>\nFIAT &#8211; 1P PUNTO DS (1999-2003)<br \/>\nFIAT &#8211; 2U PUNTO FL.&#8217;03 (2003-2010)<br \/>\nLANCIA &#8211; TG MUSA (2004-2007)<br \/>\nLANCIA &#8211; TJ MUSA (2007-2011)<br \/>\nLANCIA &#8211; 43 MUSA FLL (2011-2012)<br \/>\nLANCIA &#8211; TE YPSILON (2003-2009) NEW BLUE \/ NEW PLATINUM \/ NEW PLATINUM DFN (SELESPEED) \/ S.E.\u00a0MOMO\u00a0DFN\u00a0(SELESPEED) \/ YOUNG F.L.&#8217;06 \/ ELEGANT F.L.&#8217;06 \/ CLASS F.L.&#8217;06<br \/>\nLANCIA &#8211; TI YPSILON (2009-2011) NIV. 0 PLATA \/ NIV. 1 PLATINO \/ NIV. 6 \u00abELLE\u00bb  (ORIG. PLATINO) \/ NIV. 2 ORO \/ EGO \/ NIV. 5 VERSUS (ORIG. ORO)<br \/>\nLANCIA &#8211; TI YPSILON (2009-2011) NIV. 3 MOMO<\/p>\n<p>LA PIEZA ES NUEVA Y ORIGINAL.<\/p>\n","protected":false},"excerpt":{"rendered":"<p>Juego, set de 3 esp\u00e1rragos de la mangueta de los bujes del puente de la suspensi\u00f3n trasera de: M\u00e9trica: 10 Largo total: 43 mm FIAT &#8211; 2S IDEA (2003-2008) FIAT &#8211; 4D IDEA (2008-2012) FIAT &#8211; 2Q NUOVA PANDA (2003-2009) 1400\u00a016V\u00a0CF4 \/ ACTUAL \/ DYNAMIC \/ EMOTION \/ VAN 2 PLAZAS \/ VAN 4 PLAZAS [&hellip;]<\/p>\n","protected":false},"featured_media":71967,"template":"","meta":{"_seopress_robots_primary_cat":"","_seopress_titles_title":"","_seopress_titles_desc":"","_seopress_robots_index":""},"product_cat":[20,93,21,121,99,101,127],"product_tag":[],"class_list":{"0":"post-71964","1":"product","2":"type-product","3":"status-publish","4":"has-post-thumbnail","6":"product_cat-recambios-fiat","7":"product_cat-recambios-fiat-idea","8":"product_cat-recambios-lancia","9":"product_cat-recambios-lancia-musa","10":"product_cat-recambios-fiat-panda","11":"product_cat-recambios-fiat-punto","12":"product_cat-recambios-lancia-ypsilon","14":"first","15":"outofstock","16":"taxable","17":"shipping-taxable","18":"purchasable","19":"product-type-simple"},"_links":{"self":[{"href":"https:\/\/galicianparts.com\/shop\/wp-json\/wp\/v2\/product\/71964"}],"collection":[{"href":"https:\/\/galicianparts.com\/shop\/wp-json\/wp\/v2\/product"}],"about":[{"href":"https:\/\/galicianparts.com\/shop\/wp-json\/wp\/v2\/types\/product"}],"wp:featuredmedia":[{"embeddable":true,"href":"https:\/\/galicianparts.com\/shop\/wp-json\/wp\/v2\/media\/71967"}],"wp:attachment":[{"href":"https:\/\/galicianparts.com\/shop\/wp-json\/wp\/v2\/media?parent=71964"}],"wp:term":[{"taxonomy":"product_cat","embeddable":true,"href":"https:\/\/galicianparts.com\/shop\/wp-json\/wp\/v2\/product_cat?post=71964"},{"taxonomy":"product_tag","embeddable":true,"href":"https:\/\/galicianparts.com\/shop\/wp-json\/wp\/v2\/product_tag?post=71964"}],"curies":[{"name":"wp","href":"https:\/\/api.w.org\/{rel}","templated":true}]}}