{"id":72658,"date":"2023-04-24T11:51:27","date_gmt":"2023-04-24T09:51:27","guid":{"rendered":"https:\/\/galicianparts.com\/shop\/producto\/7752908-abrazadera-d-22mm-tubos-cables-fiat-punto-1994-1997-nueva-original\/"},"modified":"2023-04-24T11:56:14","modified_gmt":"2023-04-24T09:56:14","slug":"7752908-abrazadera-d-22mm-tubos-cables-fiat-punto-1994-1997-nueva-original","status":"publish","type":"product","link":"https:\/\/galicianparts.com\/shop\/producto\/7752908-abrazadera-d-22mm-tubos-cables-fiat-punto-1994-1997-nueva-original\/","title":{"rendered":"7752908 Abrazadera D 22mm tubos\/cables Fiat Punto (1994-1997) NUEVA ORIGINAL"},"content":{"rendered":"<p>Tope de sujeci\u00f3n de cableado el\u00e9ctrico y manguitos de:<br \/>\nDi\u00e1metro: 22 mm<\/p>\n<p>FIAT &#8211; PF PUNTO CABRIO (1994-1997)<\/p>\n<p>LA PIEZA ES NUEVA Y ORIGINAL.<\/p>\n","protected":false},"excerpt":{"rendered":"<p>Tope de sujeci\u00f3n de cableado el\u00e9ctrico y manguitos de: Di\u00e1metro: 22 mm FIAT &#8211; PF PUNTO CABRIO (1994-1997) LA PIEZA ES NUEVA Y ORIGINAL.<\/p>\n","protected":false},"featured_media":72660,"template":"","meta":{"_seopress_robots_primary_cat":"","_seopress_titles_title":"","_seopress_titles_desc":"","_seopress_robots_index":""},"product_cat":[20,101],"product_tag":[],"class_list":{"0":"post-72658","1":"product","2":"type-product","3":"status-publish","4":"has-post-thumbnail","6":"product_cat-recambios-fiat","7":"product_cat-recambios-fiat-punto","9":"first","10":"instock","11":"taxable","12":"shipping-taxable","13":"purchasable","14":"product-type-simple"},"_links":{"self":[{"href":"https:\/\/galicianparts.com\/shop\/wp-json\/wp\/v2\/product\/72658"}],"collection":[{"href":"https:\/\/galicianparts.com\/shop\/wp-json\/wp\/v2\/product"}],"about":[{"href":"https:\/\/galicianparts.com\/shop\/wp-json\/wp\/v2\/types\/product"}],"wp:featuredmedia":[{"embeddable":true,"href":"https:\/\/galicianparts.com\/shop\/wp-json\/wp\/v2\/media\/72660"}],"wp:attachment":[{"href":"https:\/\/galicianparts.com\/shop\/wp-json\/wp\/v2\/media?parent=72658"}],"wp:term":[{"taxonomy":"product_cat","embeddable":true,"href":"https:\/\/galicianparts.com\/shop\/wp-json\/wp\/v2\/product_cat?post=72658"},{"taxonomy":"product_tag","embeddable":true,"href":"https:\/\/galicianparts.com\/shop\/wp-json\/wp\/v2\/product_tag?post=72658"}],"curies":[{"name":"wp","href":"https:\/\/api.w.org\/{rel}","templated":true}]}}