{"id":73444,"date":"2023-05-11T10:48:32","date_gmt":"2023-05-11T08:48:32","guid":{"rendered":"https:\/\/galicianparts.com\/shop\/producto\/13602811-tornillo-m8x65mm-termostato-fiat-panda-uno-nuevo-original\/"},"modified":"2023-06-27T14:30:54","modified_gmt":"2023-06-27T12:30:54","slug":"13602811-tornillo-m8x65mm-termostato-fiat-panda-uno-nuevo-original","status":"publish","type":"product","link":"https:\/\/galicianparts.com\/shop\/producto\/13602811-tornillo-m8x65mm-termostato-fiat-panda-uno-nuevo-original\/","title":{"rendered":"13602811 Tornillo M8x65mm termostato Fiat Panda \/Uno NUEVO ORIGINAL"},"content":{"rendered":"<p>Esp\u00e1rrago soporte tapa termostato de la refrigeraci\u00f3n del motor de:<br \/>\nM\u00e9trica: 8<br \/>\nLargo: 65 mm<\/p>\n<p>FIAT &#8211; 1S PANDA 4X2 MAQ 91 (1991-2003) 750 ACB CARB \/ 900 ACB CARB \/ 900 SPI USA 83<br \/>\nFIAT &#8211; LV PANDA 4X2 RL\/86 (1985-1991) 750 ACB \/ 900 ACB<br \/>\nFIAT &#8211; MR UNO R\/89 (1989-1995) 903<\/p>\n<p>LA PIEZA ES NUEVA Y ORIGINAL.<\/p>\n","protected":false},"excerpt":{"rendered":"<p>Esp\u00e1rrago soporte tapa termostato de la refrigeraci\u00f3n del motor de: M\u00e9trica: 8 Largo: 65 mm FIAT &#8211; 1S PANDA 4X2 MAQ 91 (1991-2003) 750 ACB CARB \/ 900 ACB CARB \/ 900 SPI USA 83 FIAT &#8211; LV PANDA 4X2 RL\/86 (1985-1991) 750 ACB \/ 900 ACB FIAT &#8211; MR UNO R\/89 (1989-1995) 903 LA [&hellip;]<\/p>\n","protected":false},"featured_media":73446,"template":"","meta":{"_seopress_robots_primary_cat":"","_seopress_titles_title":"","_seopress_titles_desc":"","_seopress_robots_index":""},"product_cat":[20,99,114],"product_tag":[],"class_list":{"0":"post-73444","1":"product","2":"type-product","3":"status-publish","4":"has-post-thumbnail","6":"product_cat-recambios-fiat","7":"product_cat-recambios-fiat-panda","8":"product_cat-recambios-fiat-uno","10":"first","11":"outofstock","12":"taxable","13":"shipping-taxable","14":"purchasable","15":"product-type-simple"},"_links":{"self":[{"href":"https:\/\/galicianparts.com\/shop\/wp-json\/wp\/v2\/product\/73444"}],"collection":[{"href":"https:\/\/galicianparts.com\/shop\/wp-json\/wp\/v2\/product"}],"about":[{"href":"https:\/\/galicianparts.com\/shop\/wp-json\/wp\/v2\/types\/product"}],"wp:featuredmedia":[{"embeddable":true,"href":"https:\/\/galicianparts.com\/shop\/wp-json\/wp\/v2\/media\/73446"}],"wp:attachment":[{"href":"https:\/\/galicianparts.com\/shop\/wp-json\/wp\/v2\/media?parent=73444"}],"wp:term":[{"taxonomy":"product_cat","embeddable":true,"href":"https:\/\/galicianparts.com\/shop\/wp-json\/wp\/v2\/product_cat?post=73444"},{"taxonomy":"product_tag","embeddable":true,"href":"https:\/\/galicianparts.com\/shop\/wp-json\/wp\/v2\/product_tag?post=73444"}],"curies":[{"name":"wp","href":"https:\/\/api.w.org\/{rel}","templated":true}]}}