{"id":73836,"date":"2023-05-22T08:53:28","date_gmt":"2023-05-22T06:53:28","guid":{"rendered":"https:\/\/galicianparts.com\/shop\/producto\/60678104-conducto-aireador-lancia-thesis-2-0-turbo-2001-2007-nuevo-original\/"},"modified":"2024-08-06T12:29:13","modified_gmt":"2024-08-06T10:29:13","slug":"60678104-conducto-aireador-lancia-thesis-2-0-turbo-2001-2007-nuevo-original","status":"publish","type":"product","link":"https:\/\/galicianparts.com\/shop\/producto\/60678104-conducto-aireador-lancia-thesis-2-0-turbo-2001-2007-nuevo-original\/","title":{"rendered":"60678104 Tubo admisi\u00f3n aire turbo Lancia Thesis 2.0 Turbo (2001-2007) NUEVO ORIGINAL"},"content":{"rendered":"<p>Manguito del caudal\u00edmetro a la admisi\u00f3n de aire del turbo de:<br \/>\nLANCIA &#8211; SJ THESIS (2001-2007) 2000 TB 5C BZ<\/p>\n<p>LA PIEZA ES NUEVA Y ORIGINAL.<\/p>\n","protected":false},"excerpt":{"rendered":"<p>Manguito del caudal\u00edmetro a la admisi\u00f3n de aire del turbo de: LANCIA &#8211; SJ THESIS (2001-2007) 2000 TB 5C BZ LA PIEZA ES NUEVA Y ORIGINAL.<\/p>\n","protected":false},"featured_media":73839,"template":"","meta":{"_seopress_robots_primary_cat":"","_seopress_titles_title":"","_seopress_titles_desc":"","_seopress_robots_index":""},"product_cat":[21,125],"product_tag":[],"class_list":{"0":"post-73836","1":"product","2":"type-product","3":"status-publish","4":"has-post-thumbnail","6":"product_cat-recambios-lancia","7":"product_cat-recambios-lancia-thesis","9":"first","10":"outofstock","11":"taxable","12":"shipping-taxable","13":"purchasable","14":"product-type-simple"},"_links":{"self":[{"href":"https:\/\/galicianparts.com\/shop\/wp-json\/wp\/v2\/product\/73836"}],"collection":[{"href":"https:\/\/galicianparts.com\/shop\/wp-json\/wp\/v2\/product"}],"about":[{"href":"https:\/\/galicianparts.com\/shop\/wp-json\/wp\/v2\/types\/product"}],"wp:featuredmedia":[{"embeddable":true,"href":"https:\/\/galicianparts.com\/shop\/wp-json\/wp\/v2\/media\/73839"}],"wp:attachment":[{"href":"https:\/\/galicianparts.com\/shop\/wp-json\/wp\/v2\/media?parent=73836"}],"wp:term":[{"taxonomy":"product_cat","embeddable":true,"href":"https:\/\/galicianparts.com\/shop\/wp-json\/wp\/v2\/product_cat?post=73836"},{"taxonomy":"product_tag","embeddable":true,"href":"https:\/\/galicianparts.com\/shop\/wp-json\/wp\/v2\/product_tag?post=73836"}],"curies":[{"name":"wp","href":"https:\/\/api.w.org\/{rel}","templated":true}]}}