{"id":73950,"date":"2023-05-24T09:21:20","date_gmt":"2023-05-24T07:21:20","guid":{"rendered":"https:\/\/galicianparts.com\/shop\/producto\/k1103a-filtro-habitaculo-fiat-bravo-stilo-lancia-delta-iii-nuevo-original-filtron\/"},"modified":"2023-11-29T11:33:11","modified_gmt":"2023-11-29T09:33:11","slug":"k1103a-filtro-habitaculo-fiat-bravo-stilo-lancia-delta-iii-nuevo-original-filtron","status":"publish","type":"product","link":"https:\/\/galicianparts.com\/shop\/producto\/k1103a-filtro-habitaculo-fiat-bravo-stilo-lancia-delta-iii-nuevo-original-filtron\/","title":{"rendered":"K1103A Filtro habit\u00e1culo Fiat Bravo \/Stilo \/Lancia Delta III NUEVO ORIGINAL FILTR\u00d3N"},"content":{"rendered":"<p>Filtro de polen de:<br \/>\nLongitud: 233 mm<br \/>\nAncho: 178 mm<br \/>\nAltura: 21 mm<\/p>\n<p>FIAT Stilo Hatchback (192)<br \/>\n1.2 16V, A\u00f1o 02.2002 &#8211; 11.2006, 1242 , 80<br \/>\n1.4 16V, A\u00f1o 03.2005 &#8211; 11.2006, 1368 , 90<br \/>\n1.4 16V, A\u00f1o 01.2004 &#8211; 11.2006, 1368 , 95<br \/>\n1.6 16V, A\u00f1o 05.2005 &#8211; 11.2006, 1598 , 105<br \/>\n1.6 16V, A\u00f1o 10.2001 &#8211; 11.2006, 1596 , 103<br \/>\n1.8 16V, A\u00f1o 10.2001 &#8211; 11.2006, 1747 , 133<br \/>\n1.9 D Multijet, A\u00f1o 09.2005 &#8211; 11.2006, 1910 , 100<br \/>\n1.9 D Multijet, A\u00f1o 09.2005 &#8211; 11.2006, 1910 , 120<br \/>\n1.9 D Multijet, A\u00f1o 09.2005 &#8211; 11.2006, 1910 , 150<br \/>\n1.9 JTD, A\u00f1o 09.2003 &#8211; 11.2006, 1910 , 126<br \/>\n1.9 JTD, A\u00f1o 04.2004 &#8211; 11.2006, 1910 , 136<br \/>\n1.9 JTD, A\u00f1o 01.2004 &#8211; 11.2006, 1910 , 140<br \/>\n1.9 JTD, A\u00f1o 09.2004 &#8211; 11.2006, 1910 , 90<br \/>\n1.9 JTD, A\u00f1o 10.2001 &#8211; 11.2006, 1910 , 115<br \/>\n1.9 JTD, A\u00f1o 02.2002 &#8211; 11.2006, 1910 , 80<br \/>\n2.4 20V, A\u00f1o 10.2001 &#8211; 11.2006, 2446 , 170<br \/>\nFIAT Stilo Multi Wagon (192)<br \/>\n1.4 16V, A\u00f1o 03.2005 &#8211; 08.2008, 1368 , 90<br \/>\n1.4 16V, A\u00f1o 01.2004 &#8211; 08.2008, 1368 , 95<br \/>\n1.6 16V, A\u00f1o 01.2003 &#8211; 08.2008, 1596 , 103<br \/>\n1.6 16V, A\u00f1o 03.2005 &#8211; 12.2007, 1598 , 105<br \/>\n1.8 16V, A\u00f1o 01.2003 &#8211; 08.2008, 1747 , 133<br \/>\n1.9 D, A\u00f1o 09.2004 &#8211; 08.2008, 1910 , 90<br \/>\n1.9 D Multijet, A\u00f1o 09.2005 &#8211; 08.2008, 1910 , 100<br \/>\n1.9 D Multijet, A\u00f1o 09.2005 &#8211; 08.2008, 1910 , 120<br \/>\n1.9 D Multijet (192DXT1B), A\u00f1o 09.2005 &#8211; 08.2008, 1910 , 150<br \/>\n1.9 JTD, A\u00f1o 01.2003 &#8211; 08.2008, 1910 , 80<br \/>\n1.9 JTD, A\u00f1o 01.2003 &#8211; 08.2008, 1910 , 115<br \/>\n1.9 JTD, A\u00f1o 09.2003 &#8211; 08.2008, 1910 , 126<br \/>\n1.9 JTD, A\u00f1o 04.2004 &#8211; 08.2008, 1910 , 136<br \/>\n1.9 JTD, A\u00f1o 01.2004 &#8211; 08.2008, 1910 , 140<br \/>\nFIAT Bravo II (198)<br \/>\n1.4, A\u00f1o 04.2007 &#8211; 12.2014, 1368 , 90<br \/>\n1.4 16V, A\u00f1o 03.2008 &#8211; 12.2014, 1368 , 140<br \/>\n1.4 LPG, A\u00f1o 12.2008 &#8211; 12.2014, 1368 , 90<br \/>\n1.4 T-Jet, A\u00f1o 09.2007 &#8211; 12.2014, 1368 , 120<br \/>\n1.4 T-Jet, A\u00f1o 09.2007 &#8211; 12.2014, 1368 , 150<br \/>\n1.6 D Multijet, A\u00f1o 03.2008 &#8211; 12.2014, 1598 , 90<br \/>\n1.6 D Multijet, A\u00f1o 09.2007 &#8211; 12.2014, 1598 , 105<br \/>\n1.6 D Multijet, A\u00f1o 03.2008 &#8211; 12.2014, 1598 , 120<br \/>\n1.9 D Multijet, A\u00f1o 04.2007 &#8211; 12.2008, 1910 , 90<br \/>\n1.9 D Multijet, A\u00f1o 11.2006 &#8211; 12.2009, 1910 , 116<br \/>\n1.9 D Multijet, A\u00f1o 04.2007 &#8211; 12.2014, 1910 , 120<br \/>\n1.9 D Multijet, A\u00f1o 04.2007 &#8211; 12.2014, 1910 , 150<br \/>\n2.0 D Multijet, A\u00f1o 09.2008 &#8211; 12.2014, 1956 , 163<br \/>\n2.0 D Multijet, A\u00f1o 09.2008 &#8211; 12.2014, 1956 , 165<br \/>\nFIAT Stilo Furg\u00f3n \/ Familiar (192)<br \/>\n1.4 (192DXH1B), A\u00f1o 01.2004 &#8211; 08.2008, 1368 , 95<br \/>\n1.6 (192DXB1A), A\u00f1o 04.2005 &#8211; 08.2008, 1596 , 136<br \/>\n1.6 (192DXR1A), A\u00f1o 04.2005 &#8211; 08.2008, 1598 , 105<br \/>\n1.9 JTD (192DXE1A), A\u00f1o 10.2001 &#8211; 08.2005, 1910 , 116<br \/>\n1.9 JTD (192DXF1A), A\u00f1o 10.2001 &#8211; 08.2005, 1910 , 80<br \/>\n1.9 JTD (192DXG1B), A\u00f1o 09.2003 &#8211; 08.2005, 1910 , 126<br \/>\n1.9 JTD (192DXG1B), A\u00f1o 02.2004 &#8211; 08.2008, 1910 , 136<br \/>\n1.9 JTD (192DXG1B), A\u00f1o 09.2003 &#8211; 08.2005, 1910 , 140<br \/>\n1.9 JTD (192DXS1A), A\u00f1o 09.2005 &#8211; 08.2008, 1910 , 120<br \/>\n1.9 JTD (192DXT1B), A\u00f1o 09.2005 &#8211; 08.2008, 1910 , 150<\/p>\n<p>LANCIA Delta III (844)<br \/>\n1.4, A\u00f1o 09.2008 &#8211; 08.2014, 1368 , 120<br \/>\n1.4, A\u00f1o 09.2008 &#8211; 08.2014, 1368 , 150<br \/>\n1.4 16V, A\u00f1o 07.2010 &#8211; 08.2014, 1368 , 140<br \/>\n1.4 Bifuel, A\u00f1o 07.2011 &#8211; 08.2014, 1368 , 120<br \/>\n1.6 D Multijet, A\u00f1o 04.2011 &#8211; 08.2014, 1598 , 105<br \/>\n1.6 D Multijet, A\u00f1o 08.2008 &#8211; 08.2014, 1598 , 116<br \/>\n1.6 D Multijet, A\u00f1o 09.2008 &#8211; 08.2014, 1598 , 120<br \/>\n1.8, A\u00f1o 01.2009 &#8211; 08.2014, 1742 , 200<br \/>\n1.9 D Multijet, A\u00f1o 01.2009 &#8211; 08.2014, 1910 , 190<br \/>\n2.0 D Multijet, A\u00f1o 09.2008 &#8211; 08.2014, 1956 , 163<br \/>\n2.0 D Multijet, A\u00f1o 09.2008 &#8211; 08.2014, 1956 , 165<\/p>\n<p>LA PIEZA ES NUEVA Y ORIGINAL FILTR\u00d3N.<\/p>\n","protected":false},"excerpt":{"rendered":"<p>Filtro de polen de: Longitud: 233 mm Ancho: 178 mm Altura: 21 mm FIAT Stilo Hatchback (192) 1.2 16V, A\u00f1o 02.2002 &#8211; 11.2006, 1242 , 80 1.4 16V, A\u00f1o 03.2005 &#8211; 11.2006, 1368 , 90 1.4 16V, A\u00f1o 01.2004 &#8211; 11.2006, 1368 , 95 1.6 16V, A\u00f1o 05.2005 &#8211; 11.2006, 1598 , 105 1.6 16V, [&hellip;]<\/p>\n","protected":false},"featured_media":80501,"template":"","meta":{"_seopress_robots_primary_cat":"","_seopress_titles_title":"","_seopress_titles_desc":"","_seopress_robots_index":""},"product_cat":[82,118,20,21,108],"product_tag":[],"class_list":{"0":"post-73950","1":"product","2":"type-product","3":"status-publish","4":"has-post-thumbnail","6":"product_cat-recambios-fiat-bravo","7":"product_cat-recambios-lancia-delta","8":"product_cat-recambios-fiat","9":"product_cat-recambios-lancia","10":"product_cat-recambios-fiat-stilo","12":"first","13":"instock","14":"taxable","15":"shipping-taxable","16":"purchasable","17":"product-type-simple"},"_links":{"self":[{"href":"https:\/\/galicianparts.com\/shop\/wp-json\/wp\/v2\/product\/73950"}],"collection":[{"href":"https:\/\/galicianparts.com\/shop\/wp-json\/wp\/v2\/product"}],"about":[{"href":"https:\/\/galicianparts.com\/shop\/wp-json\/wp\/v2\/types\/product"}],"wp:featuredmedia":[{"embeddable":true,"href":"https:\/\/galicianparts.com\/shop\/wp-json\/wp\/v2\/media\/80501"}],"wp:attachment":[{"href":"https:\/\/galicianparts.com\/shop\/wp-json\/wp\/v2\/media?parent=73950"}],"wp:term":[{"taxonomy":"product_cat","embeddable":true,"href":"https:\/\/galicianparts.com\/shop\/wp-json\/wp\/v2\/product_cat?post=73950"},{"taxonomy":"product_tag","embeddable":true,"href":"https:\/\/galicianparts.com\/shop\/wp-json\/wp\/v2\/product_tag?post=73950"}],"curies":[{"name":"wp","href":"https:\/\/api.w.org\/{rel}","templated":true}]}}