{"id":7528,"date":"2020-11-03T19:32:12","date_gmt":"2020-11-03T17:32:12","guid":{"rendered":"https:\/\/galicianparts.com\/shop\/producto\/9948759-cuerpo-de-valvulas-caja-cvt-fiat-punto-2000-2002-nuevo-original\/"},"modified":"2022-05-26T09:32:54","modified_gmt":"2022-05-26T07:32:54","slug":"9948759-cuerpo-de-valvulas-caja-cvt-fiat-punto-2000-2002-nuevo-original","status":"publish","type":"product","link":"https:\/\/galicianparts.com\/shop\/producto\/9948759-cuerpo-de-valvulas-caja-cvt-fiat-punto-2000-2002-nuevo-original\/","title":{"rendered":"9948759 Cuerpo de v\u00e1lvulas caja CVT Fiat Punto (2000-2002) NUEVO ORIGINAL"},"content":{"rendered":"<p>Cuerpo de v\u00e1lvulas de caja de cambios autom\u00e1tica CVT RE0F21A de Fiat Punto (2000-2002)<\/p>\n<p> LA PIEZA ES NUEVA Y ORIGINAL.<\/p>\n","protected":false},"excerpt":{"rendered":"<p>Cuerpo de v\u00e1lvulas de caja de cambios autom\u00e1tica CVT RE0F21A de Fiat Punto (2000-2002) LA PIEZA ES NUEVA Y ORIGINAL.<\/p>\n","protected":false},"featured_media":7529,"template":"","meta":{"_seopress_robots_primary_cat":"","_seopress_titles_title":"","_seopress_titles_desc":"","_seopress_robots_index":""},"product_cat":[20,101],"product_tag":[],"class_list":{"0":"post-7528","1":"product","2":"type-product","3":"status-publish","4":"has-post-thumbnail","6":"product_cat-recambios-fiat","7":"product_cat-recambios-fiat-punto","9":"first","10":"outofstock","11":"taxable","12":"shipping-taxable","13":"purchasable","14":"product-type-simple"},"_links":{"self":[{"href":"https:\/\/galicianparts.com\/shop\/wp-json\/wp\/v2\/product\/7528"}],"collection":[{"href":"https:\/\/galicianparts.com\/shop\/wp-json\/wp\/v2\/product"}],"about":[{"href":"https:\/\/galicianparts.com\/shop\/wp-json\/wp\/v2\/types\/product"}],"wp:featuredmedia":[{"embeddable":true,"href":"https:\/\/galicianparts.com\/shop\/wp-json\/wp\/v2\/media\/7529"}],"wp:attachment":[{"href":"https:\/\/galicianparts.com\/shop\/wp-json\/wp\/v2\/media?parent=7528"}],"wp:term":[{"taxonomy":"product_cat","embeddable":true,"href":"https:\/\/galicianparts.com\/shop\/wp-json\/wp\/v2\/product_cat?post=7528"},{"taxonomy":"product_tag","embeddable":true,"href":"https:\/\/galicianparts.com\/shop\/wp-json\/wp\/v2\/product_tag?post=7528"}],"curies":[{"name":"wp","href":"https:\/\/api.w.org\/{rel}","templated":true}]}}