{"id":75497,"date":"2023-06-28T10:15:42","date_gmt":"2023-06-28T08:15:42","guid":{"rendered":"https:\/\/galicianparts.com\/shop\/producto\/46411587-abrazadera-d-29mm-tubos-cables-fiat-lancia-alfa-romeo-nueva-original\/"},"modified":"2023-06-28T10:17:20","modified_gmt":"2023-06-28T08:17:20","slug":"46411587-abrazadera-d-29mm-tubos-cables-fiat-lancia-alfa-romeo-nueva-original","status":"publish","type":"product","link":"https:\/\/galicianparts.com\/shop\/producto\/46411587-abrazadera-d-29mm-tubos-cables-fiat-lancia-alfa-romeo-nueva-original\/","title":{"rendered":"46411587 Abrazadera D 29mm tubos\/cables Fiat \/Lancia \/Alfa Romeo NUEVA ORIGINAL"},"content":{"rendered":"<p>Soporte, tope de sujeci\u00f3n de manguitos y cableado el\u00e9ctrico de:<br \/>\nDi\u00e1metro: 29 mm<br \/>\nOrificio tope anclaje: 8&#215;8 mm<\/p>\n<p>FIAT &#8211; TODOS<br \/>\nLANCIA &#8211; TODOS<br \/>\nALFA ROMEO &#8211; TODOS<br \/>\nCITROEN &#8211; TODOS<br \/>\nPEUGEOT &#8211; TODOS<br \/>\nAUTOBIANCHI &#8211; TODOS<br \/>\nHYUNDAI &#8211; TODOS<br \/>\nKIA &#8211; TODOS<br \/>\nSEAT &#8211; TODOS<\/p>\n<p>LA PIEZA ES NUEVA Y ORIGINAL.<\/p>\n","protected":false},"excerpt":{"rendered":"<p>Soporte, tope de sujeci\u00f3n de manguitos y cableado el\u00e9ctrico de: Di\u00e1metro: 29 mm Orificio tope anclaje: 8&#215;8 mm FIAT &#8211; TODOS LANCIA &#8211; TODOS ALFA ROMEO &#8211; TODOS CITROEN &#8211; TODOS PEUGEOT &#8211; TODOS AUTOBIANCHI &#8211; TODOS HYUNDAI &#8211; TODOS KIA &#8211; TODOS SEAT &#8211; TODOS LA PIEZA ES NUEVA Y ORIGINAL.<\/p>\n","protected":false},"featured_media":75501,"template":"","meta":{"_seopress_robots_primary_cat":"","_seopress_titles_title":"","_seopress_titles_desc":"","_seopress_robots_index":""},"product_cat":[16,25,23,20,271,22,21,24,26],"product_tag":[],"class_list":{"0":"post-75497","1":"product","2":"type-product","3":"status-publish","4":"has-post-thumbnail","6":"product_cat-recambios-alfa-romeo","7":"product_cat-recambios-autobianchi","8":"product_cat-recambios-citroen","9":"product_cat-recambios-fiat","10":"product_cat-recambios-hyundai","11":"product_cat-recambios-kia","12":"product_cat-recambios-lancia","13":"product_cat-recambios-peugeot","14":"product_cat-recambios-seat","16":"first","17":"instock","18":"taxable","19":"shipping-taxable","20":"purchasable","21":"product-type-simple"},"_links":{"self":[{"href":"https:\/\/galicianparts.com\/shop\/wp-json\/wp\/v2\/product\/75497"}],"collection":[{"href":"https:\/\/galicianparts.com\/shop\/wp-json\/wp\/v2\/product"}],"about":[{"href":"https:\/\/galicianparts.com\/shop\/wp-json\/wp\/v2\/types\/product"}],"wp:featuredmedia":[{"embeddable":true,"href":"https:\/\/galicianparts.com\/shop\/wp-json\/wp\/v2\/media\/75501"}],"wp:attachment":[{"href":"https:\/\/galicianparts.com\/shop\/wp-json\/wp\/v2\/media?parent=75497"}],"wp:term":[{"taxonomy":"product_cat","embeddable":true,"href":"https:\/\/galicianparts.com\/shop\/wp-json\/wp\/v2\/product_cat?post=75497"},{"taxonomy":"product_tag","embeddable":true,"href":"https:\/\/galicianparts.com\/shop\/wp-json\/wp\/v2\/product_tag?post=75497"}],"curies":[{"name":"wp","href":"https:\/\/api.w.org\/{rel}","templated":true}]}}