{"id":7569,"date":"2020-11-03T21:20:44","date_gmt":"2020-11-03T19:20:44","guid":{"rendered":"https:\/\/galicianparts.com\/shop\/producto\/5927059-cable-electrico-fiat-131-nuevo-original\/"},"modified":"2021-02-19T20:02:15","modified_gmt":"2021-02-19T18:02:15","slug":"5927059-cable-electrico-fiat-131-nuevo-original","status":"publish","type":"product","link":"https:\/\/galicianparts.com\/shop\/producto\/5927059-cable-electrico-fiat-131-nuevo-original\/","title":{"rendered":"5927059 Cable positivo bater\u00eda Fiat 131 NUEVO ORIGINAL"},"content":{"rendered":"<p>Cable el\u00e9ctrico del positivo de la bater\u00eda y alternador de Fiat 131<\/p>\n<p>LA PIEZA ES NUEVA Y ORIGINAL.<\/p>\n","protected":false},"excerpt":{"rendered":"<p>Cable el\u00e9ctrico del positivo de la bater\u00eda y alternador de Fiat 131 LA PIEZA ES NUEVA Y ORIGINAL.<\/p>\n","protected":false},"featured_media":7570,"template":"","meta":{"_seopress_robots_primary_cat":"","_seopress_titles_title":"","_seopress_titles_desc":"","_seopress_robots_index":""},"product_cat":[70,20],"product_tag":[],"class_list":{"0":"post-7569","1":"product","2":"type-product","3":"status-publish","4":"has-post-thumbnail","6":"product_cat-recambios-fiat-131","7":"product_cat-recambios-fiat","9":"first","10":"outofstock","11":"taxable","12":"shipping-taxable","13":"purchasable","14":"product-type-simple"},"_links":{"self":[{"href":"https:\/\/galicianparts.com\/shop\/wp-json\/wp\/v2\/product\/7569"}],"collection":[{"href":"https:\/\/galicianparts.com\/shop\/wp-json\/wp\/v2\/product"}],"about":[{"href":"https:\/\/galicianparts.com\/shop\/wp-json\/wp\/v2\/types\/product"}],"wp:featuredmedia":[{"embeddable":true,"href":"https:\/\/galicianparts.com\/shop\/wp-json\/wp\/v2\/media\/7570"}],"wp:attachment":[{"href":"https:\/\/galicianparts.com\/shop\/wp-json\/wp\/v2\/media?parent=7569"}],"wp:term":[{"taxonomy":"product_cat","embeddable":true,"href":"https:\/\/galicianparts.com\/shop\/wp-json\/wp\/v2\/product_cat?post=7569"},{"taxonomy":"product_tag","embeddable":true,"href":"https:\/\/galicianparts.com\/shop\/wp-json\/wp\/v2\/product_tag?post=7569"}],"curies":[{"name":"wp","href":"https:\/\/api.w.org\/{rel}","templated":true}]}}