{"id":7617,"date":"2020-11-04T19:48:08","date_gmt":"2020-11-04T17:48:08","guid":{"rendered":"https:\/\/galicianparts.com\/shop\/producto\/4218516-palanca-contol-climatizacion-fiat-128-nueva-original\/"},"modified":"2020-11-04T19:51:42","modified_gmt":"2020-11-04T17:51:42","slug":"4218516-palanca-contol-climatizacion-fiat-128-nueva-original","status":"publish","type":"product","link":"https:\/\/galicianparts.com\/shop\/producto\/4218516-palanca-contol-climatizacion-fiat-128-nueva-original\/","title":{"rendered":"4218516 Palanca contol climatizaci\u00f3n FIAT 128 NUEVA ORIGINAL"},"content":{"rendered":"<p>Bot\u00f3n tirador palanca de control de climatizaci\u00f3n  para Fiat 128 <\/p>\n<p> LA PIEZA ES NUEVA Y ORIGINAL.<\/p>\n","protected":false},"excerpt":{"rendered":"<p>Bot\u00f3n tirador palanca de control de climatizaci\u00f3n para Fiat 128 LA PIEZA ES NUEVA Y ORIGINAL.<\/p>\n","protected":false},"featured_media":7618,"template":"","meta":{"_seopress_robots_primary_cat":"","_seopress_titles_title":"","_seopress_titles_desc":"","_seopress_robots_index":""},"product_cat":[69,20],"product_tag":[],"class_list":{"0":"post-7617","1":"product","2":"type-product","3":"status-publish","4":"has-post-thumbnail","6":"product_cat-recambios-fiat-128","7":"product_cat-recambios-fiat","9":"first","10":"instock","11":"taxable","12":"shipping-taxable","13":"purchasable","14":"product-type-simple"},"_links":{"self":[{"href":"https:\/\/galicianparts.com\/shop\/wp-json\/wp\/v2\/product\/7617"}],"collection":[{"href":"https:\/\/galicianparts.com\/shop\/wp-json\/wp\/v2\/product"}],"about":[{"href":"https:\/\/galicianparts.com\/shop\/wp-json\/wp\/v2\/types\/product"}],"wp:featuredmedia":[{"embeddable":true,"href":"https:\/\/galicianparts.com\/shop\/wp-json\/wp\/v2\/media\/7618"}],"wp:attachment":[{"href":"https:\/\/galicianparts.com\/shop\/wp-json\/wp\/v2\/media?parent=7617"}],"wp:term":[{"taxonomy":"product_cat","embeddable":true,"href":"https:\/\/galicianparts.com\/shop\/wp-json\/wp\/v2\/product_cat?post=7617"},{"taxonomy":"product_tag","embeddable":true,"href":"https:\/\/galicianparts.com\/shop\/wp-json\/wp\/v2\/product_tag?post=7617"}],"curies":[{"name":"wp","href":"https:\/\/api.w.org\/{rel}","templated":true}]}}