{"id":76246,"date":"2023-07-13T10:26:35","date_gmt":"2023-07-13T08:26:35","guid":{"rendered":"https:\/\/galicianparts.com\/shop\/producto\/735244884-tapizado-porton-trasero-fiat-bravo-1995-1998-nuevo-original\/"},"modified":"2023-07-19T08:45:12","modified_gmt":"2023-07-19T06:45:12","slug":"735244884-tapizado-porton-trasero-fiat-bravo-1995-1998-nuevo-original","status":"publish","type":"product","link":"https:\/\/galicianparts.com\/shop\/producto\/735244884-tapizado-porton-trasero-fiat-bravo-1995-1998-nuevo-original\/","title":{"rendered":"735244884 Tapizado port\u00f3n trasero Fiat Bravo (1995-1998) NUEVO ORIGINAL"},"content":{"rendered":"<p>Guarnecido, embellecedor del port\u00f3n del maletero con el peque\u00f1o desperfecto que se ve en la foto debido al mal almacenaje de:<br \/>\nFIAT &#8211; 1U BRAVO BZ\/DS (1995-1998)<\/p>\n<p>LA PIEZA ES NUEVA Y ORIGINAL CON EL PEQUE\u00d1O DESPERFECTO QUE SE VE EN LA FOTO DEBIDO AL MAL ALMACENAJE.<\/p>\n","protected":false},"excerpt":{"rendered":"<p>Guarnecido, embellecedor del port\u00f3n del maletero con el peque\u00f1o desperfecto que se ve en la foto debido al mal almacenaje de: FIAT &#8211; 1U BRAVO BZ\/DS (1995-1998) LA PIEZA ES NUEVA Y ORIGINAL CON EL PEQUE\u00d1O DESPERFECTO QUE SE VE EN LA FOTO DEBIDO AL MAL ALMACENAJE.<\/p>\n","protected":false},"featured_media":76253,"template":"","meta":{"_seopress_robots_primary_cat":"","_seopress_titles_title":"","_seopress_titles_desc":"","_seopress_robots_index":""},"product_cat":[82,20],"product_tag":[],"class_list":{"0":"post-76246","1":"product","2":"type-product","3":"status-publish","4":"has-post-thumbnail","6":"product_cat-recambios-fiat-bravo","7":"product_cat-recambios-fiat","9":"first","10":"instock","11":"taxable","12":"shipping-taxable","13":"purchasable","14":"product-type-simple"},"_links":{"self":[{"href":"https:\/\/galicianparts.com\/shop\/wp-json\/wp\/v2\/product\/76246"}],"collection":[{"href":"https:\/\/galicianparts.com\/shop\/wp-json\/wp\/v2\/product"}],"about":[{"href":"https:\/\/galicianparts.com\/shop\/wp-json\/wp\/v2\/types\/product"}],"wp:featuredmedia":[{"embeddable":true,"href":"https:\/\/galicianparts.com\/shop\/wp-json\/wp\/v2\/media\/76253"}],"wp:attachment":[{"href":"https:\/\/galicianparts.com\/shop\/wp-json\/wp\/v2\/media?parent=76246"}],"wp:term":[{"taxonomy":"product_cat","embeddable":true,"href":"https:\/\/galicianparts.com\/shop\/wp-json\/wp\/v2\/product_cat?post=76246"},{"taxonomy":"product_tag","embeddable":true,"href":"https:\/\/galicianparts.com\/shop\/wp-json\/wp\/v2\/product_tag?post=76246"}],"curies":[{"name":"wp","href":"https:\/\/api.w.org\/{rel}","templated":true}]}}