{"id":7717,"date":"2020-11-05T15:34:07","date_gmt":"2020-11-05T13:34:07","guid":{"rendered":"https:\/\/galicianparts.com\/shop\/producto\/50901195-spoiler-trasero-aleron-fiat-idea-nuevo-original-fiat-lineaccessori\/"},"modified":"2020-12-29T20:57:09","modified_gmt":"2020-12-29T18:57:09","slug":"50901195-spoiler-trasero-aleron-fiat-idea-nuevo-original-fiat-lineaccessori","status":"publish","type":"product","link":"https:\/\/galicianparts.com\/shop\/producto\/50901195-spoiler-trasero-aleron-fiat-idea-nuevo-original-fiat-lineaccessori\/","title":{"rendered":"50901195 Spoiler trasero aler\u00f3n Fiat Idea NUEVO ORIGINAL Fiat Lineaccessori"},"content":{"rendered":"<p>Aler\u00f3n, spoiler del port\u00f3n trasero de Fiat Idea fabricado por Zender para Fiat Lineaccessori.<br \/>\nLA PIEZA ES NUEVA Y ORIGINAL.<\/p>\n","protected":false},"excerpt":{"rendered":"<p>Aler\u00f3n, spoiler del port\u00f3n trasero de Fiat Idea fabricado por Zender para Fiat Lineaccessori. LA PIEZA ES NUEVA Y ORIGINAL.<\/p>\n","protected":false},"featured_media":7718,"template":"","meta":{"_seopress_robots_primary_cat":"","_seopress_titles_title":"","_seopress_titles_desc":"","_seopress_robots_index":""},"product_cat":[20,93],"product_tag":[],"class_list":{"0":"post-7717","1":"product","2":"type-product","3":"status-publish","4":"has-post-thumbnail","6":"product_cat-recambios-fiat","7":"product_cat-recambios-fiat-idea","9":"first","10":"outofstock","11":"taxable","12":"shipping-taxable","13":"purchasable","14":"product-type-simple"},"_links":{"self":[{"href":"https:\/\/galicianparts.com\/shop\/wp-json\/wp\/v2\/product\/7717"}],"collection":[{"href":"https:\/\/galicianparts.com\/shop\/wp-json\/wp\/v2\/product"}],"about":[{"href":"https:\/\/galicianparts.com\/shop\/wp-json\/wp\/v2\/types\/product"}],"wp:featuredmedia":[{"embeddable":true,"href":"https:\/\/galicianparts.com\/shop\/wp-json\/wp\/v2\/media\/7718"}],"wp:attachment":[{"href":"https:\/\/galicianparts.com\/shop\/wp-json\/wp\/v2\/media?parent=7717"}],"wp:term":[{"taxonomy":"product_cat","embeddable":true,"href":"https:\/\/galicianparts.com\/shop\/wp-json\/wp\/v2\/product_cat?post=7717"},{"taxonomy":"product_tag","embeddable":true,"href":"https:\/\/galicianparts.com\/shop\/wp-json\/wp\/v2\/product_tag?post=7717"}],"curies":[{"name":"wp","href":"https:\/\/api.w.org\/{rel}","templated":true}]}}