{"id":7737,"date":"2020-11-05T19:15:19","date_gmt":"2020-11-05T17:15:19","guid":{"rendered":"https:\/\/galicianparts.com\/shop\/producto\/5964834-cremallera-direccion-fiat-127-128-x1-9-panda-ritmo-regata-uno-fiorino-seat-marbella\/"},"modified":"2023-09-26T12:14:25","modified_gmt":"2023-09-26T10:14:25","slug":"5964834-cremallera-direccion-fiat-127-128-x1-9-panda-ritmo-regata-uno-fiorino-seat-marbella","status":"publish","type":"product","link":"https:\/\/galicianparts.com\/shop\/producto\/5964834-cremallera-direccion-fiat-127-128-x1-9-panda-ritmo-regata-uno-fiorino-seat-marbella\/","title":{"rendered":"5964834 Cremallera direcci\u00f3n Fiat 127 \/128 \/ X1\/9 \/ Panda \/Ritmo \/Regata \/Uno \/Fiorino \/Seat Marbella ORIGINAL"},"content":{"rendered":"<p>Cremallera, caja de direcci\u00f3n de:<br \/>\nSeat marbella (28 28a) (a\u00f1o 08.1986 &#8211; 10.1998, 34 &#8211; 44 cv, gasolina)<br \/>\nFiat 127 (a\u00f1o 06.1971 &#8211; 12.1986, 40 &#8211; 75 cv, gas\u00f3leo, gasolina)<br \/>\nFiat 128 (a\u00f1o 03.1969 &#8211; 12.1984, 55 &#8211; 60 cv, gasolina)<br \/>\nFiat fiorino i furg\u00f3n (147) (a\u00f1o 01.1980 &#8211; 08.1993, 45 &#8211; 67 cv, gas\u00f3leo, gasolina)<br \/>\nFiat fiorino furg\u00f3n (127) (a\u00f1o 10.1977 &#8211; 12.1987, 45 &#8211; 50 cv, gasolina)<br \/>\nFiat panda i hatchback (141) (a\u00f1o 10.1980 &#8211; 07.2004, 34 &#8211; 54 cv, gas\u00f3leo, gasolina)<br \/>\nFiat panda van (141) (a\u00f1o 01.1986 &#8211; 02.2004, 34 &#8211; 45 cv, gasolina)<br \/>\nFiat x 1\/9 (128)<br \/>\nFiat Ritmo<br \/>\nFiat Regata<br \/>\nFiat Uno<br \/>\nLas r\u00f3tulas axiales que tiene montadas solo valen para \u00e9stos modelos:<br \/>\nFiat Ritmo<br \/>\nFiat Regata<br \/>\nFiat Uno<\/p>\n<p>LA PIEZA ES NUEVA Y ORIGINAL.<\/p>\n","protected":false},"excerpt":{"rendered":"<p>Cremallera, caja de direcci\u00f3n de: Seat marbella (28 28a) (a\u00f1o 08.1986 &#8211; 10.1998, 34 &#8211; 44 cv, gasolina) Fiat 127 (a\u00f1o 06.1971 &#8211; 12.1986, 40 &#8211; 75 cv, gas\u00f3leo, gasolina) Fiat 128 (a\u00f1o 03.1969 &#8211; 12.1984, 55 &#8211; 60 cv, gasolina) Fiat fiorino i furg\u00f3n (147) (a\u00f1o 01.1980 &#8211; 08.1993, 45 &#8211; 67 cv, gas\u00f3leo, [&hellip;]<\/p>\n","protected":false},"featured_media":78597,"template":"","meta":{"_seopress_robots_primary_cat":"","_seopress_titles_title":"","_seopress_titles_desc":"","_seopress_robots_index":""},"product_cat":[68,69,20,91,207,99,102,103,26,114,206],"product_tag":[],"class_list":{"0":"post-7737","1":"product","2":"type-product","3":"status-publish","4":"has-post-thumbnail","6":"product_cat-recambios-fiat-127","7":"product_cat-recambios-fiat-128","8":"product_cat-recambios-fiat","9":"product_cat-recambios-fiat-fiorino","10":"product_cat-recambios-seat-marbella","11":"product_cat-recambios-fiat-panda","12":"product_cat-recambios-fiat-regata","13":"product_cat-recambios-fiat-ritmo","14":"product_cat-recambios-seat","15":"product_cat-recambios-fiat-uno","16":"product_cat-recambios-fiat-x1-9","18":"first","19":"outofstock","20":"taxable","21":"shipping-taxable","22":"purchasable","23":"product-type-simple"},"_links":{"self":[{"href":"https:\/\/galicianparts.com\/shop\/wp-json\/wp\/v2\/product\/7737"}],"collection":[{"href":"https:\/\/galicianparts.com\/shop\/wp-json\/wp\/v2\/product"}],"about":[{"href":"https:\/\/galicianparts.com\/shop\/wp-json\/wp\/v2\/types\/product"}],"wp:featuredmedia":[{"embeddable":true,"href":"https:\/\/galicianparts.com\/shop\/wp-json\/wp\/v2\/media\/78597"}],"wp:attachment":[{"href":"https:\/\/galicianparts.com\/shop\/wp-json\/wp\/v2\/media?parent=7737"}],"wp:term":[{"taxonomy":"product_cat","embeddable":true,"href":"https:\/\/galicianparts.com\/shop\/wp-json\/wp\/v2\/product_cat?post=7737"},{"taxonomy":"product_tag","embeddable":true,"href":"https:\/\/galicianparts.com\/shop\/wp-json\/wp\/v2\/product_tag?post=7737"}],"curies":[{"name":"wp","href":"https:\/\/api.w.org\/{rel}","templated":true}]}}