{"id":77784,"date":"2023-09-01T09:39:58","date_gmt":"2023-09-01T07:39:58","guid":{"rendered":"https:\/\/galicianparts.com\/shop\/producto\/4153055-tapon-deposito-refrigerante-fiat-850-127-128-124-131-autobianchi-a112-nuevo\/"},"modified":"2026-03-25T14:25:56","modified_gmt":"2026-03-25T12:25:56","slug":"4153055-tapon-deposito-refrigerante-fiat-850-127-128-124-131-autobianchi-a112-nuevo","status":"publish","type":"product","link":"https:\/\/galicianparts.com\/shop\/producto\/4153055-tapon-deposito-refrigerante-fiat-850-127-128-124-131-autobianchi-a112-nuevo\/","title":{"rendered":"4153055 Tap\u00f3n dep\u00f3sito refrigerante Fiat 850 \/127 \/128 \/124 \/131 \/Autobianchi A112 NUEVO"},"content":{"rendered":"<p>Tap\u00f3n del vaso de expansi\u00f3n del l\u00edquido refrigerante del motor de:<\/p>\n<p>AUTOBIANCHI A 112 Hatchback<br \/>\n0.9 Junior, A\u00f1o 07.1975 &#8211; 12.1985, 903 ccm, 42 cv<br \/>\n1.0 Abarth, A\u00f1o 09.1971 &#8211; 12.1975, 982 ccm, 58 cv<br \/>\n1.0 Abarth, A\u00f1o 01.1974 &#8211; 12.1984, 1050 ccm, 70 cv<br \/>\n1.0 E,Elite,LX, A\u00f1o 11.1977 &#8211; 12.1985, 965 ccm, 48 cv<\/p>\n<p>FIAT 850 Coup\u00e9 (100)<br \/>\n0.9 Sport, A\u00f1o 02.1968 &#8211; 10.1972, 903 ccm, 52 cv<br \/>\nFIAT 124 Sport Spider (124)<br \/>\n1500 Sport (BS), A\u00f1o 01.1966 &#8211; 12.1972, 1438 ccm, 90 cv<br \/>\n1600 Sport (BS), A\u00f1o 11.1969 &#8211; 08.1973, 1608 ccm, 112 cv<br \/>\n1600 Sport (BS1), A\u00f1o 11.1969 &#8211; 08.1973, 1608 ccm, 100 cv<br \/>\n1600 Sport (BS1), A\u00f1o 01.1969 &#8211; 12.1974, 1608 ccm, 110 cv<br \/>\n1600 Sport (CS), A\u00f1o 01.1969 &#8211; 12.1974, 1608 ccm, 104 cv<br \/>\n1800 Rally Abarth (CSA), A\u00f1o 09.1972 &#8211; 07.1975, 1756 ccm, 128 cv<br \/>\n1.7 Sport, A\u00f1o 01.1973 &#8211; 07.1975, 1739 ccm, 112 cv<br \/>\n1800 Sport (CS1), A\u00f1o 01.1972 &#8211; 12.1977, 1756 ccm, 118 cv<br \/>\nFIAT 127 Hatchback (127)<br \/>\n0.9, A\u00f1o 06.1971 &#8211; 05.1983, 903 ccm, 40 cv<br \/>\n0.9 (127A), A\u00f1o 09.1971 &#8211; 12.1984, 903 ccm, 45 cv<br \/>\n1.0, A\u00f1o 04.1977 &#8211; 12.1986, 1049 ccm, 50 cv<br \/>\n1.0 Sport, A\u00f1o 07.1978 &#8211; 02.1982, 1049 ccm, 70 cv<br \/>\n1.3 Di\u00e9sel, A\u00f1o 04.1981 &#8211; 12.1986, 1301 ccm, 45 cv<br \/>\n1.3 Sport, A\u00f1o 12.1981 &#8211; 05.1983, 1301 ccm, 75 cv<br \/>\nFIAT 128 Coup\u00e9 (128)<br \/>\n1.1, A\u00f1o 03.1972 &#8211; 02.1981, 1116 ccm, 64 cv<br \/>\n1.1, A\u00f1o 08.1975 &#8211; 02.1981, 1116 ccm, 65 cv<br \/>\n1.3, A\u00f1o 03.1972 &#8211; 12.1979, 1290 ccm, 75 cv<br \/>\n1.3 Berlinetta, A\u00f1o 06.1975 &#8211; 12.1979, 1290 ccm, 73 cv<br \/>\nFIAT 128 Berlina (128)<br \/>\n1.1, A\u00f1o 02.1975 &#8211; 09.1981, 1116 ccm, 45 cv<br \/>\n1.1 (128A), A\u00f1o 03.1969 &#8211; 12.1984, 1116 ccm, 55 cv<br \/>\n1.3 (128A), A\u00f1o 08.1974 &#8211; 12.1984, 1290 ccm, 60 cv<br \/>\n1.3 Rally (128A), A\u00f1o 07.1971 &#8211; 02.1976, 1290 ccm, 67 cv<br \/>\nFIAT 131 Berlina (131)<br \/>\n1.3 Super Mirafiori, A\u00f1o 03.1978 &#8211; 12.1980, 1297 ccm, 78 cv<br \/>\n1.4 Super Mirafiori, A\u00f1o 04.1981 &#8211; 12.1983, 1367 ccm, 75 cv<br \/>\n1.6 (131A1), A\u00f1o 10.1974 &#8211; 09.1981, 1585 ccm, 75 cv<br \/>\n1.6 Super Mirafiori, A\u00f1o 03.1979 &#8211; 03.1982, 1585 ccm, 98 cv<br \/>\n2.0 Abarth Rally, A\u00f1o 01.1976 &#8211; 07.1980, 1995 ccm, 140 cv<br \/>\n2.0 D, A\u00f1o 03.1978 &#8211; 03.1987, 1995 ccm, 60 cv<br \/>\n2.0 Racing, A\u00f1o 06.1978 &#8211; 12.1981, 1995 ccm, 115 cv<br \/>\n2.5 D, A\u00f1o 06.1978 &#8211; 02.1984, 2445 ccm, 72 cv<br \/>\nFIAT 124 Berlina (124)<br \/>\n1400 Special, A\u00f1o 12.1968 &#8211; 12.1972, 1438 ccm, 70 cv<br \/>\n1400 Special (124A), A\u00f1o 01.1971 &#8211; 07.1975, 1438 ccm, 75 cv<br \/>\n1600 Special T (124A), A\u00f1o 01.1973 &#8211; 07.1975, 1592 ccm, 95 cv<br \/>\nFIAT 124 Coup\u00e9 (124)<br \/>\n1.4 Sport, A\u00f1o 06.1967 &#8211; 10.1972, 1438 ccm, 90 cv<br \/>\n1.6, A\u00f1o 11.1971 &#8211; 10.1973, 1608 ccm, 100 cv<br \/>\n1.6, A\u00f1o 04.1970 &#8211; 10.1973, 1608 ccm, 110 cv<br \/>\n1.6 Sport, A\u00f1o 08.1972 &#8211; 12.1975, 1592 ccm, 104 cv<br \/>\n1600 Sport, A\u00f1o 08.1972 &#8211; 02.1976, 1592 ccm, 108 cv<br \/>\n1800 Sport, A\u00f1o 01.1973 &#8211; 02.1976, 1756 ccm, 112 cv<br \/>\n1.8 Sport, A\u00f1o 01.1973 &#8211; 02.1976, 1756 ccm, 118 cv<br \/>\nFIAT 128 Familiare (128)<br \/>\n1.1, A\u00f1o 02.1975 &#8211; 02.1981, 1116 ccm, 45 cv<br \/>\n1.1, A\u00f1o 10.1969 &#8211; 10.1982, 1116 ccm, 55 cv<br \/>\nFIAT 850 Spider (A\u00f1o 10.1965 &#8211; 12.1973)<br \/>\n0.8, A\u00f1o 10.1965 &#8211; 10.1968, 843 ccm, 49 cv<br \/>\n0.9 Sport, A\u00f1o 03.1968 &#8211; 12.1972, 903 ccm, 52 cv<br \/>\nFIAT 125 Berlina (125)<br \/>\n1.6 (TA), A\u00f1o 10.1968 &#8211; 10.1973, 1608 ccm, 100 cv<br \/>\nFIAT 127 Panorama (127)<br \/>\n1.0, A\u00f1o 01.1977 &#8211; 12.1986, 1049 ccm, 50 cv<br \/>\n1.3 D, A\u00f1o 06.1981 &#8211; 12.1986, 1301 ccm, 45 cv<br \/>\nFIAT 850 Berlina<br \/>\n0.8 Special, A\u00f1o 03.1968 &#8211; 10.1972, 843 ccm, 48 cv<br \/>\nFIAT 132 (132_)<br \/>\n1.6, A\u00f1o 05.1977 &#8211; 09.1982, 1585 ccm, 88 cv<br \/>\n1.6, A\u00f1o 03.1977 &#8211; 12.1981, 1585 ccm, 90 cv<br \/>\n1.6, A\u00f1o 01.1976 &#8211; 12.1982, 1585 ccm, 98 cv<br \/>\n1.6, A\u00f1o 04.1972 &#8211; 01.1976, 1592 ccm, 98 cv<br \/>\n2.0, A\u00f1o 01.1976 &#8211; 06.1981, 1995 ccm, 113 cv<br \/>\nFIAT 900 T\/E Pulmino (200_)<br \/>\n0.9, A\u00f1o 01.1978 &#8211; 01.1986, 903 ccm, 35 cv<\/p>\n<p>LANCIA A 112 Hatchback<br \/>\n0.9 Junior (A112B\/2), A\u00f1o 03.1981 &#8211; 06.1986, 903 ccm, 40 cv<br \/>\n1.0 Abarth (A112B2\/5), A\u00f1o 03.1978 &#8211; 02.1984, 1050 ccm, 69 cv<br \/>\n1.0 LX (A112), A\u00f1o 03.1984 &#8211; 12.1986, 965 ccm, 48 cv<\/p>\n<p>LA PIEZA ES NUEVA.<\/p>\n","protected":false},"excerpt":{"rendered":"<p>Tap\u00f3n del vaso de expansi\u00f3n del l\u00edquido refrigerante del motor de: AUTOBIANCHI A 112 Hatchback 0.9 Junior, A\u00f1o 07.1975 &#8211; 12.1985, 903 ccm, 42 cv 1.0 Abarth, A\u00f1o 09.1971 &#8211; 12.1975, 982 ccm, 58 cv 1.0 Abarth, A\u00f1o 01.1974 &#8211; 12.1984, 1050 ccm, 70 cv 1.0 E,Elite,LX, A\u00f1o 11.1977 &#8211; 12.1985, 965 ccm, 48 cv [&hellip;]<\/p>\n","protected":false},"featured_media":77786,"template":"","meta":{"_seopress_robots_primary_cat":"","_seopress_titles_title":"","_seopress_titles_desc":"","_seopress_robots_index":""},"product_cat":[65,66,68,69,70,71,76,186,63,369,25,85,20,21],"product_tag":[],"class_list":{"0":"post-77784","1":"product","2":"type-product","3":"status-publish","4":"has-post-thumbnail","6":"product_cat-recambios-fiat-124","7":"product_cat-recambios-fiat-125","8":"product_cat-recambios-fiat-127","9":"product_cat-recambios-fiat-128","10":"product_cat-recambios-fiat-131","11":"product_cat-recambios-fiat-132","12":"product_cat-recambios-fiat-850","13":"product_cat-recambios-fiat-900","14":"product_cat-recambios-autobianchi-a112","15":"product_cat-recambios-lancia-a112","16":"product_cat-recambios-autobianchi","17":"product_cat-recambios-fiat-coupe","18":"product_cat-recambios-fiat","19":"product_cat-recambios-lancia","21":"first","22":"instock","23":"taxable","24":"shipping-taxable","25":"purchasable","26":"product-type-simple"},"_links":{"self":[{"href":"https:\/\/galicianparts.com\/shop\/wp-json\/wp\/v2\/product\/77784"}],"collection":[{"href":"https:\/\/galicianparts.com\/shop\/wp-json\/wp\/v2\/product"}],"about":[{"href":"https:\/\/galicianparts.com\/shop\/wp-json\/wp\/v2\/types\/product"}],"wp:featuredmedia":[{"embeddable":true,"href":"https:\/\/galicianparts.com\/shop\/wp-json\/wp\/v2\/media\/77786"}],"wp:attachment":[{"href":"https:\/\/galicianparts.com\/shop\/wp-json\/wp\/v2\/media?parent=77784"}],"wp:term":[{"taxonomy":"product_cat","embeddable":true,"href":"https:\/\/galicianparts.com\/shop\/wp-json\/wp\/v2\/product_cat?post=77784"},{"taxonomy":"product_tag","embeddable":true,"href":"https:\/\/galicianparts.com\/shop\/wp-json\/wp\/v2\/product_tag?post=77784"}],"curies":[{"name":"wp","href":"https:\/\/api.w.org\/{rel}","templated":true}]}}