{"id":77916,"date":"2023-09-06T09:06:24","date_gmt":"2023-09-06T07:06:24","guid":{"rendered":"https:\/\/galicianparts.com\/shop\/producto\/4256227-tapon-radiador-refrigeracion-fiat-850-124-alfa-33-seat-autobianchi-nuevo\/"},"modified":"2024-03-12T13:45:17","modified_gmt":"2024-03-12T11:45:17","slug":"4256227-tapon-radiador-refrigeracion-fiat-850-124-alfa-33-seat-autobianchi-nuevo","status":"publish","type":"product","link":"https:\/\/galicianparts.com\/shop\/producto\/4256227-tapon-radiador-refrigeracion-fiat-850-124-alfa-33-seat-autobianchi-nuevo\/","title":{"rendered":"4256227 Tap\u00f3n radiador refrigeraci\u00f3n Fiat 850 \/124 \/Alfa 33 \/Seat \/Autobianchi NUEVO"},"content":{"rendered":"<p>Tap\u00f3n del dep\u00f3sito de refrigerante del motor de:<br \/>\nDi\u00e1metro: 60 mm<br \/>\nDi\u00e1metro interior: 38 mm<br \/>\nAltura: 33 mm<\/p>\n<p>ALFA ROMEO 33 Hatchback (905)<br \/>\n1.3, A\u00f1o 10.1984 &#8211; 12.1989, 1351 ccm, 86 cv<br \/>\n1.3, A\u00f1o 06.1983 &#8211; 12.1989, 1351 ccm, 75 cv<br \/>\n1.5, A\u00f1o 07.1986 &#8211; 12.1989, 1490 ccm, 102 cv<br \/>\n1.5, A\u00f1o 05.1983 &#8211; 12.1987, 1490 ccm, 84 cv<br \/>\n1.5, A\u00f1o 06.1983 &#8211; 12.1986, 1490 ccm, 90 cv<br \/>\n1.5 4&#215;4, A\u00f1o 11.1983 &#8211; 12.1984, 1490 ccm, 84 cv<br \/>\n1.5 4&#215;4, A\u00f1o 09.1986 &#8211; 12.1989, 1490 ccm, 105 cv<br \/>\n1.5 QV, A\u00f1o 06.1984 &#8211; 12.1989, 1490 ccm, 105 cv<br \/>\nALFA ROMEO 33 Sportwagon (905A)<br \/>\n1.5 (905A), A\u00f1o 09.1984 &#8211; 12.1986, 1490 ccm, 90 cv<br \/>\n1.5 (905A2N), A\u00f1o 12.1986 &#8211; 12.1989, 1490 ccm, 105 cv<br \/>\n1.5 (905A2U), A\u00f1o 12.1986 &#8211; 12.1989, 1490 ccm, 102 cv<br \/>\n1.5 4&#215;4, A\u00f1o 09.1984 &#8211; 12.1986, 1490 ccm, 90 cv<br \/>\n1.5 4&#215;4, A\u00f1o 12.1986 &#8211; 03.1989, 1490 ccm, 105 cv<br \/>\nALFA ROMEO Alfasud Hatchback (901)<br \/>\n1.2, A\u00f1o 06.1972 &#8211; 09.1984, 1186 ccm, 63 cv<br \/>\n1.2, A\u00f1o 03.1980 &#8211; 09.1984, 1186 ccm, 60 cv<br \/>\n1.2 ti, A\u00f1o 11.1973 &#8211; 09.1984, 1186 ccm, 68 cv<br \/>\n1.3 (901.F0), A\u00f1o 05.1978 &#8211; 04.1980, 1286 ccm, 68 cv<br \/>\n1.3 Super, A\u00f1o 01.1979 &#8211; 09.1984, 1351 ccm, 69 cv<br \/>\n1.3 ti, A\u00f1o 09.1977 &#8211; 09.1984, 1286 ccm, 75 cv<br \/>\n1.3 ti (901.G4), A\u00f1o 07.1979 &#8211; 06.1984, 1351 ccm, 86 cv<br \/>\n1.5 ti (901G5A, 901F4D), A\u00f1o 05.1980 &#8211; 06.1984, 1490 ccm, 95 cv<br \/>\n1.5 ti Sprint (901G5A, 901G5C, 901F4D), A\u00f1o 01.1983 &#8211; 12.1984, 1490 ccm, 105 cv<br \/>\nALFA ROMEO Alfetta (116)<br \/>\n1.6, A\u00f1o 01.1975 &#8211; 12.1984, 1570 ccm, 107 cv<br \/>\n1.8, A\u00f1o 10.1979 &#8211; 12.1984, 1779 ccm, 122 cv<br \/>\n1.8 (11608), A\u00f1o 10.1979 &#8211; 12.1984, 1779 ccm, 121 cv<br \/>\n1.8 (11608, 11642), A\u00f1o 07.1974 &#8211; 04.1982, 1779 ccm, 116 cv<br \/>\n2.0, A\u00f1o 07.1978 &#8211; 12.1984, 1962 ccm, 132 cv<br \/>\n2.0, A\u00f1o 03.1977 &#8211; 02.1980, 1962 ccm, 121 cv<br \/>\nALFA ROMEO Giulietta Berlina (116)<br \/>\n1.6, A\u00f1o 10.1977 &#8211; 04.1985, 1570 ccm, 107 cv<br \/>\n1.8, A\u00f1o 04.1979 &#8211; 04.1985, 1779 ccm, 122 cv<br \/>\n2.0, A\u00f1o 06.1980 &#8211; 04.1985, 1962 ccm, 131 cv<\/p>\n<p>FIAT 850 Coup\u00e9 (100)<br \/>\n0.9 Sport, A\u00f1o 02.1968 &#8211; 10.1972, 903 ccm, 52 cv<br \/>\nFIAT X 1\/9 (128) (A\u00f1o 11.1972 &#8211; 12.1989)<br \/>\n1.3, A\u00f1o 10.1975 &#8211; 06.1978, 1290 ccm, 73 cv<br \/>\n1.3, A\u00f1o 05.1973 &#8211; 12.1979, 1290 ccm, 75 cv<br \/>\n1.5, A\u00f1o 06.1985 &#8211; 12.1989, 1499 ccm, 76 cv<br \/>\n1.5 (128AS1_), A\u00f1o 11.1978 &#8211; 12.1989, 1498 ccm, 85 cv<br \/>\nFIAT Ritmo I Hatchback (138)<br \/>\n1.0, A\u00f1o 09.1978 &#8211; 09.1982, 1049 ccm, 60 cv<br \/>\n1.3, A\u00f1o 01.1978 &#8211; 08.1985, 1301 ccm, 65 cv<br \/>\nFIAT 124 Sport Spider (124)<br \/>\n1500 Sport (BS), A\u00f1o 01.1966 &#8211; 12.1972, 1438 ccm, 90 cv<br \/>\n1600 Sport (BS), A\u00f1o 11.1969 &#8211; 08.1973, 1608 ccm, 112 cv<br \/>\n1600 Sport (BS1), A\u00f1o 11.1969 &#8211; 08.1973, 1608 ccm, 100 cv<br \/>\n1600 Sport (BS1), A\u00f1o 01.1969 &#8211; 12.1974, 1608 ccm, 110 cv<br \/>\n1600 Sport (CS), A\u00f1o 01.1969 &#8211; 12.1974, 1608 ccm, 104 cv<br \/>\n1800 Rally Abarth (CSA), A\u00f1o 09.1972 &#8211; 07.1975, 1756 ccm, 128 cv<br \/>\n1.7 Sport, A\u00f1o 01.1973 &#8211; 07.1975, 1739 ccm, 112 cv<br \/>\n1800 Sport (CS1), A\u00f1o 01.1972 &#8211; 12.1977, 1756 ccm, 118 cv<br \/>\nFIAT 124 Berlina (124)<br \/>\n1400 Special, A\u00f1o 12.1968 &#8211; 12.1972, 1438 ccm, 70 cv<br \/>\n1400 Special (124A), A\u00f1o 01.1971 &#8211; 07.1975, 1438 ccm, 75 cv<br \/>\n1600 Special T (124A), A\u00f1o 01.1973 &#8211; 07.1975, 1592 ccm, 95 cv<br \/>\nFIAT 124 Coup\u00e9 (124)<br \/>\n1.4 Sport, A\u00f1o 06.1967 &#8211; 10.1972, 1438 ccm, 90 cv<br \/>\n1.6, A\u00f1o 11.1971 &#8211; 10.1973, 1608 ccm, 100 cv<br \/>\n1.6, A\u00f1o 04.1970 &#8211; 10.1973, 1608 ccm, 110 cv<br \/>\n1.6 Sport, A\u00f1o 08.1972 &#8211; 12.1975, 1592 ccm, 104 cv<br \/>\n1600 Sport, A\u00f1o 08.1972 &#8211; 02.1976, 1592 ccm, 108 cv<br \/>\n1800 Sport, A\u00f1o 01.1973 &#8211; 02.1976, 1756 ccm, 112 cv<br \/>\n1.8 Sport, A\u00f1o 01.1973 &#8211; 02.1976, 1756 ccm, 118 cv<br \/>\nFIAT 850 Spider<br \/>\n0.8, A\u00f1o 10.1965 &#8211; 10.1968, 843 ccm, 49 cv<br \/>\n0.9 Sport, A\u00f1o 03.1968 &#8211; 12.1972, 903 ccm, 52 cv<br \/>\nFIAT 125 Berlina (125)<br \/>\n1.6 (TA), A\u00f1o 10.1968 &#8211; 10.1973, 1608 ccm, 100 cv<br \/>\nFIAT 850 Berlina<br \/>\n0.8 Special, A\u00f1o 03.1968 &#8211; 10.1972, 843 ccm, 48 cv<br \/>\nFIAT 132 (132_)<br \/>\n1.6, A\u00f1o 05.1977 &#8211; 09.1982, 1585 ccm, 88 cv<br \/>\n1.6, A\u00f1o 03.1977 &#8211; 12.1981, 1585 ccm, 90 cv<br \/>\n1.6, A\u00f1o 01.1976 &#8211; 12.1982, 1585 ccm, 98 cv<br \/>\n1.6, A\u00f1o 04.1972 &#8211; 01.1976, 1592 ccm, 98 cv<br \/>\n1.7 GLS, A\u00f1o 04.1974 &#8211; 12.1975, 1756 ccm, 107 cv<br \/>\n2.0, A\u00f1o 01.1976 &#8211; 06.1981, 1995 ccm, 113 cv<br \/>\n2.0 i.e., A\u00f1o 01.1980 &#8211; 12.1982, 1995 ccm, 122 cv<br \/>\nFIAT 900 T\/E (200_)<br \/>\n0.9, A\u00f1o 01.1978 &#8211; 01.1986, 903 ccm, 35 cv<\/p>\n<p>LANCIA A 112 Hatchback<br \/>\n0.9 Junior (A112B\/2), A\u00f1o 03.1981 &#8211; 06.1986, 903 ccm, 40 cv<\/p>\n<p>PEUGEOT J5 (280)<br \/>\n2.0, A\u00f1o 09.1981 &#8211; 09.1990, 1971 ccm, 75 cv<br \/>\n2.0, A\u00f1o 01.1983 &#8211; 09.1990, 1971 ccm, 79 cv<br \/>\n2.5 D, A\u00f1o 09.1981 &#8211; 09.1990, 2498 ccm, 73 cv<br \/>\nPEUGEOT 504 Berlina<br \/>\n2.0 (A11, A13, MY1, MY3), A\u00f1o 03.1971 &#8211; 06.1986, 1971 ccm, 97 cv<br \/>\nPEUGEOT 404 Berlina<br \/>\n1.6, A\u00f1o 04.1963 &#8211; 12.1971, 1618 ccm, 65 cv<br \/>\n1.6, A\u00f1o 11.1967 &#8211; 12.1971, 1618 ccm, 73 cv<br \/>\n1.6 GT, A\u00f1o 07.1971 &#8211; 12.1971, 1618 ccm, 68 cv<br \/>\nPEUGEOT 404 Cabrio<br \/>\n1.6, A\u00f1o 04.1963 &#8211; 12.1968, 1618 ccm, 80 cv<br \/>\nPEUGEOT 504 Familiar<br \/>\n1.8, A\u00f1o 04.1971 &#8211; 07.1986, 1796 ccm, 73 cv<br \/>\n2.0, A\u00f1o 04.1971 &#8211; 07.1986, 1971 ccm, 92 cv<br \/>\nPEUGEOT J5 (290)<br \/>\n1.9 D, A\u00f1o 10.1990 &#8211; 02.1994, 1905 ccm, 70 cv<br \/>\n2.0, A\u00f1o 10.1990 &#8211; 02.1994, 1971 ccm, 84 cv<br \/>\n2.5 D, A\u00f1o 10.1990 &#8211; 02.1994, 2500 ccm, 73 cv<br \/>\n2.5 D 4&#215;4, A\u00f1o 10.1990 &#8211; 02.1994, 2500 ccm, 73 cv<br \/>\n2.5 TD, A\u00f1o 10.1990 &#8211; 02.1994, 2500 ccm, 95 cv<br \/>\n2.5 TD 4&#215;4, A\u00f1o 10.1990 &#8211; 02.1994, 2500 ccm, 95 cv<\/p>\n<p>AUTOBIANCHI A 112 Hatchback<br \/>\n0.9 Junior, A\u00f1o 07.1975 &#8211; 12.1985, 903 ccm, 42 cv<br \/>\n1.0 Abarth, A\u00f1o 09.1971 &#8211; 12.1975, 982 ccm, 58 cv<br \/>\n1.0 Abarth, A\u00f1o 01.1974 &#8211; 12.1984, 1050 ccm, 70 cv<br \/>\n1.0 E,Elite,LX, A\u00f1o 11.1977 &#8211; 12.1985, 965 ccm, 48 cv<\/p>\n<p>SEAT Ronda (022A)<br \/>\n1.2, A\u00f1o 10.1984 &#8211; 12.1986, 1193 ccm, 60 cv<br \/>\n1.2, A\u00f1o 08.1983 &#8211; 05.1985, 1197 ccm, 64 cv<br \/>\n1.4, A\u00f1o 06.1982 &#8211; 11.1988, 1438 ccm, 73 cv<br \/>\n1.5, A\u00f1o 09.1984 &#8211; 12.1986, 1461 ccm, 85 cv<br \/>\n1.6, A\u00f1o 08.1983 &#8211; 09.1985, 1592 ccm, 92 cv<br \/>\nSEAT Malaga (023A)<br \/>\n1.2, A\u00f1o 05.1985 &#8211; 12.1993, 1193 ccm, 60 cv<br \/>\n1.2 i, A\u00f1o 12.1989 &#8211; 12.1993, 1193 ccm, 71 cv<br \/>\n1.5 i, A\u00f1o 01.1987 &#8211; 12.1993, 1461 ccm, 100 cv<br \/>\n1.5 i Cat, A\u00f1o 10.1986 &#8211; 12.1993, 1461 ccm, 90 cv<br \/>\nSEAT Ibiza I Hatchback (021A)<br \/>\n1.2, A\u00f1o 11.1984 &#8211; 12.1993, 1193 ccm, 60 cv<br \/>\n1.2 i, A\u00f1o 01.1989 &#8211; 05.1993, 1193 ccm, 71 cv<br \/>\n1.5, A\u00f1o 11.1984 &#8211; 05.1993, 1461 ccm, 85 cv<br \/>\n1.5 i, A\u00f1o 10.1986 &#8211; 05.1993, 1461 ccm, 100 cv<br \/>\n1.5 i Cat, A\u00f1o 10.1986 &#8211; 05.1993, 1461 ccm, 90 cv<br \/>\nSEAT Ritmo (138)<br \/>\n1.4, A\u00f1o 07.1978 &#8211; 09.1983, 1438 ccm, 78 cv<br \/>\nSEAT 127 (A\u00f1o 04.1972 &#8211; 12.1982)<br \/>\n0.9, A\u00f1o 04.1972 &#8211; 12.1982, 903 ccm, 45 cv<br \/>\n1.0, A\u00f1o 04.1972 &#8211; 12.1982, 1010 ccm, 52 cv<br \/>\nSEAT 132 Berlina<br \/>\n1.6, A\u00f1o 05.1973 &#8211; 12.1980, 1592 ccm, 98 cv<br \/>\n1.8, A\u00f1o 05.1973 &#8211; 12.1980, 1756 ccm, 105 cv<\/p>\n<p>LA PIEZA ES NUEVA.<\/p>\n","protected":false},"excerpt":{"rendered":"<p>Tap\u00f3n del dep\u00f3sito de refrigerante del motor de: Di\u00e1metro: 60 mm Di\u00e1metro interior: 38 mm Altura: 33 mm ALFA ROMEO 33 Hatchback (905) 1.3, A\u00f1o 10.1984 &#8211; 12.1989, 1351 ccm, 86 cv 1.3, A\u00f1o 06.1983 &#8211; 12.1989, 1351 ccm, 75 cv 1.5, A\u00f1o 07.1986 &#8211; 12.1989, 1490 ccm, 102 cv 1.5, A\u00f1o 05.1983 &#8211; 12.1987, [&hellip;]<\/p>\n","protected":false},"featured_media":77921,"template":"","meta":{"_seopress_robots_primary_cat":"","_seopress_titles_title":"","_seopress_titles_desc":"","_seopress_robots_index":""},"product_cat":[65,66,232,71,43,360,195,76,186,369,63,16,218,180,25,20,53,162,157,21,164,24,198,103,165,26],"product_tag":[],"class_list":{"0":"post-77916","1":"product","2":"type-product","3":"status-publish","4":"has-post-thumbnail","6":"product_cat-recambios-fiat-124","7":"product_cat-recambios-fiat-125","8":"product_cat-recambios-seat-132","9":"product_cat-recambios-fiat-132","10":"product_cat-recambios-alfa-romeo-33","11":"product_cat-recambios-peugeot-404","12":"product_cat-recambios-peugeot-504","13":"product_cat-recambios-fiat-850","14":"product_cat-recambios-fiat-900","15":"product_cat-recambios-lancia-a112","16":"product_cat-recambios-autobianchi-a112","17":"product_cat-recambios-alfa-romeo","18":"product_cat-recambios-alfa-romeo-alfasud","19":"product_cat-recambios-alfa-romeo-alfetta","20":"product_cat-recambios-autobianchi","21":"product_cat-recambios-fiat","22":"product_cat-recambios-alfa-romeo-giulietta","23":"product_cat-recambios-seat-ibiza","24":"product_cat-recambios-peugeot-j5","25":"product_cat-recambios-lancia","26":"product_cat-recambios-seat-malaga","27":"product_cat-recambios-peugeot","28":"product_cat-recambios-seat-ritmo","29":"product_cat-recambios-fiat-ritmo","30":"product_cat-recambios-seat-ronda","31":"product_cat-recambios-seat","33":"first","34":"outofstock","35":"taxable","36":"shipping-taxable","37":"purchasable","38":"product-type-simple"},"_links":{"self":[{"href":"https:\/\/galicianparts.com\/shop\/wp-json\/wp\/v2\/product\/77916"}],"collection":[{"href":"https:\/\/galicianparts.com\/shop\/wp-json\/wp\/v2\/product"}],"about":[{"href":"https:\/\/galicianparts.com\/shop\/wp-json\/wp\/v2\/types\/product"}],"wp:featuredmedia":[{"embeddable":true,"href":"https:\/\/galicianparts.com\/shop\/wp-json\/wp\/v2\/media\/77921"}],"wp:attachment":[{"href":"https:\/\/galicianparts.com\/shop\/wp-json\/wp\/v2\/media?parent=77916"}],"wp:term":[{"taxonomy":"product_cat","embeddable":true,"href":"https:\/\/galicianparts.com\/shop\/wp-json\/wp\/v2\/product_cat?post=77916"},{"taxonomy":"product_tag","embeddable":true,"href":"https:\/\/galicianparts.com\/shop\/wp-json\/wp\/v2\/product_tag?post=77916"}],"curies":[{"name":"wp","href":"https:\/\/api.w.org\/{rel}","templated":true}]}}