{"id":78600,"date":"2023-09-25T12:51:31","date_gmt":"2023-09-25T10:51:31","guid":{"rendered":"https:\/\/galicianparts.com\/shop\/producto\/5454739-cojinete-axial-ciguenal-fiat-242-citroen-c35-nuevo-original\/"},"modified":"2023-09-25T12:56:07","modified_gmt":"2023-09-25T10:56:07","slug":"5454739-cojinete-axial-ciguenal-fiat-242-citroen-c35-nuevo-original","status":"publish","type":"product","link":"https:\/\/galicianparts.com\/shop\/producto\/5454739-cojinete-axial-ciguenal-fiat-242-citroen-c35-nuevo-original\/","title":{"rendered":"5454739 Cojinete axial inferior cig\u00fce\u00f1al Fiat 242 2.2-2.5D \/Citro\u00ebn C35 NUEVO ORIGINAL"},"content":{"rendered":"<p>5414122 Cojinete axial inferior del cig\u00fce\u00f1al de:<br \/>\nClase 1 (3.10-3.14)<br \/>\nFIAT &#8211; 242 2.5 \/ 2.2 DIESEL<br \/>\nCITR\u00d6EN &#8211; C35<\/p>\n<p>LA PIEZA ES NUEVA Y ORIGINAL.<\/p>\n","protected":false},"excerpt":{"rendered":"<p>5414122 Cojinete axial inferior del cig\u00fce\u00f1al de: Clase 1 (3.10-3.14) FIAT &#8211; 242 2.5 \/ 2.2 DIESEL CITR\u00d6EN &#8211; C35 LA PIEZA ES NUEVA Y ORIGINAL.<\/p>\n","protected":false},"featured_media":78603,"template":"","meta":{"_seopress_robots_primary_cat":"","_seopress_titles_title":"","_seopress_titles_desc":"","_seopress_robots_index":""},"product_cat":[73,133,23,20],"product_tag":[],"class_list":{"0":"post-78600","1":"product","2":"type-product","3":"status-publish","4":"has-post-thumbnail","6":"product_cat-recambios-fiat-242","7":"product_cat-recambios-citroen-c35","8":"product_cat-recambios-citroen","9":"product_cat-recambios-fiat","11":"first","12":"instock","13":"taxable","14":"shipping-taxable","15":"purchasable","16":"product-type-simple"},"_links":{"self":[{"href":"https:\/\/galicianparts.com\/shop\/wp-json\/wp\/v2\/product\/78600"}],"collection":[{"href":"https:\/\/galicianparts.com\/shop\/wp-json\/wp\/v2\/product"}],"about":[{"href":"https:\/\/galicianparts.com\/shop\/wp-json\/wp\/v2\/types\/product"}],"wp:featuredmedia":[{"embeddable":true,"href":"https:\/\/galicianparts.com\/shop\/wp-json\/wp\/v2\/media\/78603"}],"wp:attachment":[{"href":"https:\/\/galicianparts.com\/shop\/wp-json\/wp\/v2\/media?parent=78600"}],"wp:term":[{"taxonomy":"product_cat","embeddable":true,"href":"https:\/\/galicianparts.com\/shop\/wp-json\/wp\/v2\/product_cat?post=78600"},{"taxonomy":"product_tag","embeddable":true,"href":"https:\/\/galicianparts.com\/shop\/wp-json\/wp\/v2\/product_tag?post=78600"}],"curies":[{"name":"wp","href":"https:\/\/api.w.org\/{rel}","templated":true}]}}