{"id":78699,"date":"2023-09-26T13:12:31","date_gmt":"2023-09-26T11:12:31","guid":{"rendered":"https:\/\/galicianparts.com\/shop\/producto\/5882106-kit-distribucion-motor-fiat-850-900-t-nuevo-original\/"},"modified":"2023-11-02T11:02:48","modified_gmt":"2023-11-02T09:02:48","slug":"5882106-kit-distribucion-motor-fiat-850-900-t-nuevo-original","status":"publish","type":"product","link":"https:\/\/galicianparts.com\/shop\/producto\/5882106-kit-distribucion-motor-fiat-850-900-t-nuevo-original\/","title":{"rendered":"5882106 Kit distribuci\u00f3n motor Fiat 850 \/900 T NUEVO ORIGINAL"},"content":{"rendered":"<p>Juego, set de la corona superior, cadena, junta de goma y pi\u00f1\u00f3n inferior de la distribuci\u00f3n del motor de:<br \/>\nEngranaje superior 4039843:<br \/>\nDientes engranaje: 34<br \/>\nDi\u00e1metro exterior: 106 mm<br \/>\nDi\u00e1metro interior: 16 mm<\/p>\n<p>Engranaje inferior 4140571:<br \/>\nDientes: 17<br \/>\nDi\u00e1metro exterior: 54,5 mm<br \/>\nDi\u00e1metro interior: 25,9 mm<br \/>\nAltura: 26 mm<\/p>\n<p>Cadena 4130281<br \/>\nJunta de goma 4140542<\/p>\n<p>FIAT &#8211; 850<br \/>\nFIAT &#8211; 900 T<\/p>\n<p>LA PIEZA ES NUEVA Y ORIGINAL.<\/p>\n","protected":false},"excerpt":{"rendered":"<p>Juego, set de la corona superior, cadena, junta de goma y pi\u00f1\u00f3n inferior de la distribuci\u00f3n del motor de: Engranaje superior 4039843: Dientes engranaje: 34 Di\u00e1metro exterior: 106 mm Di\u00e1metro interior: 16 mm Engranaje inferior 4140571: Dientes: 17 Di\u00e1metro exterior: 54,5 mm Di\u00e1metro interior: 25,9 mm Altura: 26 mm Cadena 4130281 Junta de goma 4140542 [&hellip;]<\/p>\n","protected":false},"featured_media":78702,"template":"","meta":{"_seopress_robots_primary_cat":"","_seopress_titles_title":"","_seopress_titles_desc":"","_seopress_robots_index":""},"product_cat":[76,186,20],"product_tag":[],"class_list":{"0":"post-78699","1":"product","2":"type-product","3":"status-publish","4":"has-post-thumbnail","6":"product_cat-recambios-fiat-850","7":"product_cat-recambios-fiat-900","8":"product_cat-recambios-fiat","10":"first","11":"outofstock","12":"taxable","13":"shipping-taxable","14":"purchasable","15":"product-type-simple"},"_links":{"self":[{"href":"https:\/\/galicianparts.com\/shop\/wp-json\/wp\/v2\/product\/78699"}],"collection":[{"href":"https:\/\/galicianparts.com\/shop\/wp-json\/wp\/v2\/product"}],"about":[{"href":"https:\/\/galicianparts.com\/shop\/wp-json\/wp\/v2\/types\/product"}],"wp:featuredmedia":[{"embeddable":true,"href":"https:\/\/galicianparts.com\/shop\/wp-json\/wp\/v2\/media\/78702"}],"wp:attachment":[{"href":"https:\/\/galicianparts.com\/shop\/wp-json\/wp\/v2\/media?parent=78699"}],"wp:term":[{"taxonomy":"product_cat","embeddable":true,"href":"https:\/\/galicianparts.com\/shop\/wp-json\/wp\/v2\/product_cat?post=78699"},{"taxonomy":"product_tag","embeddable":true,"href":"https:\/\/galicianparts.com\/shop\/wp-json\/wp\/v2\/product_tag?post=78699"}],"curies":[{"name":"wp","href":"https:\/\/api.w.org\/{rel}","templated":true}]}}