{"id":7884,"date":"2020-11-09T18:40:17","date_gmt":"2020-11-09T16:40:17","guid":{"rendered":"https:\/\/galicianparts.com\/shop\/producto\/14471580-junta-torica-caudalimetro-filtro-aire-motores-1-3-mjtd\/"},"modified":"2021-07-06T09:01:39","modified_gmt":"2021-07-06T07:01:39","slug":"14471580-junta-torica-caudalimetro-filtro-aire-motores-1-3-mjtd","status":"publish","type":"product","link":"https:\/\/galicianparts.com\/shop\/producto\/14471580-junta-torica-caudalimetro-filtro-aire-motores-1-3-mjtd\/","title":{"rendered":"14471580 Junta t\u00f3rica caudal\u00edmetro \/ filtro aire motores 1.3 MJTD NUEVA ORIGINAL"},"content":{"rendered":"<p>Junta t\u00f3rica o-ring de uni\u00f3n del caudal\u00edmetro y la caja del filtro del aire de motores 1.3 16V Multijet JTD. V\u00e1lido para:<\/p>\n<p>FIAT &#8211; 2S IDEA (2003-2008)<br \/>\nFIAT &#8211; 4D IDEA (2008-2012)<br \/>\nFIAT &#8211; 2Q NUOVA PANDA (2003-2009)<br \/>\nFIAT &#8211; 2H PALIO 2V EXTRA EUROPA REST. 2002 (2002-2011)<br \/>\nFIAT &#8211; 3D PALIO 2V REST.2 (2005-2011)<br \/>\nFIAT &#8211; 3U PANDA MY 2009 (2009-2010)<br \/>\nFIAT &#8211; 2U PUNTO FL.&#8217;03 (2003-2010)<br \/>\nFIAT &#8211; 2L SIENA EXTRA EUROPA REST.(2002-2012)<br \/>\nLANCIA &#8211; TG MUSA (2004-2007)<br \/>\nLANCIA &#8211; TJ MUSA (2007-2011)<br \/>\nLANCIA &#8211; TE YPSILON (2003-2009)<br \/>\nLANCIA &#8211; TI YPSILON (2009-2011)<br \/>\nFIAT PROFESSIONAL &#8211; 2W DOBLO MY. 2004 (2004-2005)<br \/>\nFIAT PROFESSIONAL &#8211; 3C DOBLO REST. 2005 (2005-&#8230;.)<br \/>\nFIAT PROFESSIONAL &#8211; 3G STRADA REST. 2 (2005-2011)<\/p>\n<p> LA PIEZA ES NUEVA Y ORIGINAL.<\/p>\n","protected":false},"excerpt":{"rendered":"<p>Junta t\u00f3rica o-ring de uni\u00f3n del caudal\u00edmetro y la caja del filtro del aire de motores 1.3 16V Multijet JTD. V\u00e1lido para: FIAT &#8211; 2S IDEA (2003-2008) FIAT &#8211; 4D IDEA (2008-2012) FIAT &#8211; 2Q NUOVA PANDA (2003-2009) FIAT &#8211; 2H PALIO 2V EXTRA EUROPA REST. 2002 (2002-2011) FIAT &#8211; 3D PALIO 2V REST.2 (2005-2011) [&hellip;]<\/p>\n","protected":false},"featured_media":7885,"template":"","meta":{"_seopress_robots_primary_cat":"","_seopress_titles_title":"","_seopress_titles_desc":"","_seopress_robots_index":""},"product_cat":[87,20,21,121,98,99,101,107,127],"product_tag":[],"class_list":{"0":"post-7884","1":"product","2":"type-product","3":"status-publish","4":"has-post-thumbnail","6":"product_cat-recambios-fiat-doblo","7":"product_cat-recambios-fiat","8":"product_cat-recambios-lancia","9":"product_cat-recambios-lancia-musa","10":"product_cat-recambios-fiat-palio","11":"product_cat-recambios-fiat-panda","12":"product_cat-recambios-fiat-punto","13":"product_cat-recambios-fiat-siena","14":"product_cat-recambios-lancia-ypsilon","16":"first","17":"outofstock","18":"taxable","19":"shipping-taxable","20":"purchasable","21":"product-type-simple"},"_links":{"self":[{"href":"https:\/\/galicianparts.com\/shop\/wp-json\/wp\/v2\/product\/7884"}],"collection":[{"href":"https:\/\/galicianparts.com\/shop\/wp-json\/wp\/v2\/product"}],"about":[{"href":"https:\/\/galicianparts.com\/shop\/wp-json\/wp\/v2\/types\/product"}],"wp:featuredmedia":[{"embeddable":true,"href":"https:\/\/galicianparts.com\/shop\/wp-json\/wp\/v2\/media\/7885"}],"wp:attachment":[{"href":"https:\/\/galicianparts.com\/shop\/wp-json\/wp\/v2\/media?parent=7884"}],"wp:term":[{"taxonomy":"product_cat","embeddable":true,"href":"https:\/\/galicianparts.com\/shop\/wp-json\/wp\/v2\/product_cat?post=7884"},{"taxonomy":"product_tag","embeddable":true,"href":"https:\/\/galicianparts.com\/shop\/wp-json\/wp\/v2\/product_tag?post=7884"}],"curies":[{"name":"wp","href":"https:\/\/api.w.org\/{rel}","templated":true}]}}