{"id":79171,"date":"2023-10-09T12:46:44","date_gmt":"2023-10-09T10:46:44","guid":{"rendered":"https:\/\/galicianparts.com\/shop\/producto\/82416970-sensor-pedal-freno-fiat-ritmo-uno-alfa-33-90-giulietta-seat-ronda-original\/"},"modified":"2026-03-25T18:44:07","modified_gmt":"2026-03-25T16:44:07","slug":"82416970-sensor-pedal-freno-fiat-ritmo-uno-alfa-33-90-giulietta-seat-ronda-original","status":"publish","type":"product","link":"https:\/\/galicianparts.com\/shop\/producto\/82416970-sensor-pedal-freno-fiat-ritmo-uno-alfa-33-90-giulietta-seat-ronda-original\/","title":{"rendered":"82416970 Sensor pedal freno Fiat Ritmo \/Uno \/Alfa 33 \/90 \/Giulietta \/Seat Ronda ORIGINAL"},"content":{"rendered":"<p>Interruptor del pedal de freno para activar las luces de freno de:<br \/>\nM\u00e9trica: 12&#215;1,5<\/p>\n<p>ALFA ROMEO 33 Hatchback (905)<br \/>\n1.2, A\u00f1o 06.1983 &#8211; 12.1989, 1186 ccm, 68 cv<br \/>\n1.3, A\u00f1o 10.1984 &#8211; 12.1989, 1351 ccm, 86 cv<br \/>\n1.3, A\u00f1o 06.1983 &#8211; 12.1989, 1351 ccm, 75 cv<br \/>\n1.5, A\u00f1o 07.1986 &#8211; 12.1989, 1490 ccm, 102 cv<br \/>\n1.5 4&#215;4, A\u00f1o 09.1986 &#8211; 12.1989, 1490 ccm, 105 cv<br \/>\n1.5 QV, A\u00f1o 06.1984 &#8211; 12.1989, 1490 ccm, 105 cv<br \/>\n1.7 (905A3), A\u00f1o 01.1986 &#8211; 06.1990, 1712 ccm, 118 cv<br \/>\n1.7 i.e., A\u00f1o 09.1988 &#8211; 12.1989, 1712 ccm, 105 cv<br \/>\n1.7 QV, A\u00f1o 03.1988 &#8211; 12.1989, 1712 ccm, 114 cv<br \/>\n1.8 TD (905A4), A\u00f1o 01.1986 &#8211; 06.1990, 1779 ccm, 73 cv<br \/>\nALFA ROMEO 33 Hatchback (907A)<br \/>\n1.7 16V 4&#215;4, A\u00f1o 01.1990 &#8211; 09.1994, 1712 ccm, 129 cv<br \/>\n1.7 16V 4&#215;4, A\u00f1o 01.1990 &#8211; 09.1994, 1712 ccm, 132 cv<br \/>\n1.7 16V 4&#215;4, A\u00f1o 01.1990 &#8211; 09.1994, 1712 ccm, 137 cv<br \/>\n1.7 i.e. 4&#215;4 (907.A1G), A\u00f1o 01.1990 &#8211; 09.1994, 1712 ccm, 107 cv<br \/>\nALFA ROMEO 33 Sportwagon (905A)<br \/>\n1.5 4&#215;4, A\u00f1o 12.1986 &#8211; 03.1989, 1490 ccm, 105 cv<br \/>\n1.7 (905B3C), A\u00f1o 03.1988 &#8211; 12.1989, 1712 ccm, 118 cv<br \/>\n1.7 i.e. (905B3F), A\u00f1o 09.1988 &#8211; 12.1989, 1712 ccm, 105 cv<br \/>\n1.7 i.e. 4&#215;4 (905A3G, 905B3F), A\u00f1o 09.1988 &#8211; 12.1989, 1712 ccm, 105 cv<br \/>\nALFA ROMEO 33 Sportwagon (907B)<br \/>\n1.4 i.e. 4&#215;4 (907B3), A\u00f1o 07.1990 &#8211; 09.1994, 1351 ccm, 90 cv<br \/>\n1.7 16V 4&#215;4, A\u00f1o 01.1990 &#8211; 03.1992, 1712 ccm, 132 cv<br \/>\n1.7 16V 4&#215;4 (907B1H), A\u00f1o 07.1990 &#8211; 09.1994, 1712 ccm, 137 cv<br \/>\n1.7 i.e. 4&#215;4, A\u00f1o 01.1990 &#8211; 03.1992, 1712 ccm, 107 cv<br \/>\n1.7 i.e. 4&#215;4 (907B1D), A\u00f1o 04.1992 &#8211; 09.1994, 1712 ccm, 105 cv<br \/>\nALFA ROMEO 90 (162)<br \/>\n1.8 (162A1), A\u00f1o 10.1984 &#8211; 07.1987, 1779 ccm, 121 cv<br \/>\n2.0 i.e. (162A2B), A\u00f1o 10.1984 &#8211; 07.1987, 1997 ccm, 132 cv<br \/>\n2.4 TD, A\u00f1o 10.1984 &#8211; 07.1987, 2393 ccm, 110 cv<br \/>\n2.5 i.e. V6, A\u00f1o 10.1984 &#8211; 07.1987, 2492 ccm, 150 cv<br \/>\nALFA ROMEO Giulietta Berlina (116)<br \/>\n1.8, A\u00f1o 04.1979 &#8211; 04.1985, 1779 ccm, 122 cv<br \/>\n2.0, A\u00f1o 06.1980 &#8211; 04.1985, 1962 ccm, 131 cv<br \/>\n2.0 TD (116A2), A\u00f1o 01.1983 &#8211; 12.1985, 1995 ccm, 83 cv<\/p>\n<p>FIAT Regata (138)<br \/>\n1.6 Super 100, A\u00f1o 10.1983 &#8211; 12.1990, 1585 ccm, 101 cv<br \/>\n1.9 Di\u00e9sel 65, A\u00f1o 04.1984 &#8211; 07.1989, 1929 ccm, 65 cv<br \/>\n1.3 70, A\u00f1o 09.1983 &#8211; 07.1989, 1301 ccm, 65 cv<br \/>\n1.3 70, A\u00f1o 09.1983 &#8211; 07.1986, 1301 ccm, 68 cv<br \/>\n1.9 Turbodi\u00e9sel 80, A\u00f1o 05.1986 &#8211; 07.1989, 1929 ccm, 80 cv<br \/>\nFIAT Ritmo I Hatchback (138)<br \/>\n1.1, A\u00f1o 04.1985 &#8211; 12.1987, 1116 ccm, 58 cv<br \/>\n1.6, A\u00f1o 01.1983 &#8211; 12.1987, 1585 ccm, 100 cv<br \/>\nFIAT Croma I Hatchback (154)<br \/>\n2.0 i.e., A\u00f1o 03.1986 &#8211; 09.1990, 1995 ccm, 113 cv<br \/>\n2.0 i.e. Turbo, A\u00f1o 12.1985 &#8211; 06.1990, 1995 ccm, 155 cv<br \/>\n2.5 D, A\u00f1o 12.1985 &#8211; 12.1989, 2499 ccm, 75 cv<br \/>\n2.5 TD, A\u00f1o 12.1985 &#8211; 08.1989, 2445 ccm, 101 cv<br \/>\nFIAT Argenta (132)<br \/>\n2, A\u00f1o 06.1978 &#8211; 12.1985, 1995 ccm, 113 cv<br \/>\n2.0 i.e., A\u00f1o 06.1981 &#8211; 07.1986, 1995 ccm, 122 cv<br \/>\n2.5 Di\u00e9sel, A\u00f1o 06.1981 &#8211; 11.1985, 2445 ccm, 72 cv<br \/>\nFIAT Uno Hatchback (146)<br \/>\n45 0.9, A\u00f1o 03.1983 &#8211; 09.1992, 903 ccm, 45 cv<br \/>\n75 i.e. 1.5, A\u00f1o 10.1985 &#8211; 12.1993, 1498 ccm, 75 cv<br \/>\nFIAT Duna (146)<br \/>\n60 1.1, A\u00f1o 01.1987 &#8211; 12.1991, 1116 ccm, 58 cv<br \/>\n70 1.3, A\u00f1o 01.1987 &#8211; 12.1991, 1301 ccm, 67 cv<\/p>\n<p>SEAT Ronda (022A)<br \/>\n1.6, A\u00f1o 08.1983 &#8211; 09.1985, 1592 ccm, 92 cv<br \/>\n1.7 Di\u00e9sel, A\u00f1o 06.1982 &#8211; 12.1986, 1714 ccm, 54 cv<\/p>\n<p>LA PIEZA ES NUEVA Y ORIGINAL.<\/p>\n","protected":false},"excerpt":{"rendered":"<p>Interruptor del pedal de freno para activar las luces de freno de: M\u00e9trica: 12&#215;1,5 ALFA ROMEO 33 Hatchback (905) 1.2, A\u00f1o 06.1983 &#8211; 12.1989, 1186 ccm, 68 cv 1.3, A\u00f1o 10.1984 &#8211; 12.1989, 1351 ccm, 86 cv 1.3, A\u00f1o 06.1983 &#8211; 12.1989, 1351 ccm, 75 cv 1.5, A\u00f1o 07.1986 &#8211; 12.1989, 1490 ccm, 102 cv [&hellip;]<\/p>\n","protected":false},"featured_media":79173,"template":"","meta":{"_seopress_robots_primary_cat":"","_seopress_titles_title":"","_seopress_titles_desc":"","_seopress_robots_index":""},"product_cat":[43,342,16,79,86,89,20,53,102,103,165,26,114],"product_tag":[],"class_list":{"0":"post-79171","1":"product","2":"type-product","3":"status-publish","4":"has-post-thumbnail","6":"product_cat-recambios-alfa-romeo-33","7":"product_cat-recambios-alfa-romeo-90","8":"product_cat-recambios-alfa-romeo","9":"product_cat-recambios-fiat-argenta","10":"product_cat-recambios-fiat-croma","11":"product_cat-recambios-fiat-duna","12":"product_cat-recambios-fiat","13":"product_cat-recambios-alfa-romeo-giulietta","14":"product_cat-recambios-fiat-regata","15":"product_cat-recambios-fiat-ritmo","16":"product_cat-recambios-seat-ronda","17":"product_cat-recambios-seat","18":"product_cat-recambios-fiat-uno","20":"first","21":"instock","22":"taxable","23":"shipping-taxable","24":"purchasable","25":"product-type-simple"},"_links":{"self":[{"href":"https:\/\/galicianparts.com\/shop\/wp-json\/wp\/v2\/product\/79171"}],"collection":[{"href":"https:\/\/galicianparts.com\/shop\/wp-json\/wp\/v2\/product"}],"about":[{"href":"https:\/\/galicianparts.com\/shop\/wp-json\/wp\/v2\/types\/product"}],"wp:featuredmedia":[{"embeddable":true,"href":"https:\/\/galicianparts.com\/shop\/wp-json\/wp\/v2\/media\/79173"}],"wp:attachment":[{"href":"https:\/\/galicianparts.com\/shop\/wp-json\/wp\/v2\/media?parent=79171"}],"wp:term":[{"taxonomy":"product_cat","embeddable":true,"href":"https:\/\/galicianparts.com\/shop\/wp-json\/wp\/v2\/product_cat?post=79171"},{"taxonomy":"product_tag","embeddable":true,"href":"https:\/\/galicianparts.com\/shop\/wp-json\/wp\/v2\/product_tag?post=79171"}],"curies":[{"name":"wp","href":"https:\/\/api.w.org\/{rel}","templated":true}]}}